{"id":5431,"date":"2026-02-19T09:52:06","date_gmt":"2026-02-19T13:52:06","guid":{"rendered":"https:\/\/purecosmetics-shop.com\/accueil\/?post_type=product&#038;p=5431"},"modified":"2026-04-15T18:02:50","modified_gmt":"2026-04-15T22:02:50","slug":"ear-therapy-acupressure-patch","status":"publish","type":"product","link":"https:\/\/purecosmetics-shop.com\/accueil\/produit\/ear-therapy-acupressure-patch\/","title":{"rendered":"EAR THERAPY ACUPRESSURE PATCH"},"content":{"rendered":"<p>Mode d&#8217;emploi:<\/p>\n<ol>\n<li>Nettoyez la zone d&rsquo;application et assurez-vous qu&rsquo;elle soit parfaitement s\u00e8che.<\/li>\n<li>D\u00e9collez le patch et appliquez-le d\u00e9licatement sur votre oreille (sur le point souhait\u00e9).<\/li>\n<li>Laissez-le en place jusqu&rsquo;\u00e0 48 heures, puis retirez-le lentement et d\u00e9licatement.<\/li>\n<\/ol>\n","protected":false},"excerpt":{"rendered":"<p>Acupression auriculaire pour le remodelage du visage, con\u00e7ue pour stimuler des points cl\u00e9s de l\u2019oreille, favorisant le drainage lymphatique et la relaxation des muscles du visage.<\/p>\n<p>Se fixe simplement aux points d\u2019acupuncture d\u00e9sign\u00e9s sur l\u2019oreille ; aucun per\u00e7age n\u2019est n\u00e9cessaire.<\/p>\n<p>Approuv\u00e9 par les c\u00e9l\u00e9brit\u00e9s\u00a0: Pl\u00e9biscit\u00e9 par les idoles de K-pop pour son efficacit\u00e9 \u00e0 r\u00e9duire les poches sous les yeux et \u00e0 redessiner l\u2019ovale du visage.<\/p>\n<p>Compacte et discr\u00e8te, elle s\u2019utilise \u00e0 la maison, au travail ou en voyage.<\/p>\n","protected":false},"featured_media":5442,"comment_status":"open","ping_status":"closed","template":"","meta":[],"product_brand":[228],"product_cat":[137,192],"product_tag":[],"class_list":{"0":"post-5431","1":"product","2":"type-product","3":"status-publish","4":"has-post-thumbnail","6":"product_brand-returnity","7":"product_cat-bodycare","8":"product_cat-traitement-localise","10":"first","11":"instock","12":"shipping-taxable","13":"purchasable","14":"product-type-simple"},"yoast_head":"<!-- This site is optimized with the Yoast SEO plugin v27.4 - https:\/\/yoast.com\/product\/yoast-seo-wordpress\/ -->\n<title>EAR THERAPY ACUPRESSURE PATCH - Pure Cosmetics<\/title>\n<meta name=\"robots\" content=\"index, follow, max-snippet:-1, max-image-preview:large, max-video-preview:-1\" \/>\n<link rel=\"canonical\" href=\"https:\/\/purecosmetics-shop.com\/accueil\/produit\/ear-therapy-acupressure-patch\/\" \/>\n<meta property=\"og:locale\" content=\"fr_FR\" \/>\n<meta property=\"og:type\" content=\"article\" \/>\n<meta property=\"og:title\" content=\"EAR THERAPY ACUPRESSURE PATCH - Pure Cosmetics\" \/>\n<meta property=\"og:description\" content=\"Acupression auriculaire pour le remodelage du visage, con\u00e7ue pour stimuler des points cl\u00e9s de l\u2019oreille, favorisant le drainage lymphatique et la relaxation des muscles du visage.  Se fixe simplement aux points d\u2019acupuncture d\u00e9sign\u00e9s sur l\u2019oreille ; aucun per\u00e7age n\u2019est n\u00e9cessaire.  Approuv\u00e9 par les c\u00e9l\u00e9brit\u00e9s\u00a0: Pl\u00e9biscit\u00e9 par les idoles de K-pop pour son efficacit\u00e9 \u00e0 r\u00e9duire les poches sous les yeux et \u00e0 redessiner l\u2019ovale du visage.  Compacte et discr\u00e8te, elle s\u2019utilise \u00e0 la maison, au travail ou en voyage.\" \/>\n<meta property=\"og:url\" content=\"https:\/\/purecosmetics-shop.com\/accueil\/produit\/ear-therapy-acupressure-patch\/\" \/>\n<meta property=\"og:site_name\" content=\"Pure Cosmetics\" \/>\n<meta property=\"article:modified_time\" content=\"2026-04-15T22:02:50+00:00\" \/>\n<meta property=\"og:image\" content=\"https:\/\/purecosmetics-shop.com\/wp-content\/uploads\/2026\/02\/RETURNITY_EAR_THERAPY_ACUPRESSURE_PATCH.webp\" \/>\n\t<meta property=\"og:image:width\" content=\"1080\" \/>\n\t<meta property=\"og:image:height\" content=\"1080\" \/>\n\t<meta property=\"og:image:type\" content=\"image\/webp\" \/>\n<meta name=\"twitter:card\" content=\"summary_large_image\" \/>\n<meta name=\"twitter:label1\" content=\"Dur\u00e9e de lecture estim\u00e9e\" \/>\n\t<meta name=\"twitter:data1\" content=\"1 minute\" \/>\n<script type=\"application\/ld+json\" class=\"yoast-schema-graph\">{\"@context\":\"https:\\\/\\\/schema.org\",\"@graph\":[{\"@type\":\"WebPage\",\"@id\":\"https:\\\/\\\/purecosmetics-shop.com\\\/accueil\\\/produit\\\/ear-therapy-acupressure-patch\\\/\",\"url\":\"https:\\\/\\\/purecosmetics-shop.com\\\/accueil\\\/produit\\\/ear-therapy-acupressure-patch\\\/\",\"name\":\"EAR THERAPY ACUPRESSURE PATCH - Pure Cosmetics\",\"isPartOf\":{\"@id\":\"https:\\\/\\\/purecosmetics-shop.com\\\/accueil\\\/#website\"},\"primaryImageOfPage\":{\"@id\":\"https:\\\/\\\/purecosmetics-shop.com\\\/accueil\\\/produit\\\/ear-therapy-acupressure-patch\\\/#primaryimage\"},\"image\":{\"@id\":\"https:\\\/\\\/purecosmetics-shop.com\\\/accueil\\\/produit\\\/ear-therapy-acupressure-patch\\\/#primaryimage\"},\"thumbnailUrl\":\"https:\\\/\\\/purecosmetics-shop.com\\\/wp-content\\\/uploads\\\/2026\\\/02\\\/RETURNITY_EAR_THERAPY_ACUPRESSURE_PATCH.webp\",\"datePublished\":\"2026-02-19T13:52:06+00:00\",\"dateModified\":\"2026-04-15T22:02:50+00:00\",\"breadcrumb\":{\"@id\":\"https:\\\/\\\/purecosmetics-shop.com\\\/accueil\\\/produit\\\/ear-therapy-acupressure-patch\\\/#breadcrumb\"},\"inLanguage\":\"fr-FR\",\"potentialAction\":[{\"@type\":\"ReadAction\",\"target\":[\"https:\\\/\\\/purecosmetics-shop.com\\\/accueil\\\/produit\\\/ear-therapy-acupressure-patch\\\/\"]}]},{\"@type\":\"ImageObject\",\"inLanguage\":\"fr-FR\",\"@id\":\"https:\\\/\\\/purecosmetics-shop.com\\\/accueil\\\/produit\\\/ear-therapy-acupressure-patch\\\/#primaryimage\",\"url\":\"https:\\\/\\\/purecosmetics-shop.com\\\/wp-content\\\/uploads\\\/2026\\\/02\\\/RETURNITY_EAR_THERAPY_ACUPRESSURE_PATCH.webp\",\"contentUrl\":\"https:\\\/\\\/purecosmetics-shop.com\\\/wp-content\\\/uploads\\\/2026\\\/02\\\/RETURNITY_EAR_THERAPY_ACUPRESSURE_PATCH.webp\",\"width\":1080,\"height\":1080,\"caption\":\"RETURNITY EAR THERAPY ACUPRESSURE PATCH\"},{\"@type\":\"BreadcrumbList\",\"@id\":\"https:\\\/\\\/purecosmetics-shop.com\\\/accueil\\\/produit\\\/ear-therapy-acupressure-patch\\\/#breadcrumb\",\"itemListElement\":[{\"@type\":\"ListItem\",\"position\":1,\"name\":\"Accueil\",\"item\":\"https:\\\/\\\/purecosmetics-shop.com\\\/accueil\\\/\"},{\"@type\":\"ListItem\",\"position\":2,\"name\":\"NOUVEAUT\u00c9S\",\"item\":\"https:\\\/\\\/purecosmetics-shop.com\\\/accueil\\\/nouveautes\\\/\"},{\"@type\":\"ListItem\",\"position\":3,\"name\":\"EAR THERAPY ACUPRESSURE PATCH\"}]},{\"@type\":\"WebSite\",\"@id\":\"https:\\\/\\\/purecosmetics-shop.com\\\/accueil\\\/#website\",\"url\":\"https:\\\/\\\/purecosmetics-shop.com\\\/accueil\\\/\",\"name\":\"Pure Cosmetics\",\"description\":\"Skincare cor\u00e9enne et japonais\",\"publisher\":{\"@id\":\"https:\\\/\\\/purecosmetics-shop.com\\\/accueil\\\/#organization\"},\"potentialAction\":[{\"@type\":\"SearchAction\",\"target\":{\"@type\":\"EntryPoint\",\"urlTemplate\":\"https:\\\/\\\/purecosmetics-shop.com\\\/accueil\\\/?s={search_term_string}\"},\"query-input\":{\"@type\":\"PropertyValueSpecification\",\"valueRequired\":true,\"valueName\":\"search_term_string\"}}],\"inLanguage\":\"fr-FR\"},{\"@type\":\"Organization\",\"@id\":\"https:\\\/\\\/purecosmetics-shop.com\\\/accueil\\\/#organization\",\"name\":\"Pure Cosmetics\",\"url\":\"https:\\\/\\\/purecosmetics-shop.com\\\/accueil\\\/\",\"logo\":{\"@type\":\"ImageObject\",\"inLanguage\":\"fr-FR\",\"@id\":\"https:\\\/\\\/purecosmetics-shop.com\\\/accueil\\\/#\\\/schema\\\/logo\\\/image\\\/\",\"url\":\"https:\\\/\\\/purecosmetics-shop.com\\\/wp-content\\\/uploads\\\/2025\\\/04\\\/cropped-Pure-Cosmetics-black-2.png\",\"contentUrl\":\"https:\\\/\\\/purecosmetics-shop.com\\\/wp-content\\\/uploads\\\/2025\\\/04\\\/cropped-Pure-Cosmetics-black-2.png\",\"width\":2362,\"height\":2324,\"caption\":\"Pure Cosmetics\"},\"image\":{\"@id\":\"https:\\\/\\\/purecosmetics-shop.com\\\/accueil\\\/#\\\/schema\\\/logo\\\/image\\\/\"}}]}<\/script>\n<!-- \/ Yoast SEO plugin. -->","yoast_head_json":{"title":"EAR THERAPY ACUPRESSURE PATCH - Pure Cosmetics","robots":{"index":"index","follow":"follow","max-snippet":"max-snippet:-1","max-image-preview":"max-image-preview:large","max-video-preview":"max-video-preview:-1"},"canonical":"https:\/\/purecosmetics-shop.com\/accueil\/produit\/ear-therapy-acupressure-patch\/","og_locale":"fr_FR","og_type":"article","og_title":"EAR THERAPY ACUPRESSURE PATCH - Pure Cosmetics","og_description":"Acupression auriculaire pour le remodelage du visage, con\u00e7ue pour stimuler des points cl\u00e9s de l\u2019oreille, favorisant le drainage lymphatique et la relaxation des muscles du visage.  Se fixe simplement aux points d\u2019acupuncture d\u00e9sign\u00e9s sur l\u2019oreille ; aucun per\u00e7age n\u2019est n\u00e9cessaire.  Approuv\u00e9 par les c\u00e9l\u00e9brit\u00e9s\u00a0: Pl\u00e9biscit\u00e9 par les idoles de K-pop pour son efficacit\u00e9 \u00e0 r\u00e9duire les poches sous les yeux et \u00e0 redessiner l\u2019ovale du visage.  Compacte et discr\u00e8te, elle s\u2019utilise \u00e0 la maison, au travail ou en voyage.","og_url":"https:\/\/purecosmetics-shop.com\/accueil\/produit\/ear-therapy-acupressure-patch\/","og_site_name":"Pure Cosmetics","article_modified_time":"2026-04-15T22:02:50+00:00","og_image":[{"width":1080,"height":1080,"url":"https:\/\/purecosmetics-shop.com\/wp-content\/uploads\/2026\/02\/RETURNITY_EAR_THERAPY_ACUPRESSURE_PATCH.webp","type":"image\/webp"}],"twitter_card":"summary_large_image","twitter_misc":{"Dur\u00e9e de lecture estim\u00e9e":"1 minute"},"schema":{"@context":"https:\/\/schema.org","@graph":[{"@type":"WebPage","@id":"https:\/\/purecosmetics-shop.com\/accueil\/produit\/ear-therapy-acupressure-patch\/","url":"https:\/\/purecosmetics-shop.com\/accueil\/produit\/ear-therapy-acupressure-patch\/","name":"EAR THERAPY ACUPRESSURE PATCH - Pure Cosmetics","isPartOf":{"@id":"https:\/\/purecosmetics-shop.com\/accueil\/#website"},"primaryImageOfPage":{"@id":"https:\/\/purecosmetics-shop.com\/accueil\/produit\/ear-therapy-acupressure-patch\/#primaryimage"},"image":{"@id":"https:\/\/purecosmetics-shop.com\/accueil\/produit\/ear-therapy-acupressure-patch\/#primaryimage"},"thumbnailUrl":"https:\/\/purecosmetics-shop.com\/wp-content\/uploads\/2026\/02\/RETURNITY_EAR_THERAPY_ACUPRESSURE_PATCH.webp","datePublished":"2026-02-19T13:52:06+00:00","dateModified":"2026-04-15T22:02:50+00:00","breadcrumb":{"@id":"https:\/\/purecosmetics-shop.com\/accueil\/produit\/ear-therapy-acupressure-patch\/#breadcrumb"},"inLanguage":"fr-FR","potentialAction":[{"@type":"ReadAction","target":["https:\/\/purecosmetics-shop.com\/accueil\/produit\/ear-therapy-acupressure-patch\/"]}]},{"@type":"ImageObject","inLanguage":"fr-FR","@id":"https:\/\/purecosmetics-shop.com\/accueil\/produit\/ear-therapy-acupressure-patch\/#primaryimage","url":"https:\/\/purecosmetics-shop.com\/wp-content\/uploads\/2026\/02\/RETURNITY_EAR_THERAPY_ACUPRESSURE_PATCH.webp","contentUrl":"https:\/\/purecosmetics-shop.com\/wp-content\/uploads\/2026\/02\/RETURNITY_EAR_THERAPY_ACUPRESSURE_PATCH.webp","width":1080,"height":1080,"caption":"RETURNITY EAR THERAPY ACUPRESSURE PATCH"},{"@type":"BreadcrumbList","@id":"https:\/\/purecosmetics-shop.com\/accueil\/produit\/ear-therapy-acupressure-patch\/#breadcrumb","itemListElement":[{"@type":"ListItem","position":1,"name":"Accueil","item":"https:\/\/purecosmetics-shop.com\/accueil\/"},{"@type":"ListItem","position":2,"name":"NOUVEAUT\u00c9S","item":"https:\/\/purecosmetics-shop.com\/accueil\/nouveautes\/"},{"@type":"ListItem","position":3,"name":"EAR THERAPY ACUPRESSURE PATCH"}]},{"@type":"WebSite","@id":"https:\/\/purecosmetics-shop.com\/accueil\/#website","url":"https:\/\/purecosmetics-shop.com\/accueil\/","name":"Pure Cosmetics","description":"Skincare cor\u00e9enne et japonais","publisher":{"@id":"https:\/\/purecosmetics-shop.com\/accueil\/#organization"},"potentialAction":[{"@type":"SearchAction","target":{"@type":"EntryPoint","urlTemplate":"https:\/\/purecosmetics-shop.com\/accueil\/?s={search_term_string}"},"query-input":{"@type":"PropertyValueSpecification","valueRequired":true,"valueName":"search_term_string"}}],"inLanguage":"fr-FR"},{"@type":"Organization","@id":"https:\/\/purecosmetics-shop.com\/accueil\/#organization","name":"Pure Cosmetics","url":"https:\/\/purecosmetics-shop.com\/accueil\/","logo":{"@type":"ImageObject","inLanguage":"fr-FR","@id":"https:\/\/purecosmetics-shop.com\/accueil\/#\/schema\/logo\/image\/","url":"https:\/\/purecosmetics-shop.com\/wp-content\/uploads\/2025\/04\/cropped-Pure-Cosmetics-black-2.png","contentUrl":"https:\/\/purecosmetics-shop.com\/wp-content\/uploads\/2025\/04\/cropped-Pure-Cosmetics-black-2.png","width":2362,"height":2324,"caption":"Pure Cosmetics"},"image":{"@id":"https:\/\/purecosmetics-shop.com\/accueil\/#\/schema\/logo\/image\/"}}]}},"jetpack_sharing_enabled":true,"_links":{"self":[{"href":"https:\/\/purecosmetics-shop.com\/accueil\/wp-json\/wp\/v2\/product\/5431","targetHints":{"allow":["GET"]}}],"collection":[{"href":"https:\/\/purecosmetics-shop.com\/accueil\/wp-json\/wp\/v2\/product"}],"about":[{"href":"https:\/\/purecosmetics-shop.com\/accueil\/wp-json\/wp\/v2\/types\/product"}],"replies":[{"embeddable":true,"href":"https:\/\/purecosmetics-shop.com\/accueil\/wp-json\/wp\/v2\/comments?post=5431"}],"version-history":[{"count":1,"href":"https:\/\/purecosmetics-shop.com\/accueil\/wp-json\/wp\/v2\/product\/5431\/revisions"}],"predecessor-version":[{"id":5443,"href":"https:\/\/purecosmetics-shop.com\/accueil\/wp-json\/wp\/v2\/product\/5431\/revisions\/5443"}],"wp:featuredmedia":[{"embeddable":true,"href":"https:\/\/purecosmetics-shop.com\/accueil\/wp-json\/wp\/v2\/media\/5442"}],"wp:attachment":[{"href":"https:\/\/purecosmetics-shop.com\/accueil\/wp-json\/wp\/v2\/media?parent=5431"}],"wp:term":[{"taxonomy":"product_brand","embeddable":true,"href":"https:\/\/purecosmetics-shop.com\/accueil\/wp-json\/wp\/v2\/product_brand?post=5431"},{"taxonomy":"product_cat","embeddable":true,"href":"https:\/\/purecosmetics-shop.com\/accueil\/wp-json\/wp\/v2\/product_cat?post=5431"},{"taxonomy":"product_tag","embeddable":true,"href":"https:\/\/purecosmetics-shop.com\/accueil\/wp-json\/wp\/v2\/product_tag?post=5431"}],"curies":[{"name":"wp","href":"https:\/\/api.w.org\/{rel}","templated":true}]}}