{"id":5390,"date":"2026-02-19T09:51:58","date_gmt":"2026-02-19T13:51:58","guid":{"rendered":"https:\/\/purecosmetics-shop.com\/accueil\/?post_type=product&#038;p=5390"},"modified":"2026-04-15T18:16:36","modified_gmt":"2026-04-15T22:16:36","slug":"30-seconds-quick-bubble-mask-lift","status":"publish","type":"product","link":"https:\/\/purecosmetics-shop.com\/accueil\/produit\/30-seconds-quick-bubble-mask-lift\/","title":{"rendered":"30 Seconds Quick Bubble Mask LIFT"},"content":{"rendered":"<p>Mode d&#8217;emploi:<\/p>\n<ol>\n<li>D\u00e9posez une dose sur le bout des doigts. (Commencer par une petite quantit\u00e9 \u00e9vite l&rsquo;effet collant et favorise une meilleure absorption.)<\/li>\n<li>Appliquez uniform\u00e9ment et massez d\u00e9licatement pendant 30 secondes jusqu&rsquo;\u00e0 absorption compl\u00e8te des bulles.<\/li>\n<li>Appliquez plusieurs couches si n\u00e9cessaire pour une hydratation renforc\u00e9e.<\/li>\n<li>Ne laissez pas les bulles sur la peau.<\/li>\n<\/ol>\n<p>Inutile de rincer.<\/p>\n","protected":false},"excerpt":{"rendered":"<p>Con\u00e7ue pour diffuser une essence hautement concentr\u00e9e plus rapidement et plus profond\u00e9ment dans la peau.<\/p>\n<p>Des \u00e9tudes montrent que cette formule \u00e0 base de mousse offre une absorption jusqu&rsquo;\u00e0 11 fois sup\u00e9rieure \u00e0 celle des \u00e9mulsions traditionnelles.<\/p>\n<p>Le collag\u00e8ne d&rsquo;hibiscus v\u00e9g\u00e9talien \u00e0 tr\u00e8s bas poids mol\u00e9culaire am\u00e9liore l&rsquo;\u00e9lasticit\u00e9 de la peau, resserre visiblement les pores et lisse les rides.<\/p>\n<p>La mad\u00e9cassoside renforce la barri\u00e8re cutan\u00e9e et affine le grain de peau. La niacinamide unifie le teint et ravive l&rsquo;\u00e9clat naturel.<\/p>\n","protected":false},"featured_media":5399,"comment_status":"open","ping_status":"closed","template":"","meta":[],"product_brand":[226],"product_cat":[107,112,23,116,117,118],"product_tag":[],"class_list":{"0":"post-5390","1":"product","2":"type-product","3":"status-publish","4":"has-post-thumbnail","6":"product_brand-menokin","7":"product_cat-anti-age-et-elasticite","8":"product_cat-hydratation","9":"product_cat-masque","10":"product_cat-peau-mixte","11":"product_cat-peau-normale","12":"product_cat-peau-seche","14":"first","15":"instock","16":"shipping-taxable","17":"purchasable","18":"product-type-simple"},"yoast_head":"<!-- This site is optimized with the Yoast SEO plugin v27.4 - https:\/\/yoast.com\/product\/yoast-seo-wordpress\/ -->\n<title>30 Seconds Quick Bubble Mask LIFT - Pure Cosmetics<\/title>\n<meta name=\"robots\" content=\"index, follow, max-snippet:-1, max-image-preview:large, max-video-preview:-1\" \/>\n<link rel=\"canonical\" href=\"https:\/\/purecosmetics-shop.com\/accueil\/produit\/30-seconds-quick-bubble-mask-lift\/\" \/>\n<meta property=\"og:locale\" content=\"fr_FR\" \/>\n<meta property=\"og:type\" content=\"article\" \/>\n<meta property=\"og:title\" content=\"30 Seconds Quick Bubble Mask LIFT - Pure Cosmetics\" \/>\n<meta property=\"og:description\" content=\"Con\u00e7ue pour diffuser une essence hautement concentr\u00e9e plus rapidement et plus profond\u00e9ment dans la peau.  Des \u00e9tudes montrent que cette formule \u00e0 base de mousse offre une absorption jusqu&#039;\u00e0 11 fois sup\u00e9rieure \u00e0 celle des \u00e9mulsions traditionnelles.  Le collag\u00e8ne d&#039;hibiscus v\u00e9g\u00e9talien \u00e0 tr\u00e8s bas poids mol\u00e9culaire am\u00e9liore l&#039;\u00e9lasticit\u00e9 de la peau, resserre visiblement les pores et lisse les rides.  La mad\u00e9cassoside renforce la barri\u00e8re cutan\u00e9e et affine le grain de peau. La niacinamide unifie le teint et ravive l&#039;\u00e9clat naturel.\" \/>\n<meta property=\"og:url\" content=\"https:\/\/purecosmetics-shop.com\/accueil\/produit\/30-seconds-quick-bubble-mask-lift\/\" \/>\n<meta property=\"og:site_name\" content=\"Pure Cosmetics\" \/>\n<meta property=\"article:modified_time\" content=\"2026-04-15T22:16:36+00:00\" \/>\n<meta property=\"og:image\" content=\"https:\/\/purecosmetics-shop.com\/wp-content\/uploads\/2026\/02\/MENOKIN_30_Seconds_Quick_Bubble_Mask_LIFT.png\" \/>\n\t<meta property=\"og:image:width\" content=\"1000\" \/>\n\t<meta property=\"og:image:height\" content=\"1000\" \/>\n\t<meta property=\"og:image:type\" content=\"image\/png\" \/>\n<meta name=\"twitter:card\" content=\"summary_large_image\" \/>\n<meta name=\"twitter:label1\" content=\"Dur\u00e9e de lecture estim\u00e9e\" \/>\n\t<meta name=\"twitter:data1\" content=\"1 minute\" \/>\n<script type=\"application\/ld+json\" class=\"yoast-schema-graph\">{\"@context\":\"https:\\\/\\\/schema.org\",\"@graph\":[{\"@type\":\"WebPage\",\"@id\":\"https:\\\/\\\/purecosmetics-shop.com\\\/accueil\\\/produit\\\/30-seconds-quick-bubble-mask-lift\\\/\",\"url\":\"https:\\\/\\\/purecosmetics-shop.com\\\/accueil\\\/produit\\\/30-seconds-quick-bubble-mask-lift\\\/\",\"name\":\"30 Seconds Quick Bubble Mask LIFT - Pure Cosmetics\",\"isPartOf\":{\"@id\":\"https:\\\/\\\/purecosmetics-shop.com\\\/accueil\\\/#website\"},\"primaryImageOfPage\":{\"@id\":\"https:\\\/\\\/purecosmetics-shop.com\\\/accueil\\\/produit\\\/30-seconds-quick-bubble-mask-lift\\\/#primaryimage\"},\"image\":{\"@id\":\"https:\\\/\\\/purecosmetics-shop.com\\\/accueil\\\/produit\\\/30-seconds-quick-bubble-mask-lift\\\/#primaryimage\"},\"thumbnailUrl\":\"https:\\\/\\\/purecosmetics-shop.com\\\/wp-content\\\/uploads\\\/2026\\\/02\\\/MENOKIN_30_Seconds_Quick_Bubble_Mask_LIFT.png\",\"datePublished\":\"2026-02-19T13:51:58+00:00\",\"dateModified\":\"2026-04-15T22:16:36+00:00\",\"breadcrumb\":{\"@id\":\"https:\\\/\\\/purecosmetics-shop.com\\\/accueil\\\/produit\\\/30-seconds-quick-bubble-mask-lift\\\/#breadcrumb\"},\"inLanguage\":\"fr-FR\",\"potentialAction\":[{\"@type\":\"ReadAction\",\"target\":[\"https:\\\/\\\/purecosmetics-shop.com\\\/accueil\\\/produit\\\/30-seconds-quick-bubble-mask-lift\\\/\"]}]},{\"@type\":\"ImageObject\",\"inLanguage\":\"fr-FR\",\"@id\":\"https:\\\/\\\/purecosmetics-shop.com\\\/accueil\\\/produit\\\/30-seconds-quick-bubble-mask-lift\\\/#primaryimage\",\"url\":\"https:\\\/\\\/purecosmetics-shop.com\\\/wp-content\\\/uploads\\\/2026\\\/02\\\/MENOKIN_30_Seconds_Quick_Bubble_Mask_LIFT.png\",\"contentUrl\":\"https:\\\/\\\/purecosmetics-shop.com\\\/wp-content\\\/uploads\\\/2026\\\/02\\\/MENOKIN_30_Seconds_Quick_Bubble_Mask_LIFT.png\",\"width\":1000,\"height\":1000,\"caption\":\"MENOKIN 30 Seconds Quick Bubble Mask LIFT\"},{\"@type\":\"BreadcrumbList\",\"@id\":\"https:\\\/\\\/purecosmetics-shop.com\\\/accueil\\\/produit\\\/30-seconds-quick-bubble-mask-lift\\\/#breadcrumb\",\"itemListElement\":[{\"@type\":\"ListItem\",\"position\":1,\"name\":\"Accueil\",\"item\":\"https:\\\/\\\/purecosmetics-shop.com\\\/accueil\\\/\"},{\"@type\":\"ListItem\",\"position\":2,\"name\":\"NOUVEAUT\u00c9S\",\"item\":\"https:\\\/\\\/purecosmetics-shop.com\\\/accueil\\\/nouveautes\\\/\"},{\"@type\":\"ListItem\",\"position\":3,\"name\":\"30 Seconds Quick Bubble Mask LIFT\"}]},{\"@type\":\"WebSite\",\"@id\":\"https:\\\/\\\/purecosmetics-shop.com\\\/accueil\\\/#website\",\"url\":\"https:\\\/\\\/purecosmetics-shop.com\\\/accueil\\\/\",\"name\":\"Pure Cosmetics\",\"description\":\"Skincare cor\u00e9enne et japonais\",\"publisher\":{\"@id\":\"https:\\\/\\\/purecosmetics-shop.com\\\/accueil\\\/#organization\"},\"potentialAction\":[{\"@type\":\"SearchAction\",\"target\":{\"@type\":\"EntryPoint\",\"urlTemplate\":\"https:\\\/\\\/purecosmetics-shop.com\\\/accueil\\\/?s={search_term_string}\"},\"query-input\":{\"@type\":\"PropertyValueSpecification\",\"valueRequired\":true,\"valueName\":\"search_term_string\"}}],\"inLanguage\":\"fr-FR\"},{\"@type\":\"Organization\",\"@id\":\"https:\\\/\\\/purecosmetics-shop.com\\\/accueil\\\/#organization\",\"name\":\"Pure Cosmetics\",\"url\":\"https:\\\/\\\/purecosmetics-shop.com\\\/accueil\\\/\",\"logo\":{\"@type\":\"ImageObject\",\"inLanguage\":\"fr-FR\",\"@id\":\"https:\\\/\\\/purecosmetics-shop.com\\\/accueil\\\/#\\\/schema\\\/logo\\\/image\\\/\",\"url\":\"https:\\\/\\\/purecosmetics-shop.com\\\/wp-content\\\/uploads\\\/2025\\\/04\\\/cropped-Pure-Cosmetics-black-2.png\",\"contentUrl\":\"https:\\\/\\\/purecosmetics-shop.com\\\/wp-content\\\/uploads\\\/2025\\\/04\\\/cropped-Pure-Cosmetics-black-2.png\",\"width\":2362,\"height\":2324,\"caption\":\"Pure Cosmetics\"},\"image\":{\"@id\":\"https:\\\/\\\/purecosmetics-shop.com\\\/accueil\\\/#\\\/schema\\\/logo\\\/image\\\/\"}}]}<\/script>\n<!-- \/ Yoast SEO plugin. -->","yoast_head_json":{"title":"30 Seconds Quick Bubble Mask LIFT - Pure Cosmetics","robots":{"index":"index","follow":"follow","max-snippet":"max-snippet:-1","max-image-preview":"max-image-preview:large","max-video-preview":"max-video-preview:-1"},"canonical":"https:\/\/purecosmetics-shop.com\/accueil\/produit\/30-seconds-quick-bubble-mask-lift\/","og_locale":"fr_FR","og_type":"article","og_title":"30 Seconds Quick Bubble Mask LIFT - Pure Cosmetics","og_description":"Con\u00e7ue pour diffuser une essence hautement concentr\u00e9e plus rapidement et plus profond\u00e9ment dans la peau.  Des \u00e9tudes montrent que cette formule \u00e0 base de mousse offre une absorption jusqu'\u00e0 11 fois sup\u00e9rieure \u00e0 celle des \u00e9mulsions traditionnelles.  Le collag\u00e8ne d'hibiscus v\u00e9g\u00e9talien \u00e0 tr\u00e8s bas poids mol\u00e9culaire am\u00e9liore l'\u00e9lasticit\u00e9 de la peau, resserre visiblement les pores et lisse les rides.  La mad\u00e9cassoside renforce la barri\u00e8re cutan\u00e9e et affine le grain de peau. La niacinamide unifie le teint et ravive l'\u00e9clat naturel.","og_url":"https:\/\/purecosmetics-shop.com\/accueil\/produit\/30-seconds-quick-bubble-mask-lift\/","og_site_name":"Pure Cosmetics","article_modified_time":"2026-04-15T22:16:36+00:00","og_image":[{"width":1000,"height":1000,"url":"https:\/\/purecosmetics-shop.com\/wp-content\/uploads\/2026\/02\/MENOKIN_30_Seconds_Quick_Bubble_Mask_LIFT.png","type":"image\/png"}],"twitter_card":"summary_large_image","twitter_misc":{"Dur\u00e9e de lecture estim\u00e9e":"1 minute"},"schema":{"@context":"https:\/\/schema.org","@graph":[{"@type":"WebPage","@id":"https:\/\/purecosmetics-shop.com\/accueil\/produit\/30-seconds-quick-bubble-mask-lift\/","url":"https:\/\/purecosmetics-shop.com\/accueil\/produit\/30-seconds-quick-bubble-mask-lift\/","name":"30 Seconds Quick Bubble Mask LIFT - Pure Cosmetics","isPartOf":{"@id":"https:\/\/purecosmetics-shop.com\/accueil\/#website"},"primaryImageOfPage":{"@id":"https:\/\/purecosmetics-shop.com\/accueil\/produit\/30-seconds-quick-bubble-mask-lift\/#primaryimage"},"image":{"@id":"https:\/\/purecosmetics-shop.com\/accueil\/produit\/30-seconds-quick-bubble-mask-lift\/#primaryimage"},"thumbnailUrl":"https:\/\/purecosmetics-shop.com\/wp-content\/uploads\/2026\/02\/MENOKIN_30_Seconds_Quick_Bubble_Mask_LIFT.png","datePublished":"2026-02-19T13:51:58+00:00","dateModified":"2026-04-15T22:16:36+00:00","breadcrumb":{"@id":"https:\/\/purecosmetics-shop.com\/accueil\/produit\/30-seconds-quick-bubble-mask-lift\/#breadcrumb"},"inLanguage":"fr-FR","potentialAction":[{"@type":"ReadAction","target":["https:\/\/purecosmetics-shop.com\/accueil\/produit\/30-seconds-quick-bubble-mask-lift\/"]}]},{"@type":"ImageObject","inLanguage":"fr-FR","@id":"https:\/\/purecosmetics-shop.com\/accueil\/produit\/30-seconds-quick-bubble-mask-lift\/#primaryimage","url":"https:\/\/purecosmetics-shop.com\/wp-content\/uploads\/2026\/02\/MENOKIN_30_Seconds_Quick_Bubble_Mask_LIFT.png","contentUrl":"https:\/\/purecosmetics-shop.com\/wp-content\/uploads\/2026\/02\/MENOKIN_30_Seconds_Quick_Bubble_Mask_LIFT.png","width":1000,"height":1000,"caption":"MENOKIN 30 Seconds Quick Bubble Mask LIFT"},{"@type":"BreadcrumbList","@id":"https:\/\/purecosmetics-shop.com\/accueil\/produit\/30-seconds-quick-bubble-mask-lift\/#breadcrumb","itemListElement":[{"@type":"ListItem","position":1,"name":"Accueil","item":"https:\/\/purecosmetics-shop.com\/accueil\/"},{"@type":"ListItem","position":2,"name":"NOUVEAUT\u00c9S","item":"https:\/\/purecosmetics-shop.com\/accueil\/nouveautes\/"},{"@type":"ListItem","position":3,"name":"30 Seconds Quick Bubble Mask LIFT"}]},{"@type":"WebSite","@id":"https:\/\/purecosmetics-shop.com\/accueil\/#website","url":"https:\/\/purecosmetics-shop.com\/accueil\/","name":"Pure Cosmetics","description":"Skincare cor\u00e9enne et japonais","publisher":{"@id":"https:\/\/purecosmetics-shop.com\/accueil\/#organization"},"potentialAction":[{"@type":"SearchAction","target":{"@type":"EntryPoint","urlTemplate":"https:\/\/purecosmetics-shop.com\/accueil\/?s={search_term_string}"},"query-input":{"@type":"PropertyValueSpecification","valueRequired":true,"valueName":"search_term_string"}}],"inLanguage":"fr-FR"},{"@type":"Organization","@id":"https:\/\/purecosmetics-shop.com\/accueil\/#organization","name":"Pure Cosmetics","url":"https:\/\/purecosmetics-shop.com\/accueil\/","logo":{"@type":"ImageObject","inLanguage":"fr-FR","@id":"https:\/\/purecosmetics-shop.com\/accueil\/#\/schema\/logo\/image\/","url":"https:\/\/purecosmetics-shop.com\/wp-content\/uploads\/2025\/04\/cropped-Pure-Cosmetics-black-2.png","contentUrl":"https:\/\/purecosmetics-shop.com\/wp-content\/uploads\/2025\/04\/cropped-Pure-Cosmetics-black-2.png","width":2362,"height":2324,"caption":"Pure Cosmetics"},"image":{"@id":"https:\/\/purecosmetics-shop.com\/accueil\/#\/schema\/logo\/image\/"}}]}},"jetpack_sharing_enabled":true,"_links":{"self":[{"href":"https:\/\/purecosmetics-shop.com\/accueil\/wp-json\/wp\/v2\/product\/5390","targetHints":{"allow":["GET"]}}],"collection":[{"href":"https:\/\/purecosmetics-shop.com\/accueil\/wp-json\/wp\/v2\/product"}],"about":[{"href":"https:\/\/purecosmetics-shop.com\/accueil\/wp-json\/wp\/v2\/types\/product"}],"replies":[{"embeddable":true,"href":"https:\/\/purecosmetics-shop.com\/accueil\/wp-json\/wp\/v2\/comments?post=5390"}],"version-history":[{"count":1,"href":"https:\/\/purecosmetics-shop.com\/accueil\/wp-json\/wp\/v2\/product\/5390\/revisions"}],"predecessor-version":[{"id":5400,"href":"https:\/\/purecosmetics-shop.com\/accueil\/wp-json\/wp\/v2\/product\/5390\/revisions\/5400"}],"wp:featuredmedia":[{"embeddable":true,"href":"https:\/\/purecosmetics-shop.com\/accueil\/wp-json\/wp\/v2\/media\/5399"}],"wp:attachment":[{"href":"https:\/\/purecosmetics-shop.com\/accueil\/wp-json\/wp\/v2\/media?parent=5390"}],"wp:term":[{"taxonomy":"product_brand","embeddable":true,"href":"https:\/\/purecosmetics-shop.com\/accueil\/wp-json\/wp\/v2\/product_brand?post=5390"},{"taxonomy":"product_cat","embeddable":true,"href":"https:\/\/purecosmetics-shop.com\/accueil\/wp-json\/wp\/v2\/product_cat?post=5390"},{"taxonomy":"product_tag","embeddable":true,"href":"https:\/\/purecosmetics-shop.com\/accueil\/wp-json\/wp\/v2\/product_tag?post=5390"}],"curies":[{"name":"wp","href":"https:\/\/api.w.org\/{rel}","templated":true}]}}