{"id":5275,"date":"2026-02-13T10:29:41","date_gmt":"2026-02-13T14:29:41","guid":{"rendered":"https:\/\/purecosmetics-shop.com\/accueil\/?post_type=product&#038;p=5275"},"modified":"2026-04-15T23:06:19","modified_gmt":"2026-04-16T03:06:19","slug":"pore-perfecting-collagen-peptide-cream","status":"publish","type":"product","link":"https:\/\/purecosmetics-shop.com\/accueil\/produit\/pore-perfecting-collagen-peptide-cream\/","title":{"rendered":"PORE PERFECTING COLLAGEN PEPTIDE CREAM"},"content":{"rendered":"<p>Mode d&#8217;emploi :<\/p>\n<ol>\n<li>Apr\u00e8s avoir nettoy\u00e9 ou tonifi\u00e9 votre peau, appliquez une quantit\u00e9 suffisante sur le visage.<\/li>\n<li>Massez d\u00e9licatement jusqu&rsquo;\u00e0 absorption compl\u00e8te.<\/li>\n<\/ol>\n<p>&nbsp;<\/p>\n<p>Conseil de pro\u00a0: Utilisez-le quotidiennement, matin et soir, pour un r\u00e9sultat optimal.<\/p>\n","protected":false},"excerpt":{"rendered":"<p>Cr\u00e8me au collag\u00e8ne qui aide \u00e0 maintenir la force du collag\u00e8ne gr\u00e2ce \u00e0 des antioxydants, pour une hydratation longue dur\u00e9e.<\/p>\n<p>Formul\u00e9 \u00e0 base de 10 peptides soigneusement s\u00e9lectionn\u00e9s, d&rsquo;une eau de collag\u00e8ne \u00e0 tr\u00e8s faible poids mol\u00e9culaire, ce soin p\u00e9n\u00e8tre en profondeur pour stimuler la production de collag\u00e8ne pour une peau visiblement plus ferme, des pores resserr\u00e9s et un teint unifi\u00e9, plus \u00e9clatante.<\/p>\n","protected":false},"featured_media":5286,"comment_status":"open","ping_status":"closed","template":"","meta":[],"product_brand":[160],"product_cat":[107,108,25,112,114,117,119],"product_tag":[],"class_list":{"0":"post-5275","1":"product","2":"type-product","3":"status-publish","4":"has-post-thumbnail","6":"product_brand-biodance","7":"product_cat-anti-age-et-elasticite","8":"product_cat-anti-imperfections-et-pores","9":"product_cat-creme-visage","10":"product_cat-hydratation","11":"product_cat-peau-granuleuse","12":"product_cat-peau-normale","13":"product_cat-peau-sensible","15":"first","16":"instock","17":"shipping-taxable","18":"purchasable","19":"product-type-simple"},"yoast_head":"<!-- This site is optimized with the Yoast SEO plugin v27.4 - https:\/\/yoast.com\/product\/yoast-seo-wordpress\/ -->\n<title>PORE PERFECTING COLLAGEN PEPTIDE CREAM - Pure Cosmetics<\/title>\n<meta name=\"robots\" content=\"index, follow, max-snippet:-1, max-image-preview:large, max-video-preview:-1\" \/>\n<link rel=\"canonical\" href=\"https:\/\/purecosmetics-shop.com\/accueil\/produit\/pore-perfecting-collagen-peptide-cream\/\" \/>\n<meta property=\"og:locale\" content=\"fr_FR\" \/>\n<meta property=\"og:type\" content=\"article\" \/>\n<meta property=\"og:title\" content=\"PORE PERFECTING COLLAGEN PEPTIDE CREAM - Pure Cosmetics\" \/>\n<meta property=\"og:description\" content=\"Cr\u00e8me au collag\u00e8ne qui aide \u00e0 maintenir la force du collag\u00e8ne gr\u00e2ce \u00e0 des antioxydants, pour une hydratation longue dur\u00e9e.  Formul\u00e9 \u00e0 base de 10 peptides soigneusement s\u00e9lectionn\u00e9s, d&#039;une eau de collag\u00e8ne \u00e0 tr\u00e8s faible poids mol\u00e9culaire, ce soin p\u00e9n\u00e8tre en profondeur pour stimuler la production de collag\u00e8ne pour une peau visiblement plus ferme, des pores resserr\u00e9s et un teint unifi\u00e9, plus \u00e9clatante.\" \/>\n<meta property=\"og:url\" content=\"https:\/\/purecosmetics-shop.com\/accueil\/produit\/pore-perfecting-collagen-peptide-cream\/\" \/>\n<meta property=\"og:site_name\" content=\"Pure Cosmetics\" \/>\n<meta property=\"article:modified_time\" content=\"2026-04-16T03:06:19+00:00\" \/>\n<meta property=\"og:image\" content=\"https:\/\/purecosmetics-shop.com\/wp-content\/uploads\/2026\/02\/BIODANCE_PORE_PERFECTING_COLLAGEN_PEPTIDE_CREAM.png\" \/>\n\t<meta property=\"og:image:width\" content=\"1280\" \/>\n\t<meta property=\"og:image:height\" content=\"1280\" \/>\n\t<meta property=\"og:image:type\" content=\"image\/png\" \/>\n<meta name=\"twitter:card\" content=\"summary_large_image\" \/>\n<meta name=\"twitter:label1\" content=\"Dur\u00e9e de lecture estim\u00e9e\" \/>\n\t<meta name=\"twitter:data1\" content=\"1 minute\" \/>\n<script type=\"application\/ld+json\" class=\"yoast-schema-graph\">{\"@context\":\"https:\\\/\\\/schema.org\",\"@graph\":[{\"@type\":\"WebPage\",\"@id\":\"https:\\\/\\\/purecosmetics-shop.com\\\/accueil\\\/produit\\\/pore-perfecting-collagen-peptide-cream\\\/\",\"url\":\"https:\\\/\\\/purecosmetics-shop.com\\\/accueil\\\/produit\\\/pore-perfecting-collagen-peptide-cream\\\/\",\"name\":\"PORE PERFECTING COLLAGEN PEPTIDE CREAM - Pure Cosmetics\",\"isPartOf\":{\"@id\":\"https:\\\/\\\/purecosmetics-shop.com\\\/accueil\\\/#website\"},\"primaryImageOfPage\":{\"@id\":\"https:\\\/\\\/purecosmetics-shop.com\\\/accueil\\\/produit\\\/pore-perfecting-collagen-peptide-cream\\\/#primaryimage\"},\"image\":{\"@id\":\"https:\\\/\\\/purecosmetics-shop.com\\\/accueil\\\/produit\\\/pore-perfecting-collagen-peptide-cream\\\/#primaryimage\"},\"thumbnailUrl\":\"https:\\\/\\\/purecosmetics-shop.com\\\/wp-content\\\/uploads\\\/2026\\\/02\\\/BIODANCE_PORE_PERFECTING_COLLAGEN_PEPTIDE_CREAM.png\",\"datePublished\":\"2026-02-13T14:29:41+00:00\",\"dateModified\":\"2026-04-16T03:06:19+00:00\",\"breadcrumb\":{\"@id\":\"https:\\\/\\\/purecosmetics-shop.com\\\/accueil\\\/produit\\\/pore-perfecting-collagen-peptide-cream\\\/#breadcrumb\"},\"inLanguage\":\"fr-FR\",\"potentialAction\":[{\"@type\":\"ReadAction\",\"target\":[\"https:\\\/\\\/purecosmetics-shop.com\\\/accueil\\\/produit\\\/pore-perfecting-collagen-peptide-cream\\\/\"]}]},{\"@type\":\"ImageObject\",\"inLanguage\":\"fr-FR\",\"@id\":\"https:\\\/\\\/purecosmetics-shop.com\\\/accueil\\\/produit\\\/pore-perfecting-collagen-peptide-cream\\\/#primaryimage\",\"url\":\"https:\\\/\\\/purecosmetics-shop.com\\\/wp-content\\\/uploads\\\/2026\\\/02\\\/BIODANCE_PORE_PERFECTING_COLLAGEN_PEPTIDE_CREAM.png\",\"contentUrl\":\"https:\\\/\\\/purecosmetics-shop.com\\\/wp-content\\\/uploads\\\/2026\\\/02\\\/BIODANCE_PORE_PERFECTING_COLLAGEN_PEPTIDE_CREAM.png\",\"width\":1280,\"height\":1280},{\"@type\":\"BreadcrumbList\",\"@id\":\"https:\\\/\\\/purecosmetics-shop.com\\\/accueil\\\/produit\\\/pore-perfecting-collagen-peptide-cream\\\/#breadcrumb\",\"itemListElement\":[{\"@type\":\"ListItem\",\"position\":1,\"name\":\"Accueil\",\"item\":\"https:\\\/\\\/purecosmetics-shop.com\\\/accueil\\\/\"},{\"@type\":\"ListItem\",\"position\":2,\"name\":\"NOUVEAUT\u00c9S\",\"item\":\"https:\\\/\\\/purecosmetics-shop.com\\\/accueil\\\/nouveautes\\\/\"},{\"@type\":\"ListItem\",\"position\":3,\"name\":\"PORE PERFECTING COLLAGEN PEPTIDE CREAM\"}]},{\"@type\":\"WebSite\",\"@id\":\"https:\\\/\\\/purecosmetics-shop.com\\\/accueil\\\/#website\",\"url\":\"https:\\\/\\\/purecosmetics-shop.com\\\/accueil\\\/\",\"name\":\"Pure Cosmetics\",\"description\":\"Skincare cor\u00e9enne et japonais\",\"publisher\":{\"@id\":\"https:\\\/\\\/purecosmetics-shop.com\\\/accueil\\\/#organization\"},\"potentialAction\":[{\"@type\":\"SearchAction\",\"target\":{\"@type\":\"EntryPoint\",\"urlTemplate\":\"https:\\\/\\\/purecosmetics-shop.com\\\/accueil\\\/?s={search_term_string}\"},\"query-input\":{\"@type\":\"PropertyValueSpecification\",\"valueRequired\":true,\"valueName\":\"search_term_string\"}}],\"inLanguage\":\"fr-FR\"},{\"@type\":\"Organization\",\"@id\":\"https:\\\/\\\/purecosmetics-shop.com\\\/accueil\\\/#organization\",\"name\":\"Pure Cosmetics\",\"url\":\"https:\\\/\\\/purecosmetics-shop.com\\\/accueil\\\/\",\"logo\":{\"@type\":\"ImageObject\",\"inLanguage\":\"fr-FR\",\"@id\":\"https:\\\/\\\/purecosmetics-shop.com\\\/accueil\\\/#\\\/schema\\\/logo\\\/image\\\/\",\"url\":\"https:\\\/\\\/purecosmetics-shop.com\\\/wp-content\\\/uploads\\\/2025\\\/04\\\/cropped-Pure-Cosmetics-black-2.png\",\"contentUrl\":\"https:\\\/\\\/purecosmetics-shop.com\\\/wp-content\\\/uploads\\\/2025\\\/04\\\/cropped-Pure-Cosmetics-black-2.png\",\"width\":2362,\"height\":2324,\"caption\":\"Pure Cosmetics\"},\"image\":{\"@id\":\"https:\\\/\\\/purecosmetics-shop.com\\\/accueil\\\/#\\\/schema\\\/logo\\\/image\\\/\"}}]}<\/script>\n<!-- \/ Yoast SEO plugin. -->","yoast_head_json":{"title":"PORE PERFECTING COLLAGEN PEPTIDE CREAM - Pure Cosmetics","robots":{"index":"index","follow":"follow","max-snippet":"max-snippet:-1","max-image-preview":"max-image-preview:large","max-video-preview":"max-video-preview:-1"},"canonical":"https:\/\/purecosmetics-shop.com\/accueil\/produit\/pore-perfecting-collagen-peptide-cream\/","og_locale":"fr_FR","og_type":"article","og_title":"PORE PERFECTING COLLAGEN PEPTIDE CREAM - Pure Cosmetics","og_description":"Cr\u00e8me au collag\u00e8ne qui aide \u00e0 maintenir la force du collag\u00e8ne gr\u00e2ce \u00e0 des antioxydants, pour une hydratation longue dur\u00e9e.  Formul\u00e9 \u00e0 base de 10 peptides soigneusement s\u00e9lectionn\u00e9s, d'une eau de collag\u00e8ne \u00e0 tr\u00e8s faible poids mol\u00e9culaire, ce soin p\u00e9n\u00e8tre en profondeur pour stimuler la production de collag\u00e8ne pour une peau visiblement plus ferme, des pores resserr\u00e9s et un teint unifi\u00e9, plus \u00e9clatante.","og_url":"https:\/\/purecosmetics-shop.com\/accueil\/produit\/pore-perfecting-collagen-peptide-cream\/","og_site_name":"Pure Cosmetics","article_modified_time":"2026-04-16T03:06:19+00:00","og_image":[{"width":1280,"height":1280,"url":"https:\/\/purecosmetics-shop.com\/wp-content\/uploads\/2026\/02\/BIODANCE_PORE_PERFECTING_COLLAGEN_PEPTIDE_CREAM.png","type":"image\/png"}],"twitter_card":"summary_large_image","twitter_misc":{"Dur\u00e9e de lecture estim\u00e9e":"1 minute"},"schema":{"@context":"https:\/\/schema.org","@graph":[{"@type":"WebPage","@id":"https:\/\/purecosmetics-shop.com\/accueil\/produit\/pore-perfecting-collagen-peptide-cream\/","url":"https:\/\/purecosmetics-shop.com\/accueil\/produit\/pore-perfecting-collagen-peptide-cream\/","name":"PORE PERFECTING COLLAGEN PEPTIDE CREAM - Pure Cosmetics","isPartOf":{"@id":"https:\/\/purecosmetics-shop.com\/accueil\/#website"},"primaryImageOfPage":{"@id":"https:\/\/purecosmetics-shop.com\/accueil\/produit\/pore-perfecting-collagen-peptide-cream\/#primaryimage"},"image":{"@id":"https:\/\/purecosmetics-shop.com\/accueil\/produit\/pore-perfecting-collagen-peptide-cream\/#primaryimage"},"thumbnailUrl":"https:\/\/purecosmetics-shop.com\/wp-content\/uploads\/2026\/02\/BIODANCE_PORE_PERFECTING_COLLAGEN_PEPTIDE_CREAM.png","datePublished":"2026-02-13T14:29:41+00:00","dateModified":"2026-04-16T03:06:19+00:00","breadcrumb":{"@id":"https:\/\/purecosmetics-shop.com\/accueil\/produit\/pore-perfecting-collagen-peptide-cream\/#breadcrumb"},"inLanguage":"fr-FR","potentialAction":[{"@type":"ReadAction","target":["https:\/\/purecosmetics-shop.com\/accueil\/produit\/pore-perfecting-collagen-peptide-cream\/"]}]},{"@type":"ImageObject","inLanguage":"fr-FR","@id":"https:\/\/purecosmetics-shop.com\/accueil\/produit\/pore-perfecting-collagen-peptide-cream\/#primaryimage","url":"https:\/\/purecosmetics-shop.com\/wp-content\/uploads\/2026\/02\/BIODANCE_PORE_PERFECTING_COLLAGEN_PEPTIDE_CREAM.png","contentUrl":"https:\/\/purecosmetics-shop.com\/wp-content\/uploads\/2026\/02\/BIODANCE_PORE_PERFECTING_COLLAGEN_PEPTIDE_CREAM.png","width":1280,"height":1280},{"@type":"BreadcrumbList","@id":"https:\/\/purecosmetics-shop.com\/accueil\/produit\/pore-perfecting-collagen-peptide-cream\/#breadcrumb","itemListElement":[{"@type":"ListItem","position":1,"name":"Accueil","item":"https:\/\/purecosmetics-shop.com\/accueil\/"},{"@type":"ListItem","position":2,"name":"NOUVEAUT\u00c9S","item":"https:\/\/purecosmetics-shop.com\/accueil\/nouveautes\/"},{"@type":"ListItem","position":3,"name":"PORE PERFECTING COLLAGEN PEPTIDE CREAM"}]},{"@type":"WebSite","@id":"https:\/\/purecosmetics-shop.com\/accueil\/#website","url":"https:\/\/purecosmetics-shop.com\/accueil\/","name":"Pure Cosmetics","description":"Skincare cor\u00e9enne et japonais","publisher":{"@id":"https:\/\/purecosmetics-shop.com\/accueil\/#organization"},"potentialAction":[{"@type":"SearchAction","target":{"@type":"EntryPoint","urlTemplate":"https:\/\/purecosmetics-shop.com\/accueil\/?s={search_term_string}"},"query-input":{"@type":"PropertyValueSpecification","valueRequired":true,"valueName":"search_term_string"}}],"inLanguage":"fr-FR"},{"@type":"Organization","@id":"https:\/\/purecosmetics-shop.com\/accueil\/#organization","name":"Pure Cosmetics","url":"https:\/\/purecosmetics-shop.com\/accueil\/","logo":{"@type":"ImageObject","inLanguage":"fr-FR","@id":"https:\/\/purecosmetics-shop.com\/accueil\/#\/schema\/logo\/image\/","url":"https:\/\/purecosmetics-shop.com\/wp-content\/uploads\/2025\/04\/cropped-Pure-Cosmetics-black-2.png","contentUrl":"https:\/\/purecosmetics-shop.com\/wp-content\/uploads\/2025\/04\/cropped-Pure-Cosmetics-black-2.png","width":2362,"height":2324,"caption":"Pure Cosmetics"},"image":{"@id":"https:\/\/purecosmetics-shop.com\/accueil\/#\/schema\/logo\/image\/"}}]}},"jetpack_sharing_enabled":true,"_links":{"self":[{"href":"https:\/\/purecosmetics-shop.com\/accueil\/wp-json\/wp\/v2\/product\/5275","targetHints":{"allow":["GET"]}}],"collection":[{"href":"https:\/\/purecosmetics-shop.com\/accueil\/wp-json\/wp\/v2\/product"}],"about":[{"href":"https:\/\/purecosmetics-shop.com\/accueil\/wp-json\/wp\/v2\/types\/product"}],"replies":[{"embeddable":true,"href":"https:\/\/purecosmetics-shop.com\/accueil\/wp-json\/wp\/v2\/comments?post=5275"}],"version-history":[{"count":1,"href":"https:\/\/purecosmetics-shop.com\/accueil\/wp-json\/wp\/v2\/product\/5275\/revisions"}],"predecessor-version":[{"id":5287,"href":"https:\/\/purecosmetics-shop.com\/accueil\/wp-json\/wp\/v2\/product\/5275\/revisions\/5287"}],"wp:featuredmedia":[{"embeddable":true,"href":"https:\/\/purecosmetics-shop.com\/accueil\/wp-json\/wp\/v2\/media\/5286"}],"wp:attachment":[{"href":"https:\/\/purecosmetics-shop.com\/accueil\/wp-json\/wp\/v2\/media?parent=5275"}],"wp:term":[{"taxonomy":"product_brand","embeddable":true,"href":"https:\/\/purecosmetics-shop.com\/accueil\/wp-json\/wp\/v2\/product_brand?post=5275"},{"taxonomy":"product_cat","embeddable":true,"href":"https:\/\/purecosmetics-shop.com\/accueil\/wp-json\/wp\/v2\/product_cat?post=5275"},{"taxonomy":"product_tag","embeddable":true,"href":"https:\/\/purecosmetics-shop.com\/accueil\/wp-json\/wp\/v2\/product_tag?post=5275"}],"curies":[{"name":"wp","href":"https:\/\/api.w.org\/{rel}","templated":true}]}}