{"id":5188,"date":"2026-02-07T16:30:18","date_gmt":"2026-02-07T20:30:18","guid":{"rendered":"https:\/\/purecosmetics-shop.com\/accueil\/?post_type=product&#038;p=5188"},"modified":"2026-04-15T21:42:10","modified_gmt":"2026-04-16T01:42:10","slug":"ji-woo-gae-baking-soda-deep-pore-foam-cleansing","status":"publish","type":"product","link":"https:\/\/purecosmetics-shop.com\/accueil\/produit\/ji-woo-gae-baking-soda-deep-pore-foam-cleansing\/","title":{"rendered":"Ji Woo Gae Baking Soda Deep Pore Foam Cleansing"},"content":{"rendered":"<p>Mode d&#8217;emploi:<\/p>\n<p>1. D\u00e9posez une noisette de produit sur le visage et faites mousser.<\/p>\n<p>2. Massez l&rsquo;ensemble du visage avec la mousse onctueuse en effectuant des mouvements circulaires.<\/p>\n<p>3. Rincez \u00e0 l&rsquo;eau ti\u00e8de.<\/p>\n","protected":false},"excerpt":{"rendered":"<p>Ce nettoyant moussant \u00e9limine efficacement la transpiration, les impuret\u00e9s et l&rsquo;exc\u00e8s de s\u00e9bum accumul\u00e9 dans les pores sans dess\u00e9cher la peau..<\/p>\n<p>Sa formule \u00e0 base de bicarbonate de soude absorbent et \u00e9liminent l&rsquo;exc\u00e8s de s\u00e9bum et l&rsquo;acide salicylique exfolie en douceur les cellules mortes et points noirs tenaces.<\/p>\n<p>Les extraits de centella asiatica, d&rsquo;amarante et d&rsquo;orme, ainsi que le c\u00e9ramide NP, apaisent et hydratent la peau.<\/p>\n","protected":false},"featured_media":5192,"comment_status":"open","ping_status":"closed","template":"","meta":[],"product_brand":[161],"product_cat":[108,18,115,116],"product_tag":[],"class_list":{"0":"post-5188","1":"product","2":"type-product","3":"status-publish","4":"has-post-thumbnail","6":"product_brand-celimax","7":"product_cat-anti-imperfections-et-pores","8":"product_cat-nettoyant-visage","9":"product_cat-peau-grasse","10":"product_cat-peau-mixte","12":"first","13":"instock","14":"shipping-taxable","15":"purchasable","16":"product-type-simple"},"yoast_head":"<!-- This site is optimized with the Yoast SEO plugin v27.4 - https:\/\/yoast.com\/product\/yoast-seo-wordpress\/ -->\n<title>Ji Woo Gae Baking Soda Deep Pore Foam Cleansing - Pure Cosmetics<\/title>\n<meta name=\"robots\" content=\"index, follow, max-snippet:-1, max-image-preview:large, max-video-preview:-1\" \/>\n<link rel=\"canonical\" href=\"https:\/\/purecosmetics-shop.com\/accueil\/produit\/ji-woo-gae-baking-soda-deep-pore-foam-cleansing\/\" \/>\n<meta property=\"og:locale\" content=\"fr_FR\" \/>\n<meta property=\"og:type\" content=\"article\" \/>\n<meta property=\"og:title\" content=\"Ji Woo Gae Baking Soda Deep Pore Foam Cleansing - Pure Cosmetics\" \/>\n<meta property=\"og:description\" content=\"Ce nettoyant moussant \u00e9limine efficacement la transpiration, les impuret\u00e9s et l&#039;exc\u00e8s de s\u00e9bum accumul\u00e9 dans les pores sans dess\u00e9cher la peau..  Sa formule \u00e0 base de bicarbonate de soude absorbent et \u00e9liminent l&#039;exc\u00e8s de s\u00e9bum et l&#039;acide salicylique exfolie en douceur les cellules mortes et points noirs tenaces.  Les extraits de centella asiatica, d&#039;amarante et d&#039;orme, ainsi que le c\u00e9ramide NP, apaisent et hydratent la peau.\" \/>\n<meta property=\"og:url\" content=\"https:\/\/purecosmetics-shop.com\/accueil\/produit\/ji-woo-gae-baking-soda-deep-pore-foam-cleansing\/\" \/>\n<meta property=\"og:site_name\" content=\"Pure Cosmetics\" \/>\n<meta property=\"article:modified_time\" content=\"2026-04-16T01:42:10+00:00\" \/>\n<meta property=\"og:image\" content=\"https:\/\/purecosmetics-shop.com\/wp-content\/uploads\/2026\/02\/Celimax_JiWooGae_Baking_Soda_Deep_Pore_Foam_Cleansing.webp\" \/>\n\t<meta property=\"og:image:width\" content=\"800\" \/>\n\t<meta property=\"og:image:height\" content=\"800\" \/>\n\t<meta property=\"og:image:type\" content=\"image\/webp\" \/>\n<meta name=\"twitter:card\" content=\"summary_large_image\" \/>\n<meta name=\"twitter:label1\" content=\"Dur\u00e9e de lecture estim\u00e9e\" \/>\n\t<meta name=\"twitter:data1\" content=\"1 minute\" \/>\n<script type=\"application\/ld+json\" class=\"yoast-schema-graph\">{\"@context\":\"https:\\\/\\\/schema.org\",\"@graph\":[{\"@type\":\"WebPage\",\"@id\":\"https:\\\/\\\/purecosmetics-shop.com\\\/accueil\\\/produit\\\/ji-woo-gae-baking-soda-deep-pore-foam-cleansing\\\/\",\"url\":\"https:\\\/\\\/purecosmetics-shop.com\\\/accueil\\\/produit\\\/ji-woo-gae-baking-soda-deep-pore-foam-cleansing\\\/\",\"name\":\"Ji Woo Gae Baking Soda Deep Pore Foam Cleansing - Pure Cosmetics\",\"isPartOf\":{\"@id\":\"https:\\\/\\\/purecosmetics-shop.com\\\/accueil\\\/#website\"},\"primaryImageOfPage\":{\"@id\":\"https:\\\/\\\/purecosmetics-shop.com\\\/accueil\\\/produit\\\/ji-woo-gae-baking-soda-deep-pore-foam-cleansing\\\/#primaryimage\"},\"image\":{\"@id\":\"https:\\\/\\\/purecosmetics-shop.com\\\/accueil\\\/produit\\\/ji-woo-gae-baking-soda-deep-pore-foam-cleansing\\\/#primaryimage\"},\"thumbnailUrl\":\"https:\\\/\\\/purecosmetics-shop.com\\\/wp-content\\\/uploads\\\/2026\\\/02\\\/Celimax_JiWooGae_Baking_Soda_Deep_Pore_Foam_Cleansing.webp\",\"datePublished\":\"2026-02-07T20:30:18+00:00\",\"dateModified\":\"2026-04-16T01:42:10+00:00\",\"breadcrumb\":{\"@id\":\"https:\\\/\\\/purecosmetics-shop.com\\\/accueil\\\/produit\\\/ji-woo-gae-baking-soda-deep-pore-foam-cleansing\\\/#breadcrumb\"},\"inLanguage\":\"fr-FR\",\"potentialAction\":[{\"@type\":\"ReadAction\",\"target\":[\"https:\\\/\\\/purecosmetics-shop.com\\\/accueil\\\/produit\\\/ji-woo-gae-baking-soda-deep-pore-foam-cleansing\\\/\"]}]},{\"@type\":\"ImageObject\",\"inLanguage\":\"fr-FR\",\"@id\":\"https:\\\/\\\/purecosmetics-shop.com\\\/accueil\\\/produit\\\/ji-woo-gae-baking-soda-deep-pore-foam-cleansing\\\/#primaryimage\",\"url\":\"https:\\\/\\\/purecosmetics-shop.com\\\/wp-content\\\/uploads\\\/2026\\\/02\\\/Celimax_JiWooGae_Baking_Soda_Deep_Pore_Foam_Cleansing.webp\",\"contentUrl\":\"https:\\\/\\\/purecosmetics-shop.com\\\/wp-content\\\/uploads\\\/2026\\\/02\\\/Celimax_JiWooGae_Baking_Soda_Deep_Pore_Foam_Cleansing.webp\",\"width\":800,\"height\":800,\"caption\":\"ji woo gae baking soda deep pore foam cleansing\"},{\"@type\":\"BreadcrumbList\",\"@id\":\"https:\\\/\\\/purecosmetics-shop.com\\\/accueil\\\/produit\\\/ji-woo-gae-baking-soda-deep-pore-foam-cleansing\\\/#breadcrumb\",\"itemListElement\":[{\"@type\":\"ListItem\",\"position\":1,\"name\":\"Accueil\",\"item\":\"https:\\\/\\\/purecosmetics-shop.com\\\/accueil\\\/\"},{\"@type\":\"ListItem\",\"position\":2,\"name\":\"NOUVEAUT\u00c9S\",\"item\":\"https:\\\/\\\/purecosmetics-shop.com\\\/accueil\\\/nouveautes\\\/\"},{\"@type\":\"ListItem\",\"position\":3,\"name\":\"Ji Woo Gae Baking Soda Deep Pore Foam Cleansing\"}]},{\"@type\":\"WebSite\",\"@id\":\"https:\\\/\\\/purecosmetics-shop.com\\\/accueil\\\/#website\",\"url\":\"https:\\\/\\\/purecosmetics-shop.com\\\/accueil\\\/\",\"name\":\"Pure Cosmetics\",\"description\":\"Skincare cor\u00e9enne et japonais\",\"publisher\":{\"@id\":\"https:\\\/\\\/purecosmetics-shop.com\\\/accueil\\\/#organization\"},\"potentialAction\":[{\"@type\":\"SearchAction\",\"target\":{\"@type\":\"EntryPoint\",\"urlTemplate\":\"https:\\\/\\\/purecosmetics-shop.com\\\/accueil\\\/?s={search_term_string}\"},\"query-input\":{\"@type\":\"PropertyValueSpecification\",\"valueRequired\":true,\"valueName\":\"search_term_string\"}}],\"inLanguage\":\"fr-FR\"},{\"@type\":\"Organization\",\"@id\":\"https:\\\/\\\/purecosmetics-shop.com\\\/accueil\\\/#organization\",\"name\":\"Pure Cosmetics\",\"url\":\"https:\\\/\\\/purecosmetics-shop.com\\\/accueil\\\/\",\"logo\":{\"@type\":\"ImageObject\",\"inLanguage\":\"fr-FR\",\"@id\":\"https:\\\/\\\/purecosmetics-shop.com\\\/accueil\\\/#\\\/schema\\\/logo\\\/image\\\/\",\"url\":\"https:\\\/\\\/purecosmetics-shop.com\\\/wp-content\\\/uploads\\\/2025\\\/04\\\/cropped-Pure-Cosmetics-black-2.png\",\"contentUrl\":\"https:\\\/\\\/purecosmetics-shop.com\\\/wp-content\\\/uploads\\\/2025\\\/04\\\/cropped-Pure-Cosmetics-black-2.png\",\"width\":2362,\"height\":2324,\"caption\":\"Pure Cosmetics\"},\"image\":{\"@id\":\"https:\\\/\\\/purecosmetics-shop.com\\\/accueil\\\/#\\\/schema\\\/logo\\\/image\\\/\"}}]}<\/script>\n<!-- \/ Yoast SEO plugin. -->","yoast_head_json":{"title":"Ji Woo Gae Baking Soda Deep Pore Foam Cleansing - Pure Cosmetics","robots":{"index":"index","follow":"follow","max-snippet":"max-snippet:-1","max-image-preview":"max-image-preview:large","max-video-preview":"max-video-preview:-1"},"canonical":"https:\/\/purecosmetics-shop.com\/accueil\/produit\/ji-woo-gae-baking-soda-deep-pore-foam-cleansing\/","og_locale":"fr_FR","og_type":"article","og_title":"Ji Woo Gae Baking Soda Deep Pore Foam Cleansing - Pure Cosmetics","og_description":"Ce nettoyant moussant \u00e9limine efficacement la transpiration, les impuret\u00e9s et l'exc\u00e8s de s\u00e9bum accumul\u00e9 dans les pores sans dess\u00e9cher la peau..  Sa formule \u00e0 base de bicarbonate de soude absorbent et \u00e9liminent l'exc\u00e8s de s\u00e9bum et l'acide salicylique exfolie en douceur les cellules mortes et points noirs tenaces.  Les extraits de centella asiatica, d'amarante et d'orme, ainsi que le c\u00e9ramide NP, apaisent et hydratent la peau.","og_url":"https:\/\/purecosmetics-shop.com\/accueil\/produit\/ji-woo-gae-baking-soda-deep-pore-foam-cleansing\/","og_site_name":"Pure Cosmetics","article_modified_time":"2026-04-16T01:42:10+00:00","og_image":[{"width":800,"height":800,"url":"https:\/\/purecosmetics-shop.com\/wp-content\/uploads\/2026\/02\/Celimax_JiWooGae_Baking_Soda_Deep_Pore_Foam_Cleansing.webp","type":"image\/webp"}],"twitter_card":"summary_large_image","twitter_misc":{"Dur\u00e9e de lecture estim\u00e9e":"1 minute"},"schema":{"@context":"https:\/\/schema.org","@graph":[{"@type":"WebPage","@id":"https:\/\/purecosmetics-shop.com\/accueil\/produit\/ji-woo-gae-baking-soda-deep-pore-foam-cleansing\/","url":"https:\/\/purecosmetics-shop.com\/accueil\/produit\/ji-woo-gae-baking-soda-deep-pore-foam-cleansing\/","name":"Ji Woo Gae Baking Soda Deep Pore Foam Cleansing - Pure Cosmetics","isPartOf":{"@id":"https:\/\/purecosmetics-shop.com\/accueil\/#website"},"primaryImageOfPage":{"@id":"https:\/\/purecosmetics-shop.com\/accueil\/produit\/ji-woo-gae-baking-soda-deep-pore-foam-cleansing\/#primaryimage"},"image":{"@id":"https:\/\/purecosmetics-shop.com\/accueil\/produit\/ji-woo-gae-baking-soda-deep-pore-foam-cleansing\/#primaryimage"},"thumbnailUrl":"https:\/\/purecosmetics-shop.com\/wp-content\/uploads\/2026\/02\/Celimax_JiWooGae_Baking_Soda_Deep_Pore_Foam_Cleansing.webp","datePublished":"2026-02-07T20:30:18+00:00","dateModified":"2026-04-16T01:42:10+00:00","breadcrumb":{"@id":"https:\/\/purecosmetics-shop.com\/accueil\/produit\/ji-woo-gae-baking-soda-deep-pore-foam-cleansing\/#breadcrumb"},"inLanguage":"fr-FR","potentialAction":[{"@type":"ReadAction","target":["https:\/\/purecosmetics-shop.com\/accueil\/produit\/ji-woo-gae-baking-soda-deep-pore-foam-cleansing\/"]}]},{"@type":"ImageObject","inLanguage":"fr-FR","@id":"https:\/\/purecosmetics-shop.com\/accueil\/produit\/ji-woo-gae-baking-soda-deep-pore-foam-cleansing\/#primaryimage","url":"https:\/\/purecosmetics-shop.com\/wp-content\/uploads\/2026\/02\/Celimax_JiWooGae_Baking_Soda_Deep_Pore_Foam_Cleansing.webp","contentUrl":"https:\/\/purecosmetics-shop.com\/wp-content\/uploads\/2026\/02\/Celimax_JiWooGae_Baking_Soda_Deep_Pore_Foam_Cleansing.webp","width":800,"height":800,"caption":"ji woo gae baking soda deep pore foam cleansing"},{"@type":"BreadcrumbList","@id":"https:\/\/purecosmetics-shop.com\/accueil\/produit\/ji-woo-gae-baking-soda-deep-pore-foam-cleansing\/#breadcrumb","itemListElement":[{"@type":"ListItem","position":1,"name":"Accueil","item":"https:\/\/purecosmetics-shop.com\/accueil\/"},{"@type":"ListItem","position":2,"name":"NOUVEAUT\u00c9S","item":"https:\/\/purecosmetics-shop.com\/accueil\/nouveautes\/"},{"@type":"ListItem","position":3,"name":"Ji Woo Gae Baking Soda Deep Pore Foam Cleansing"}]},{"@type":"WebSite","@id":"https:\/\/purecosmetics-shop.com\/accueil\/#website","url":"https:\/\/purecosmetics-shop.com\/accueil\/","name":"Pure Cosmetics","description":"Skincare cor\u00e9enne et japonais","publisher":{"@id":"https:\/\/purecosmetics-shop.com\/accueil\/#organization"},"potentialAction":[{"@type":"SearchAction","target":{"@type":"EntryPoint","urlTemplate":"https:\/\/purecosmetics-shop.com\/accueil\/?s={search_term_string}"},"query-input":{"@type":"PropertyValueSpecification","valueRequired":true,"valueName":"search_term_string"}}],"inLanguage":"fr-FR"},{"@type":"Organization","@id":"https:\/\/purecosmetics-shop.com\/accueil\/#organization","name":"Pure Cosmetics","url":"https:\/\/purecosmetics-shop.com\/accueil\/","logo":{"@type":"ImageObject","inLanguage":"fr-FR","@id":"https:\/\/purecosmetics-shop.com\/accueil\/#\/schema\/logo\/image\/","url":"https:\/\/purecosmetics-shop.com\/wp-content\/uploads\/2025\/04\/cropped-Pure-Cosmetics-black-2.png","contentUrl":"https:\/\/purecosmetics-shop.com\/wp-content\/uploads\/2025\/04\/cropped-Pure-Cosmetics-black-2.png","width":2362,"height":2324,"caption":"Pure Cosmetics"},"image":{"@id":"https:\/\/purecosmetics-shop.com\/accueil\/#\/schema\/logo\/image\/"}}]}},"jetpack_sharing_enabled":true,"_links":{"self":[{"href":"https:\/\/purecosmetics-shop.com\/accueil\/wp-json\/wp\/v2\/product\/5188","targetHints":{"allow":["GET"]}}],"collection":[{"href":"https:\/\/purecosmetics-shop.com\/accueil\/wp-json\/wp\/v2\/product"}],"about":[{"href":"https:\/\/purecosmetics-shop.com\/accueil\/wp-json\/wp\/v2\/types\/product"}],"replies":[{"embeddable":true,"href":"https:\/\/purecosmetics-shop.com\/accueil\/wp-json\/wp\/v2\/comments?post=5188"}],"version-history":[{"count":1,"href":"https:\/\/purecosmetics-shop.com\/accueil\/wp-json\/wp\/v2\/product\/5188\/revisions"}],"predecessor-version":[{"id":5194,"href":"https:\/\/purecosmetics-shop.com\/accueil\/wp-json\/wp\/v2\/product\/5188\/revisions\/5194"}],"wp:featuredmedia":[{"embeddable":true,"href":"https:\/\/purecosmetics-shop.com\/accueil\/wp-json\/wp\/v2\/media\/5192"}],"wp:attachment":[{"href":"https:\/\/purecosmetics-shop.com\/accueil\/wp-json\/wp\/v2\/media?parent=5188"}],"wp:term":[{"taxonomy":"product_brand","embeddable":true,"href":"https:\/\/purecosmetics-shop.com\/accueil\/wp-json\/wp\/v2\/product_brand?post=5188"},{"taxonomy":"product_cat","embeddable":true,"href":"https:\/\/purecosmetics-shop.com\/accueil\/wp-json\/wp\/v2\/product_cat?post=5188"},{"taxonomy":"product_tag","embeddable":true,"href":"https:\/\/purecosmetics-shop.com\/accueil\/wp-json\/wp\/v2\/product_tag?post=5188"}],"curies":[{"name":"wp","href":"https:\/\/api.w.org\/{rel}","templated":true}]}}