{"id":4974,"date":"2026-01-10T16:46:47","date_gmt":"2026-01-10T20:46:47","guid":{"rendered":"https:\/\/purecosmetics-shop.com\/accueil\/?post_type=product&#038;p=4974"},"modified":"2026-04-12T02:28:13","modified_gmt":"2026-04-12T06:28:13","slug":"damage-therapy-no-wash-treatment-ex","status":"publish","type":"product","link":"https:\/\/purecosmetics-shop.com\/accueil\/produit\/damage-therapy-no-wash-treatment-ex\/","title":{"rendered":"Damage Therapy No-wash Treatment EX"},"content":{"rendered":"<p>Parfums disponibles:<\/p>\n<ul>\n<li>Due Rose (musc rose) : Un parfum vif de rose musqu\u00e9e avec des notes de rose de Damas, de petit grain et de cassis.<\/li>\n<li>True Me (musc floral viollete) : Un parfum floral doux et chaleureux avec des notes de violette, d&rsquo;ylang-ylang et de musc.<\/li>\n<\/ul>\n<hr \/>\n<p>Mode d&#8217;emploi : Agitez bien avant utilisation. Apr\u00e8s le shampoing, vaporiser sur cheveux l\u00e9g\u00e8rement humides, sans exc\u00e8s d&rsquo;eau.<\/p>\n","protected":false},"excerpt":{"rendered":"<p>Ce soin r\u00e9parateur redonne force et vitalit\u00e9 aux cheveux poreux ab\u00eem\u00e9s par les agressions ext\u00e9rieures et les carences internes.<\/p>\n<p>Formule enrichie en 7 collag\u00e8nes et 5 prot\u00e9ines : Hydrate en profondeur et ravive l&rsquo;\u00e9clat naturel des cheveux.<\/p>\n<p>Enrichi d&rsquo;un complexe de perles marines (extrait de perle et sel rose de l&rsquo;Himalaya), il revitalise et hydrate la fibre capillaire pour des cheveux sains et \u00e9clatants.<\/p>\n<p>&nbsp;<\/p>\n","protected":false},"featured_media":4986,"comment_status":"open","ping_status":"closed","template":"","meta":[],"product_brand":[222],"product_cat":[135],"product_tag":[],"class_list":{"0":"post-4974","1":"product","2":"type-product","3":"status-publish","4":"has-post-thumbnail","6":"product_brand-growus","7":"product_cat-haircare","9":"first","10":"instock","11":"shipping-taxable","12":"purchasable","13":"product-type-variable"},"yoast_head":"<!-- This site is optimized with the Yoast SEO plugin v27.4 - https:\/\/yoast.com\/product\/yoast-seo-wordpress\/ -->\n<title>Damage Therapy No-wash Treatment EX - Pure Cosmetics<\/title>\n<meta name=\"robots\" content=\"index, follow, max-snippet:-1, max-image-preview:large, max-video-preview:-1\" \/>\n<link rel=\"canonical\" href=\"https:\/\/purecosmetics-shop.com\/accueil\/produit\/damage-therapy-no-wash-treatment-ex\/\" \/>\n<meta property=\"og:locale\" content=\"fr_FR\" \/>\n<meta property=\"og:type\" content=\"article\" \/>\n<meta property=\"og:title\" content=\"Damage Therapy No-wash Treatment EX - Pure Cosmetics\" \/>\n<meta property=\"og:description\" content=\"Ce soin r\u00e9parateur redonne force et vitalit\u00e9 aux cheveux poreux ab\u00eem\u00e9s par les agressions ext\u00e9rieures et les carences internes.  Formule enrichie en 7 collag\u00e8nes et 5 prot\u00e9ines : Hydrate en profondeur et ravive l&#039;\u00e9clat naturel des cheveux.  Enrichi d&#039;un complexe de perles marines (extrait de perle et sel rose de l&#039;Himalaya), il revitalise et hydrate la fibre capillaire pour des cheveux sains et \u00e9clatants.  &nbsp;\" \/>\n<meta property=\"og:url\" content=\"https:\/\/purecosmetics-shop.com\/accueil\/produit\/damage-therapy-no-wash-treatment-ex\/\" \/>\n<meta property=\"og:site_name\" content=\"Pure Cosmetics\" \/>\n<meta property=\"article:modified_time\" content=\"2026-04-12T06:28:13+00:00\" \/>\n<meta property=\"og:image\" content=\"https:\/\/purecosmetics-shop.com\/wp-content\/uploads\/2026\/01\/GROWUS_Damage_Therapy_No-wash_Treatment_EX.webp\" \/>\n\t<meta property=\"og:image:width\" content=\"1080\" \/>\n\t<meta property=\"og:image:height\" content=\"1080\" \/>\n\t<meta property=\"og:image:type\" content=\"image\/webp\" \/>\n<meta name=\"twitter:card\" content=\"summary_large_image\" \/>\n<meta name=\"twitter:label1\" content=\"Dur\u00e9e de lecture estim\u00e9e\" \/>\n\t<meta name=\"twitter:data1\" content=\"1 minute\" \/>\n<script type=\"application\/ld+json\" class=\"yoast-schema-graph\">{\"@context\":\"https:\\\/\\\/schema.org\",\"@graph\":[{\"@type\":\"WebPage\",\"@id\":\"https:\\\/\\\/purecosmetics-shop.com\\\/accueil\\\/produit\\\/damage-therapy-no-wash-treatment-ex\\\/\",\"url\":\"https:\\\/\\\/purecosmetics-shop.com\\\/accueil\\\/produit\\\/damage-therapy-no-wash-treatment-ex\\\/\",\"name\":\"Damage Therapy No-wash Treatment EX - Pure Cosmetics\",\"isPartOf\":{\"@id\":\"https:\\\/\\\/purecosmetics-shop.com\\\/accueil\\\/#website\"},\"primaryImageOfPage\":{\"@id\":\"https:\\\/\\\/purecosmetics-shop.com\\\/accueil\\\/produit\\\/damage-therapy-no-wash-treatment-ex\\\/#primaryimage\"},\"image\":{\"@id\":\"https:\\\/\\\/purecosmetics-shop.com\\\/accueil\\\/produit\\\/damage-therapy-no-wash-treatment-ex\\\/#primaryimage\"},\"thumbnailUrl\":\"https:\\\/\\\/purecosmetics-shop.com\\\/wp-content\\\/uploads\\\/2026\\\/01\\\/GROWUS_Damage_Therapy_No-wash_Treatment_EX.webp\",\"datePublished\":\"2026-01-10T20:46:47+00:00\",\"dateModified\":\"2026-04-12T06:28:13+00:00\",\"breadcrumb\":{\"@id\":\"https:\\\/\\\/purecosmetics-shop.com\\\/accueil\\\/produit\\\/damage-therapy-no-wash-treatment-ex\\\/#breadcrumb\"},\"inLanguage\":\"fr-FR\",\"potentialAction\":[{\"@type\":\"ReadAction\",\"target\":[\"https:\\\/\\\/purecosmetics-shop.com\\\/accueil\\\/produit\\\/damage-therapy-no-wash-treatment-ex\\\/\"]}]},{\"@type\":\"ImageObject\",\"inLanguage\":\"fr-FR\",\"@id\":\"https:\\\/\\\/purecosmetics-shop.com\\\/accueil\\\/produit\\\/damage-therapy-no-wash-treatment-ex\\\/#primaryimage\",\"url\":\"https:\\\/\\\/purecosmetics-shop.com\\\/wp-content\\\/uploads\\\/2026\\\/01\\\/GROWUS_Damage_Therapy_No-wash_Treatment_EX.webp\",\"contentUrl\":\"https:\\\/\\\/purecosmetics-shop.com\\\/wp-content\\\/uploads\\\/2026\\\/01\\\/GROWUS_Damage_Therapy_No-wash_Treatment_EX.webp\",\"width\":1080,\"height\":1080,\"caption\":\"Damage Therapy No-wash Treatment EX\"},{\"@type\":\"BreadcrumbList\",\"@id\":\"https:\\\/\\\/purecosmetics-shop.com\\\/accueil\\\/produit\\\/damage-therapy-no-wash-treatment-ex\\\/#breadcrumb\",\"itemListElement\":[{\"@type\":\"ListItem\",\"position\":1,\"name\":\"Accueil\",\"item\":\"https:\\\/\\\/purecosmetics-shop.com\\\/accueil\\\/\"},{\"@type\":\"ListItem\",\"position\":2,\"name\":\"NOUVEAUT\u00c9S\",\"item\":\"https:\\\/\\\/purecosmetics-shop.com\\\/accueil\\\/nouveautes\\\/\"},{\"@type\":\"ListItem\",\"position\":3,\"name\":\"Damage Therapy No-wash Treatment EX\"}]},{\"@type\":\"WebSite\",\"@id\":\"https:\\\/\\\/purecosmetics-shop.com\\\/accueil\\\/#website\",\"url\":\"https:\\\/\\\/purecosmetics-shop.com\\\/accueil\\\/\",\"name\":\"Pure Cosmetics\",\"description\":\"Skincare cor\u00e9enne et japonais\",\"publisher\":{\"@id\":\"https:\\\/\\\/purecosmetics-shop.com\\\/accueil\\\/#organization\"},\"potentialAction\":[{\"@type\":\"SearchAction\",\"target\":{\"@type\":\"EntryPoint\",\"urlTemplate\":\"https:\\\/\\\/purecosmetics-shop.com\\\/accueil\\\/?s={search_term_string}\"},\"query-input\":{\"@type\":\"PropertyValueSpecification\",\"valueRequired\":true,\"valueName\":\"search_term_string\"}}],\"inLanguage\":\"fr-FR\"},{\"@type\":\"Organization\",\"@id\":\"https:\\\/\\\/purecosmetics-shop.com\\\/accueil\\\/#organization\",\"name\":\"Pure Cosmetics\",\"url\":\"https:\\\/\\\/purecosmetics-shop.com\\\/accueil\\\/\",\"logo\":{\"@type\":\"ImageObject\",\"inLanguage\":\"fr-FR\",\"@id\":\"https:\\\/\\\/purecosmetics-shop.com\\\/accueil\\\/#\\\/schema\\\/logo\\\/image\\\/\",\"url\":\"https:\\\/\\\/purecosmetics-shop.com\\\/wp-content\\\/uploads\\\/2025\\\/04\\\/cropped-Pure-Cosmetics-black-2.png\",\"contentUrl\":\"https:\\\/\\\/purecosmetics-shop.com\\\/wp-content\\\/uploads\\\/2025\\\/04\\\/cropped-Pure-Cosmetics-black-2.png\",\"width\":2362,\"height\":2324,\"caption\":\"Pure Cosmetics\"},\"image\":{\"@id\":\"https:\\\/\\\/purecosmetics-shop.com\\\/accueil\\\/#\\\/schema\\\/logo\\\/image\\\/\"}}]}<\/script>\n<!-- \/ Yoast SEO plugin. -->","yoast_head_json":{"title":"Damage Therapy No-wash Treatment EX - Pure Cosmetics","robots":{"index":"index","follow":"follow","max-snippet":"max-snippet:-1","max-image-preview":"max-image-preview:large","max-video-preview":"max-video-preview:-1"},"canonical":"https:\/\/purecosmetics-shop.com\/accueil\/produit\/damage-therapy-no-wash-treatment-ex\/","og_locale":"fr_FR","og_type":"article","og_title":"Damage Therapy No-wash Treatment EX - Pure Cosmetics","og_description":"Ce soin r\u00e9parateur redonne force et vitalit\u00e9 aux cheveux poreux ab\u00eem\u00e9s par les agressions ext\u00e9rieures et les carences internes.  Formule enrichie en 7 collag\u00e8nes et 5 prot\u00e9ines : Hydrate en profondeur et ravive l'\u00e9clat naturel des cheveux.  Enrichi d'un complexe de perles marines (extrait de perle et sel rose de l'Himalaya), il revitalise et hydrate la fibre capillaire pour des cheveux sains et \u00e9clatants.  &nbsp;","og_url":"https:\/\/purecosmetics-shop.com\/accueil\/produit\/damage-therapy-no-wash-treatment-ex\/","og_site_name":"Pure Cosmetics","article_modified_time":"2026-04-12T06:28:13+00:00","og_image":[{"width":1080,"height":1080,"url":"https:\/\/purecosmetics-shop.com\/wp-content\/uploads\/2026\/01\/GROWUS_Damage_Therapy_No-wash_Treatment_EX.webp","type":"image\/webp"}],"twitter_card":"summary_large_image","twitter_misc":{"Dur\u00e9e de lecture estim\u00e9e":"1 minute"},"schema":{"@context":"https:\/\/schema.org","@graph":[{"@type":"WebPage","@id":"https:\/\/purecosmetics-shop.com\/accueil\/produit\/damage-therapy-no-wash-treatment-ex\/","url":"https:\/\/purecosmetics-shop.com\/accueil\/produit\/damage-therapy-no-wash-treatment-ex\/","name":"Damage Therapy No-wash Treatment EX - Pure Cosmetics","isPartOf":{"@id":"https:\/\/purecosmetics-shop.com\/accueil\/#website"},"primaryImageOfPage":{"@id":"https:\/\/purecosmetics-shop.com\/accueil\/produit\/damage-therapy-no-wash-treatment-ex\/#primaryimage"},"image":{"@id":"https:\/\/purecosmetics-shop.com\/accueil\/produit\/damage-therapy-no-wash-treatment-ex\/#primaryimage"},"thumbnailUrl":"https:\/\/purecosmetics-shop.com\/wp-content\/uploads\/2026\/01\/GROWUS_Damage_Therapy_No-wash_Treatment_EX.webp","datePublished":"2026-01-10T20:46:47+00:00","dateModified":"2026-04-12T06:28:13+00:00","breadcrumb":{"@id":"https:\/\/purecosmetics-shop.com\/accueil\/produit\/damage-therapy-no-wash-treatment-ex\/#breadcrumb"},"inLanguage":"fr-FR","potentialAction":[{"@type":"ReadAction","target":["https:\/\/purecosmetics-shop.com\/accueil\/produit\/damage-therapy-no-wash-treatment-ex\/"]}]},{"@type":"ImageObject","inLanguage":"fr-FR","@id":"https:\/\/purecosmetics-shop.com\/accueil\/produit\/damage-therapy-no-wash-treatment-ex\/#primaryimage","url":"https:\/\/purecosmetics-shop.com\/wp-content\/uploads\/2026\/01\/GROWUS_Damage_Therapy_No-wash_Treatment_EX.webp","contentUrl":"https:\/\/purecosmetics-shop.com\/wp-content\/uploads\/2026\/01\/GROWUS_Damage_Therapy_No-wash_Treatment_EX.webp","width":1080,"height":1080,"caption":"Damage Therapy No-wash Treatment EX"},{"@type":"BreadcrumbList","@id":"https:\/\/purecosmetics-shop.com\/accueil\/produit\/damage-therapy-no-wash-treatment-ex\/#breadcrumb","itemListElement":[{"@type":"ListItem","position":1,"name":"Accueil","item":"https:\/\/purecosmetics-shop.com\/accueil\/"},{"@type":"ListItem","position":2,"name":"NOUVEAUT\u00c9S","item":"https:\/\/purecosmetics-shop.com\/accueil\/nouveautes\/"},{"@type":"ListItem","position":3,"name":"Damage Therapy No-wash Treatment EX"}]},{"@type":"WebSite","@id":"https:\/\/purecosmetics-shop.com\/accueil\/#website","url":"https:\/\/purecosmetics-shop.com\/accueil\/","name":"Pure Cosmetics","description":"Skincare cor\u00e9enne et japonais","publisher":{"@id":"https:\/\/purecosmetics-shop.com\/accueil\/#organization"},"potentialAction":[{"@type":"SearchAction","target":{"@type":"EntryPoint","urlTemplate":"https:\/\/purecosmetics-shop.com\/accueil\/?s={search_term_string}"},"query-input":{"@type":"PropertyValueSpecification","valueRequired":true,"valueName":"search_term_string"}}],"inLanguage":"fr-FR"},{"@type":"Organization","@id":"https:\/\/purecosmetics-shop.com\/accueil\/#organization","name":"Pure Cosmetics","url":"https:\/\/purecosmetics-shop.com\/accueil\/","logo":{"@type":"ImageObject","inLanguage":"fr-FR","@id":"https:\/\/purecosmetics-shop.com\/accueil\/#\/schema\/logo\/image\/","url":"https:\/\/purecosmetics-shop.com\/wp-content\/uploads\/2025\/04\/cropped-Pure-Cosmetics-black-2.png","contentUrl":"https:\/\/purecosmetics-shop.com\/wp-content\/uploads\/2025\/04\/cropped-Pure-Cosmetics-black-2.png","width":2362,"height":2324,"caption":"Pure Cosmetics"},"image":{"@id":"https:\/\/purecosmetics-shop.com\/accueil\/#\/schema\/logo\/image\/"}}]}},"jetpack_sharing_enabled":true,"_links":{"self":[{"href":"https:\/\/purecosmetics-shop.com\/accueil\/wp-json\/wp\/v2\/product\/4974","targetHints":{"allow":["GET"]}}],"collection":[{"href":"https:\/\/purecosmetics-shop.com\/accueil\/wp-json\/wp\/v2\/product"}],"about":[{"href":"https:\/\/purecosmetics-shop.com\/accueil\/wp-json\/wp\/v2\/types\/product"}],"replies":[{"embeddable":true,"href":"https:\/\/purecosmetics-shop.com\/accueil\/wp-json\/wp\/v2\/comments?post=4974"}],"version-history":[{"count":1,"href":"https:\/\/purecosmetics-shop.com\/accueil\/wp-json\/wp\/v2\/product\/4974\/revisions"}],"predecessor-version":[{"id":4989,"href":"https:\/\/purecosmetics-shop.com\/accueil\/wp-json\/wp\/v2\/product\/4974\/revisions\/4989"}],"wp:featuredmedia":[{"embeddable":true,"href":"https:\/\/purecosmetics-shop.com\/accueil\/wp-json\/wp\/v2\/media\/4986"}],"wp:attachment":[{"href":"https:\/\/purecosmetics-shop.com\/accueil\/wp-json\/wp\/v2\/media?parent=4974"}],"wp:term":[{"taxonomy":"product_brand","embeddable":true,"href":"https:\/\/purecosmetics-shop.com\/accueil\/wp-json\/wp\/v2\/product_brand?post=4974"},{"taxonomy":"product_cat","embeddable":true,"href":"https:\/\/purecosmetics-shop.com\/accueil\/wp-json\/wp\/v2\/product_cat?post=4974"},{"taxonomy":"product_tag","embeddable":true,"href":"https:\/\/purecosmetics-shop.com\/accueil\/wp-json\/wp\/v2\/product_tag?post=4974"}],"curies":[{"name":"wp","href":"https:\/\/api.w.org\/{rel}","templated":true}]}}