{"id":4562,"date":"2025-11-04T16:29:28","date_gmt":"2025-11-04T20:29:28","guid":{"rendered":"https:\/\/purecosmetics-shop.com\/accueil\/?post_type=product&#038;p=4562"},"modified":"2026-04-18T13:52:05","modified_gmt":"2026-04-18T17:52:05","slug":"pure-cleansing-oil-deep-clean","status":"publish","type":"product","link":"https:\/\/purecosmetics-shop.com\/accueil\/produit\/pure-cleansing-oil-deep-clean\/","title":{"rendered":"PURE CLEANSING OIL DEEP CLEAN"},"content":{"rendered":"<p>Une huile nettoyante vegan infus\u00e9e d&rsquo;huiles v\u00e9g\u00e9tales qui \u00e9limine en un seul geste tout le maquillage, de la base au maquillage intense.<\/p>\n<p>Contient des huiles de p\u00e9pins de raisin et de tournesol, qui permettent une application uniforme sur la peau et un nettoyage intensif. Huile lavable pour un fini rafra\u00eechissant.<\/p>\n<p>Convient aux peaux \u00e0 tendance acn\u00e9ique, pour un nettoyage en profondeur doux et efficace.<\/p>\n<p>Test\u00e9 dermatologiquement pour les irritations cutan\u00e9es et oculaires.<\/p>\n","protected":false},"excerpt":{"rendered":"<p>Perfectionnez votre double nettoyage avec cette huile nettoyante infus\u00e9e d&rsquo;huiles v\u00e9g\u00e9tales nourrissantes (dont les huiles de p\u00e9pins de raisin, de lavande et de tournesol).<\/p>\n<p>Gr\u00e2ce \u00e0 la technologie brevet\u00e9e Bio Shield Oil\u2122 de ma:nyo, sa formule \u00e0 action rapide \u00e9limine facilement le maquillage waterproof et les impuret\u00e9s sans irriter les yeux.<\/p>\n","protected":false},"featured_media":4567,"comment_status":"open","ping_status":"closed","template":"","meta":[],"product_brand":[216],"product_cat":[18,115,116,117,118],"product_tag":[],"class_list":{"0":"post-4562","1":"product","2":"type-product","3":"status-publish","4":"has-post-thumbnail","6":"product_brand-manyo","7":"product_cat-nettoyant-visage","8":"product_cat-peau-grasse","9":"product_cat-peau-mixte","10":"product_cat-peau-normale","11":"product_cat-peau-seche","13":"first","14":"instock","15":"shipping-taxable","16":"purchasable","17":"product-type-simple"},"yoast_head":"<!-- This site is optimized with the Yoast SEO plugin v27.4 - https:\/\/yoast.com\/product\/yoast-seo-wordpress\/ -->\n<title>PURE CLEANSING OIL DEEP CLEAN - Pure Cosmetics<\/title>\n<meta name=\"robots\" content=\"index, follow, max-snippet:-1, max-image-preview:large, max-video-preview:-1\" \/>\n<link rel=\"canonical\" href=\"https:\/\/purecosmetics-shop.com\/accueil\/produit\/pure-cleansing-oil-deep-clean\/\" \/>\n<meta property=\"og:locale\" content=\"fr_FR\" \/>\n<meta property=\"og:type\" content=\"article\" \/>\n<meta property=\"og:title\" content=\"PURE CLEANSING OIL DEEP CLEAN - Pure Cosmetics\" \/>\n<meta property=\"og:description\" content=\"Perfectionnez votre double nettoyage avec cette huile nettoyante infus\u00e9e d&#039;huiles v\u00e9g\u00e9tales nourrissantes (dont les huiles de p\u00e9pins de raisin, de lavande et de tournesol).  Gr\u00e2ce \u00e0 la technologie brevet\u00e9e Bio Shield Oil\u2122 de ma:nyo, sa formule \u00e0 action rapide \u00e9limine facilement le maquillage waterproof et les impuret\u00e9s sans irriter les yeux.\" \/>\n<meta property=\"og:url\" content=\"https:\/\/purecosmetics-shop.com\/accueil\/produit\/pure-cleansing-oil-deep-clean\/\" \/>\n<meta property=\"og:site_name\" content=\"Pure Cosmetics\" \/>\n<meta property=\"article:modified_time\" content=\"2026-04-18T17:52:05+00:00\" \/>\n<meta property=\"og:image\" content=\"https:\/\/purecosmetics-shop.com\/wp-content\/uploads\/2025\/10\/MANYO_PURE_CLEANSING_OIL_DEEP_CLEAN.webp\" \/>\n\t<meta property=\"og:image:width\" content=\"500\" \/>\n\t<meta property=\"og:image:height\" content=\"500\" \/>\n\t<meta property=\"og:image:type\" content=\"image\/webp\" \/>\n<meta name=\"twitter:card\" content=\"summary_large_image\" \/>\n<meta name=\"twitter:label1\" content=\"Dur\u00e9e de lecture estim\u00e9e\" \/>\n\t<meta name=\"twitter:data1\" content=\"1 minute\" \/>\n<script type=\"application\/ld+json\" class=\"yoast-schema-graph\">{\"@context\":\"https:\\\/\\\/schema.org\",\"@graph\":[{\"@type\":\"WebPage\",\"@id\":\"https:\\\/\\\/purecosmetics-shop.com\\\/accueil\\\/produit\\\/pure-cleansing-oil-deep-clean\\\/\",\"url\":\"https:\\\/\\\/purecosmetics-shop.com\\\/accueil\\\/produit\\\/pure-cleansing-oil-deep-clean\\\/\",\"name\":\"PURE CLEANSING OIL DEEP CLEAN - Pure Cosmetics\",\"isPartOf\":{\"@id\":\"https:\\\/\\\/purecosmetics-shop.com\\\/accueil\\\/#website\"},\"primaryImageOfPage\":{\"@id\":\"https:\\\/\\\/purecosmetics-shop.com\\\/accueil\\\/produit\\\/pure-cleansing-oil-deep-clean\\\/#primaryimage\"},\"image\":{\"@id\":\"https:\\\/\\\/purecosmetics-shop.com\\\/accueil\\\/produit\\\/pure-cleansing-oil-deep-clean\\\/#primaryimage\"},\"thumbnailUrl\":\"https:\\\/\\\/purecosmetics-shop.com\\\/wp-content\\\/uploads\\\/2025\\\/10\\\/MANYO_PURE_CLEANSING_OIL_DEEP_CLEAN.webp\",\"datePublished\":\"2025-11-04T20:29:28+00:00\",\"dateModified\":\"2026-04-18T17:52:05+00:00\",\"breadcrumb\":{\"@id\":\"https:\\\/\\\/purecosmetics-shop.com\\\/accueil\\\/produit\\\/pure-cleansing-oil-deep-clean\\\/#breadcrumb\"},\"inLanguage\":\"fr-FR\",\"potentialAction\":[{\"@type\":\"ReadAction\",\"target\":[\"https:\\\/\\\/purecosmetics-shop.com\\\/accueil\\\/produit\\\/pure-cleansing-oil-deep-clean\\\/\"]}]},{\"@type\":\"ImageObject\",\"inLanguage\":\"fr-FR\",\"@id\":\"https:\\\/\\\/purecosmetics-shop.com\\\/accueil\\\/produit\\\/pure-cleansing-oil-deep-clean\\\/#primaryimage\",\"url\":\"https:\\\/\\\/purecosmetics-shop.com\\\/wp-content\\\/uploads\\\/2025\\\/10\\\/MANYO_PURE_CLEANSING_OIL_DEEP_CLEAN.webp\",\"contentUrl\":\"https:\\\/\\\/purecosmetics-shop.com\\\/wp-content\\\/uploads\\\/2025\\\/10\\\/MANYO_PURE_CLEANSING_OIL_DEEP_CLEAN.webp\",\"width\":500,\"height\":500,\"caption\":\"ma:nyo PURE CLEANSING OIL DEEP CLEAN\"},{\"@type\":\"BreadcrumbList\",\"@id\":\"https:\\\/\\\/purecosmetics-shop.com\\\/accueil\\\/produit\\\/pure-cleansing-oil-deep-clean\\\/#breadcrumb\",\"itemListElement\":[{\"@type\":\"ListItem\",\"position\":1,\"name\":\"Accueil\",\"item\":\"https:\\\/\\\/purecosmetics-shop.com\\\/accueil\\\/\"},{\"@type\":\"ListItem\",\"position\":2,\"name\":\"NOUVEAUT\u00c9S\",\"item\":\"https:\\\/\\\/purecosmetics-shop.com\\\/accueil\\\/nouveautes\\\/\"},{\"@type\":\"ListItem\",\"position\":3,\"name\":\"PURE CLEANSING OIL DEEP CLEAN\"}]},{\"@type\":\"WebSite\",\"@id\":\"https:\\\/\\\/purecosmetics-shop.com\\\/accueil\\\/#website\",\"url\":\"https:\\\/\\\/purecosmetics-shop.com\\\/accueil\\\/\",\"name\":\"Pure Cosmetics\",\"description\":\"Skincare cor\u00e9enne et japonais\",\"publisher\":{\"@id\":\"https:\\\/\\\/purecosmetics-shop.com\\\/accueil\\\/#organization\"},\"potentialAction\":[{\"@type\":\"SearchAction\",\"target\":{\"@type\":\"EntryPoint\",\"urlTemplate\":\"https:\\\/\\\/purecosmetics-shop.com\\\/accueil\\\/?s={search_term_string}\"},\"query-input\":{\"@type\":\"PropertyValueSpecification\",\"valueRequired\":true,\"valueName\":\"search_term_string\"}}],\"inLanguage\":\"fr-FR\"},{\"@type\":\"Organization\",\"@id\":\"https:\\\/\\\/purecosmetics-shop.com\\\/accueil\\\/#organization\",\"name\":\"Pure Cosmetics\",\"url\":\"https:\\\/\\\/purecosmetics-shop.com\\\/accueil\\\/\",\"logo\":{\"@type\":\"ImageObject\",\"inLanguage\":\"fr-FR\",\"@id\":\"https:\\\/\\\/purecosmetics-shop.com\\\/accueil\\\/#\\\/schema\\\/logo\\\/image\\\/\",\"url\":\"https:\\\/\\\/purecosmetics-shop.com\\\/wp-content\\\/uploads\\\/2025\\\/04\\\/cropped-Pure-Cosmetics-black-2.png\",\"contentUrl\":\"https:\\\/\\\/purecosmetics-shop.com\\\/wp-content\\\/uploads\\\/2025\\\/04\\\/cropped-Pure-Cosmetics-black-2.png\",\"width\":2362,\"height\":2324,\"caption\":\"Pure Cosmetics\"},\"image\":{\"@id\":\"https:\\\/\\\/purecosmetics-shop.com\\\/accueil\\\/#\\\/schema\\\/logo\\\/image\\\/\"}}]}<\/script>\n<!-- \/ Yoast SEO plugin. -->","yoast_head_json":{"title":"PURE CLEANSING OIL DEEP CLEAN - Pure Cosmetics","robots":{"index":"index","follow":"follow","max-snippet":"max-snippet:-1","max-image-preview":"max-image-preview:large","max-video-preview":"max-video-preview:-1"},"canonical":"https:\/\/purecosmetics-shop.com\/accueil\/produit\/pure-cleansing-oil-deep-clean\/","og_locale":"fr_FR","og_type":"article","og_title":"PURE CLEANSING OIL DEEP CLEAN - Pure Cosmetics","og_description":"Perfectionnez votre double nettoyage avec cette huile nettoyante infus\u00e9e d'huiles v\u00e9g\u00e9tales nourrissantes (dont les huiles de p\u00e9pins de raisin, de lavande et de tournesol).  Gr\u00e2ce \u00e0 la technologie brevet\u00e9e Bio Shield Oil\u2122 de ma:nyo, sa formule \u00e0 action rapide \u00e9limine facilement le maquillage waterproof et les impuret\u00e9s sans irriter les yeux.","og_url":"https:\/\/purecosmetics-shop.com\/accueil\/produit\/pure-cleansing-oil-deep-clean\/","og_site_name":"Pure Cosmetics","article_modified_time":"2026-04-18T17:52:05+00:00","og_image":[{"width":500,"height":500,"url":"https:\/\/purecosmetics-shop.com\/wp-content\/uploads\/2025\/10\/MANYO_PURE_CLEANSING_OIL_DEEP_CLEAN.webp","type":"image\/webp"}],"twitter_card":"summary_large_image","twitter_misc":{"Dur\u00e9e de lecture estim\u00e9e":"1 minute"},"schema":{"@context":"https:\/\/schema.org","@graph":[{"@type":"WebPage","@id":"https:\/\/purecosmetics-shop.com\/accueil\/produit\/pure-cleansing-oil-deep-clean\/","url":"https:\/\/purecosmetics-shop.com\/accueil\/produit\/pure-cleansing-oil-deep-clean\/","name":"PURE CLEANSING OIL DEEP CLEAN - Pure Cosmetics","isPartOf":{"@id":"https:\/\/purecosmetics-shop.com\/accueil\/#website"},"primaryImageOfPage":{"@id":"https:\/\/purecosmetics-shop.com\/accueil\/produit\/pure-cleansing-oil-deep-clean\/#primaryimage"},"image":{"@id":"https:\/\/purecosmetics-shop.com\/accueil\/produit\/pure-cleansing-oil-deep-clean\/#primaryimage"},"thumbnailUrl":"https:\/\/purecosmetics-shop.com\/wp-content\/uploads\/2025\/10\/MANYO_PURE_CLEANSING_OIL_DEEP_CLEAN.webp","datePublished":"2025-11-04T20:29:28+00:00","dateModified":"2026-04-18T17:52:05+00:00","breadcrumb":{"@id":"https:\/\/purecosmetics-shop.com\/accueil\/produit\/pure-cleansing-oil-deep-clean\/#breadcrumb"},"inLanguage":"fr-FR","potentialAction":[{"@type":"ReadAction","target":["https:\/\/purecosmetics-shop.com\/accueil\/produit\/pure-cleansing-oil-deep-clean\/"]}]},{"@type":"ImageObject","inLanguage":"fr-FR","@id":"https:\/\/purecosmetics-shop.com\/accueil\/produit\/pure-cleansing-oil-deep-clean\/#primaryimage","url":"https:\/\/purecosmetics-shop.com\/wp-content\/uploads\/2025\/10\/MANYO_PURE_CLEANSING_OIL_DEEP_CLEAN.webp","contentUrl":"https:\/\/purecosmetics-shop.com\/wp-content\/uploads\/2025\/10\/MANYO_PURE_CLEANSING_OIL_DEEP_CLEAN.webp","width":500,"height":500,"caption":"ma:nyo PURE CLEANSING OIL DEEP CLEAN"},{"@type":"BreadcrumbList","@id":"https:\/\/purecosmetics-shop.com\/accueil\/produit\/pure-cleansing-oil-deep-clean\/#breadcrumb","itemListElement":[{"@type":"ListItem","position":1,"name":"Accueil","item":"https:\/\/purecosmetics-shop.com\/accueil\/"},{"@type":"ListItem","position":2,"name":"NOUVEAUT\u00c9S","item":"https:\/\/purecosmetics-shop.com\/accueil\/nouveautes\/"},{"@type":"ListItem","position":3,"name":"PURE CLEANSING OIL DEEP CLEAN"}]},{"@type":"WebSite","@id":"https:\/\/purecosmetics-shop.com\/accueil\/#website","url":"https:\/\/purecosmetics-shop.com\/accueil\/","name":"Pure Cosmetics","description":"Skincare cor\u00e9enne et japonais","publisher":{"@id":"https:\/\/purecosmetics-shop.com\/accueil\/#organization"},"potentialAction":[{"@type":"SearchAction","target":{"@type":"EntryPoint","urlTemplate":"https:\/\/purecosmetics-shop.com\/accueil\/?s={search_term_string}"},"query-input":{"@type":"PropertyValueSpecification","valueRequired":true,"valueName":"search_term_string"}}],"inLanguage":"fr-FR"},{"@type":"Organization","@id":"https:\/\/purecosmetics-shop.com\/accueil\/#organization","name":"Pure Cosmetics","url":"https:\/\/purecosmetics-shop.com\/accueil\/","logo":{"@type":"ImageObject","inLanguage":"fr-FR","@id":"https:\/\/purecosmetics-shop.com\/accueil\/#\/schema\/logo\/image\/","url":"https:\/\/purecosmetics-shop.com\/wp-content\/uploads\/2025\/04\/cropped-Pure-Cosmetics-black-2.png","contentUrl":"https:\/\/purecosmetics-shop.com\/wp-content\/uploads\/2025\/04\/cropped-Pure-Cosmetics-black-2.png","width":2362,"height":2324,"caption":"Pure Cosmetics"},"image":{"@id":"https:\/\/purecosmetics-shop.com\/accueil\/#\/schema\/logo\/image\/"}}]}},"jetpack_sharing_enabled":true,"_links":{"self":[{"href":"https:\/\/purecosmetics-shop.com\/accueil\/wp-json\/wp\/v2\/product\/4562","targetHints":{"allow":["GET"]}}],"collection":[{"href":"https:\/\/purecosmetics-shop.com\/accueil\/wp-json\/wp\/v2\/product"}],"about":[{"href":"https:\/\/purecosmetics-shop.com\/accueil\/wp-json\/wp\/v2\/types\/product"}],"replies":[{"embeddable":true,"href":"https:\/\/purecosmetics-shop.com\/accueil\/wp-json\/wp\/v2\/comments?post=4562"}],"version-history":[{"count":1,"href":"https:\/\/purecosmetics-shop.com\/accueil\/wp-json\/wp\/v2\/product\/4562\/revisions"}],"predecessor-version":[{"id":4568,"href":"https:\/\/purecosmetics-shop.com\/accueil\/wp-json\/wp\/v2\/product\/4562\/revisions\/4568"}],"wp:featuredmedia":[{"embeddable":true,"href":"https:\/\/purecosmetics-shop.com\/accueil\/wp-json\/wp\/v2\/media\/4567"}],"wp:attachment":[{"href":"https:\/\/purecosmetics-shop.com\/accueil\/wp-json\/wp\/v2\/media?parent=4562"}],"wp:term":[{"taxonomy":"product_brand","embeddable":true,"href":"https:\/\/purecosmetics-shop.com\/accueil\/wp-json\/wp\/v2\/product_brand?post=4562"},{"taxonomy":"product_cat","embeddable":true,"href":"https:\/\/purecosmetics-shop.com\/accueil\/wp-json\/wp\/v2\/product_cat?post=4562"},{"taxonomy":"product_tag","embeddable":true,"href":"https:\/\/purecosmetics-shop.com\/accueil\/wp-json\/wp\/v2\/product_tag?post=4562"}],"curies":[{"name":"wp","href":"https:\/\/api.w.org\/{rel}","templated":true}]}}