{"id":4304,"date":"2025-10-01T11:41:50","date_gmt":"2025-10-01T15:41:50","guid":{"rendered":"https:\/\/purecosmetics-shop.com\/accueil\/?post_type=product&#038;p=4304"},"modified":"2026-04-16T01:02:08","modified_gmt":"2026-04-16T05:02:08","slug":"txa-niacinamide-99-night-wrapping-mask","status":"publish","type":"product","link":"https:\/\/purecosmetics-shop.com\/accueil\/produit\/txa-niacinamide-99-night-wrapping-mask\/","title":{"rendered":"TXA NIACINAMIDE 99 NIGHT WRAPPING MASK"},"content":{"rendered":"<p>Retrouvez un teint \u00e9clatant pendant la nuit gr\u00e2ce \u00e0 ce masque de nuit\u00a0!<\/p>\n<p>Riche en niacinamide, acide tranexamique et vitamine C, il illumine le teint, affine le grain de peau et resserre les pores dilat\u00e9s.<\/p>\n<p>L&rsquo;acide hyaluronique et les c\u00e9ramides NP offrent des propri\u00e9t\u00e9s hydratantes et renforcent la barri\u00e8re cutan\u00e9e. Les micro-spicules de la formule permettent aux ingr\u00e9dients actifs de p\u00e9n\u00e9trer profond\u00e9ment dans le derme pour des r\u00e9sultats optimaux.<\/p>\n<p>Cliniquement test\u00e9 pour convenir \u00e0 tous les types de peau, y compris les peaux sensibles.<\/p>\n<p>Mode d&#8217;emploi\u00a0:<\/p>\n<ol>\n<li>Apr\u00e8s avoir appliqu\u00e9 la lotion tonique et la cr\u00e8me, appliquez une quantit\u00e9 mod\u00e9r\u00e9e sur l&rsquo;ensemble du visage en \u00e9vitant le contour des l\u00e8vres et des yeux.<\/li>\n<li>Laissez s\u00e9cher compl\u00e8tement 15 minutes avant de vous coucher.<\/li>\n<li>Retirez le masque ou rincez d\u00e9licatement \u00e0 l&rsquo;eau ti\u00e8de le lendemain matin.<\/li>\n<\/ol>\n","protected":false},"excerpt":{"rendered":"<p>Ce masque enveloppant de nuit contient 99 % de TXA pur et offre un soin tonifiant, un soin des pores, un \u00e9clat et une fermet\u00e9 accrus.<\/p>\n<p>L&rsquo;absorption cutan\u00e9e est am\u00e9lior\u00e9e de 220 % gr\u00e2ce \u00e0 des spicules 25 fois plus petits que les pores et diffuse des ingr\u00e9dients cl\u00e9s pour cibler les irr\u00e9gularit\u00e9s du teint.<\/p>\n<p>Le TXA et les ingr\u00e9dients cl\u00e9s sont enferm\u00e9s dans l&rsquo;enveloppe et agissent pendant la nuit pour cibler les irr\u00e9gularit\u00e9s du teint et la fermet\u00e9 de la peau.<\/p>\n<p>Le TXA pur \u00e0 99 % offre un soin tonifiant peu irritant, la niacinamide am\u00e9liore le teint et affine le grain de peau, la c\u00e9ramide contribue \u00e0 prot\u00e9ger la barri\u00e8re cutan\u00e9e et l&rsquo;acide hyaluronique hydrate la peau en profondeur.<\/p>\n","protected":false},"featured_media":4312,"comment_status":"open","ping_status":"closed","template":"","meta":[],"product_brand":[201],"product_cat":[108,110,23,119],"product_tag":[],"class_list":{"0":"post-4304","1":"product","2":"type-product","3":"status-publish","4":"has-post-thumbnail","6":"product_brand-april-skin","7":"product_cat-anti-imperfections-et-pores","8":"product_cat-anti-tache-et-hyperpigmentation","9":"product_cat-masque","10":"product_cat-peau-sensible","12":"first","13":"instock","14":"shipping-taxable","15":"purchasable","16":"product-type-simple"},"yoast_head":"<!-- This site is optimized with the Yoast SEO plugin v27.4 - https:\/\/yoast.com\/product\/yoast-seo-wordpress\/ -->\n<title>TXA NIACINAMIDE 99 NIGHT WRAPPING MASK - Pure Cosmetics<\/title>\n<meta name=\"robots\" content=\"index, follow, max-snippet:-1, max-image-preview:large, max-video-preview:-1\" \/>\n<link rel=\"canonical\" href=\"https:\/\/purecosmetics-shop.com\/accueil\/produit\/txa-niacinamide-99-night-wrapping-mask\/\" \/>\n<meta property=\"og:locale\" content=\"fr_FR\" \/>\n<meta property=\"og:type\" content=\"article\" \/>\n<meta property=\"og:title\" content=\"TXA NIACINAMIDE 99 NIGHT WRAPPING MASK - Pure Cosmetics\" \/>\n<meta property=\"og:description\" content=\"Ce masque enveloppant de nuit contient 99 % de TXA pur et offre un soin tonifiant, un soin des pores, un \u00e9clat et une fermet\u00e9 accrus.  L&#039;absorption cutan\u00e9e est am\u00e9lior\u00e9e de 220 % gr\u00e2ce \u00e0 des spicules 25 fois plus petits que les pores et diffuse des ingr\u00e9dients cl\u00e9s pour cibler les irr\u00e9gularit\u00e9s du teint.  Le TXA et les ingr\u00e9dients cl\u00e9s sont enferm\u00e9s dans l&#039;enveloppe et agissent pendant la nuit pour cibler les irr\u00e9gularit\u00e9s du teint et la fermet\u00e9 de la peau.  Le TXA pur \u00e0 99 % offre un soin tonifiant peu irritant, la niacinamide am\u00e9liore le teint et affine le grain de peau, la c\u00e9ramide contribue \u00e0 prot\u00e9ger la barri\u00e8re cutan\u00e9e et l&#039;acide hyaluronique hydrate la peau en profondeur.\" \/>\n<meta property=\"og:url\" content=\"https:\/\/purecosmetics-shop.com\/accueil\/produit\/txa-niacinamide-99-night-wrapping-mask\/\" \/>\n<meta property=\"og:site_name\" content=\"Pure Cosmetics\" \/>\n<meta property=\"article:modified_time\" content=\"2026-04-16T05:02:08+00:00\" \/>\n<meta property=\"og:image\" content=\"https:\/\/purecosmetics-shop.com\/wp-content\/uploads\/2025\/10\/APRILSKIN_TXA_NIACINAMIDE_99_NIGHT_WRAPPING_MASK.webp\" \/>\n\t<meta property=\"og:image:width\" content=\"640\" \/>\n\t<meta property=\"og:image:height\" content=\"640\" \/>\n\t<meta property=\"og:image:type\" content=\"image\/webp\" \/>\n<meta name=\"twitter:card\" content=\"summary_large_image\" \/>\n<meta name=\"twitter:label1\" content=\"Dur\u00e9e de lecture estim\u00e9e\" \/>\n\t<meta name=\"twitter:data1\" content=\"1 minute\" \/>\n<script type=\"application\/ld+json\" class=\"yoast-schema-graph\">{\"@context\":\"https:\\\/\\\/schema.org\",\"@graph\":[{\"@type\":\"WebPage\",\"@id\":\"https:\\\/\\\/purecosmetics-shop.com\\\/accueil\\\/produit\\\/txa-niacinamide-99-night-wrapping-mask\\\/\",\"url\":\"https:\\\/\\\/purecosmetics-shop.com\\\/accueil\\\/produit\\\/txa-niacinamide-99-night-wrapping-mask\\\/\",\"name\":\"TXA NIACINAMIDE 99 NIGHT WRAPPING MASK - Pure Cosmetics\",\"isPartOf\":{\"@id\":\"https:\\\/\\\/purecosmetics-shop.com\\\/accueil\\\/#website\"},\"primaryImageOfPage\":{\"@id\":\"https:\\\/\\\/purecosmetics-shop.com\\\/accueil\\\/produit\\\/txa-niacinamide-99-night-wrapping-mask\\\/#primaryimage\"},\"image\":{\"@id\":\"https:\\\/\\\/purecosmetics-shop.com\\\/accueil\\\/produit\\\/txa-niacinamide-99-night-wrapping-mask\\\/#primaryimage\"},\"thumbnailUrl\":\"https:\\\/\\\/purecosmetics-shop.com\\\/wp-content\\\/uploads\\\/2025\\\/10\\\/APRILSKIN_TXA_NIACINAMIDE_99_NIGHT_WRAPPING_MASK.webp\",\"datePublished\":\"2025-10-01T15:41:50+00:00\",\"dateModified\":\"2026-04-16T05:02:08+00:00\",\"breadcrumb\":{\"@id\":\"https:\\\/\\\/purecosmetics-shop.com\\\/accueil\\\/produit\\\/txa-niacinamide-99-night-wrapping-mask\\\/#breadcrumb\"},\"inLanguage\":\"fr-FR\",\"potentialAction\":[{\"@type\":\"ReadAction\",\"target\":[\"https:\\\/\\\/purecosmetics-shop.com\\\/accueil\\\/produit\\\/txa-niacinamide-99-night-wrapping-mask\\\/\"]}]},{\"@type\":\"ImageObject\",\"inLanguage\":\"fr-FR\",\"@id\":\"https:\\\/\\\/purecosmetics-shop.com\\\/accueil\\\/produit\\\/txa-niacinamide-99-night-wrapping-mask\\\/#primaryimage\",\"url\":\"https:\\\/\\\/purecosmetics-shop.com\\\/wp-content\\\/uploads\\\/2025\\\/10\\\/APRILSKIN_TXA_NIACINAMIDE_99_NIGHT_WRAPPING_MASK.webp\",\"contentUrl\":\"https:\\\/\\\/purecosmetics-shop.com\\\/wp-content\\\/uploads\\\/2025\\\/10\\\/APRILSKIN_TXA_NIACINAMIDE_99_NIGHT_WRAPPING_MASK.webp\",\"width\":640,\"height\":640,\"caption\":\"APRIL SKIN TXA NIACINAMIDE 99 NIGHT WRAPPING MASK\"},{\"@type\":\"BreadcrumbList\",\"@id\":\"https:\\\/\\\/purecosmetics-shop.com\\\/accueil\\\/produit\\\/txa-niacinamide-99-night-wrapping-mask\\\/#breadcrumb\",\"itemListElement\":[{\"@type\":\"ListItem\",\"position\":1,\"name\":\"Accueil\",\"item\":\"https:\\\/\\\/purecosmetics-shop.com\\\/accueil\\\/\"},{\"@type\":\"ListItem\",\"position\":2,\"name\":\"NOUVEAUT\u00c9S\",\"item\":\"https:\\\/\\\/purecosmetics-shop.com\\\/accueil\\\/nouveautes\\\/\"},{\"@type\":\"ListItem\",\"position\":3,\"name\":\"TXA NIACINAMIDE 99 NIGHT WRAPPING MASK\"}]},{\"@type\":\"WebSite\",\"@id\":\"https:\\\/\\\/purecosmetics-shop.com\\\/accueil\\\/#website\",\"url\":\"https:\\\/\\\/purecosmetics-shop.com\\\/accueil\\\/\",\"name\":\"Pure Cosmetics\",\"description\":\"Skincare cor\u00e9enne et japonais\",\"publisher\":{\"@id\":\"https:\\\/\\\/purecosmetics-shop.com\\\/accueil\\\/#organization\"},\"potentialAction\":[{\"@type\":\"SearchAction\",\"target\":{\"@type\":\"EntryPoint\",\"urlTemplate\":\"https:\\\/\\\/purecosmetics-shop.com\\\/accueil\\\/?s={search_term_string}\"},\"query-input\":{\"@type\":\"PropertyValueSpecification\",\"valueRequired\":true,\"valueName\":\"search_term_string\"}}],\"inLanguage\":\"fr-FR\"},{\"@type\":\"Organization\",\"@id\":\"https:\\\/\\\/purecosmetics-shop.com\\\/accueil\\\/#organization\",\"name\":\"Pure Cosmetics\",\"url\":\"https:\\\/\\\/purecosmetics-shop.com\\\/accueil\\\/\",\"logo\":{\"@type\":\"ImageObject\",\"inLanguage\":\"fr-FR\",\"@id\":\"https:\\\/\\\/purecosmetics-shop.com\\\/accueil\\\/#\\\/schema\\\/logo\\\/image\\\/\",\"url\":\"https:\\\/\\\/purecosmetics-shop.com\\\/wp-content\\\/uploads\\\/2025\\\/04\\\/cropped-Pure-Cosmetics-black-2.png\",\"contentUrl\":\"https:\\\/\\\/purecosmetics-shop.com\\\/wp-content\\\/uploads\\\/2025\\\/04\\\/cropped-Pure-Cosmetics-black-2.png\",\"width\":2362,\"height\":2324,\"caption\":\"Pure Cosmetics\"},\"image\":{\"@id\":\"https:\\\/\\\/purecosmetics-shop.com\\\/accueil\\\/#\\\/schema\\\/logo\\\/image\\\/\"}}]}<\/script>\n<!-- \/ Yoast SEO plugin. -->","yoast_head_json":{"title":"TXA NIACINAMIDE 99 NIGHT WRAPPING MASK - Pure Cosmetics","robots":{"index":"index","follow":"follow","max-snippet":"max-snippet:-1","max-image-preview":"max-image-preview:large","max-video-preview":"max-video-preview:-1"},"canonical":"https:\/\/purecosmetics-shop.com\/accueil\/produit\/txa-niacinamide-99-night-wrapping-mask\/","og_locale":"fr_FR","og_type":"article","og_title":"TXA NIACINAMIDE 99 NIGHT WRAPPING MASK - Pure Cosmetics","og_description":"Ce masque enveloppant de nuit contient 99 % de TXA pur et offre un soin tonifiant, un soin des pores, un \u00e9clat et une fermet\u00e9 accrus.  L'absorption cutan\u00e9e est am\u00e9lior\u00e9e de 220 % gr\u00e2ce \u00e0 des spicules 25 fois plus petits que les pores et diffuse des ingr\u00e9dients cl\u00e9s pour cibler les irr\u00e9gularit\u00e9s du teint.  Le TXA et les ingr\u00e9dients cl\u00e9s sont enferm\u00e9s dans l'enveloppe et agissent pendant la nuit pour cibler les irr\u00e9gularit\u00e9s du teint et la fermet\u00e9 de la peau.  Le TXA pur \u00e0 99 % offre un soin tonifiant peu irritant, la niacinamide am\u00e9liore le teint et affine le grain de peau, la c\u00e9ramide contribue \u00e0 prot\u00e9ger la barri\u00e8re cutan\u00e9e et l'acide hyaluronique hydrate la peau en profondeur.","og_url":"https:\/\/purecosmetics-shop.com\/accueil\/produit\/txa-niacinamide-99-night-wrapping-mask\/","og_site_name":"Pure Cosmetics","article_modified_time":"2026-04-16T05:02:08+00:00","og_image":[{"width":640,"height":640,"url":"https:\/\/purecosmetics-shop.com\/wp-content\/uploads\/2025\/10\/APRILSKIN_TXA_NIACINAMIDE_99_NIGHT_WRAPPING_MASK.webp","type":"image\/webp"}],"twitter_card":"summary_large_image","twitter_misc":{"Dur\u00e9e de lecture estim\u00e9e":"1 minute"},"schema":{"@context":"https:\/\/schema.org","@graph":[{"@type":"WebPage","@id":"https:\/\/purecosmetics-shop.com\/accueil\/produit\/txa-niacinamide-99-night-wrapping-mask\/","url":"https:\/\/purecosmetics-shop.com\/accueil\/produit\/txa-niacinamide-99-night-wrapping-mask\/","name":"TXA NIACINAMIDE 99 NIGHT WRAPPING MASK - Pure Cosmetics","isPartOf":{"@id":"https:\/\/purecosmetics-shop.com\/accueil\/#website"},"primaryImageOfPage":{"@id":"https:\/\/purecosmetics-shop.com\/accueil\/produit\/txa-niacinamide-99-night-wrapping-mask\/#primaryimage"},"image":{"@id":"https:\/\/purecosmetics-shop.com\/accueil\/produit\/txa-niacinamide-99-night-wrapping-mask\/#primaryimage"},"thumbnailUrl":"https:\/\/purecosmetics-shop.com\/wp-content\/uploads\/2025\/10\/APRILSKIN_TXA_NIACINAMIDE_99_NIGHT_WRAPPING_MASK.webp","datePublished":"2025-10-01T15:41:50+00:00","dateModified":"2026-04-16T05:02:08+00:00","breadcrumb":{"@id":"https:\/\/purecosmetics-shop.com\/accueil\/produit\/txa-niacinamide-99-night-wrapping-mask\/#breadcrumb"},"inLanguage":"fr-FR","potentialAction":[{"@type":"ReadAction","target":["https:\/\/purecosmetics-shop.com\/accueil\/produit\/txa-niacinamide-99-night-wrapping-mask\/"]}]},{"@type":"ImageObject","inLanguage":"fr-FR","@id":"https:\/\/purecosmetics-shop.com\/accueil\/produit\/txa-niacinamide-99-night-wrapping-mask\/#primaryimage","url":"https:\/\/purecosmetics-shop.com\/wp-content\/uploads\/2025\/10\/APRILSKIN_TXA_NIACINAMIDE_99_NIGHT_WRAPPING_MASK.webp","contentUrl":"https:\/\/purecosmetics-shop.com\/wp-content\/uploads\/2025\/10\/APRILSKIN_TXA_NIACINAMIDE_99_NIGHT_WRAPPING_MASK.webp","width":640,"height":640,"caption":"APRIL SKIN TXA NIACINAMIDE 99 NIGHT WRAPPING MASK"},{"@type":"BreadcrumbList","@id":"https:\/\/purecosmetics-shop.com\/accueil\/produit\/txa-niacinamide-99-night-wrapping-mask\/#breadcrumb","itemListElement":[{"@type":"ListItem","position":1,"name":"Accueil","item":"https:\/\/purecosmetics-shop.com\/accueil\/"},{"@type":"ListItem","position":2,"name":"NOUVEAUT\u00c9S","item":"https:\/\/purecosmetics-shop.com\/accueil\/nouveautes\/"},{"@type":"ListItem","position":3,"name":"TXA NIACINAMIDE 99 NIGHT WRAPPING MASK"}]},{"@type":"WebSite","@id":"https:\/\/purecosmetics-shop.com\/accueil\/#website","url":"https:\/\/purecosmetics-shop.com\/accueil\/","name":"Pure Cosmetics","description":"Skincare cor\u00e9enne et japonais","publisher":{"@id":"https:\/\/purecosmetics-shop.com\/accueil\/#organization"},"potentialAction":[{"@type":"SearchAction","target":{"@type":"EntryPoint","urlTemplate":"https:\/\/purecosmetics-shop.com\/accueil\/?s={search_term_string}"},"query-input":{"@type":"PropertyValueSpecification","valueRequired":true,"valueName":"search_term_string"}}],"inLanguage":"fr-FR"},{"@type":"Organization","@id":"https:\/\/purecosmetics-shop.com\/accueil\/#organization","name":"Pure Cosmetics","url":"https:\/\/purecosmetics-shop.com\/accueil\/","logo":{"@type":"ImageObject","inLanguage":"fr-FR","@id":"https:\/\/purecosmetics-shop.com\/accueil\/#\/schema\/logo\/image\/","url":"https:\/\/purecosmetics-shop.com\/wp-content\/uploads\/2025\/04\/cropped-Pure-Cosmetics-black-2.png","contentUrl":"https:\/\/purecosmetics-shop.com\/wp-content\/uploads\/2025\/04\/cropped-Pure-Cosmetics-black-2.png","width":2362,"height":2324,"caption":"Pure Cosmetics"},"image":{"@id":"https:\/\/purecosmetics-shop.com\/accueil\/#\/schema\/logo\/image\/"}}]}},"jetpack_sharing_enabled":true,"_links":{"self":[{"href":"https:\/\/purecosmetics-shop.com\/accueil\/wp-json\/wp\/v2\/product\/4304","targetHints":{"allow":["GET"]}}],"collection":[{"href":"https:\/\/purecosmetics-shop.com\/accueil\/wp-json\/wp\/v2\/product"}],"about":[{"href":"https:\/\/purecosmetics-shop.com\/accueil\/wp-json\/wp\/v2\/types\/product"}],"replies":[{"embeddable":true,"href":"https:\/\/purecosmetics-shop.com\/accueil\/wp-json\/wp\/v2\/comments?post=4304"}],"version-history":[{"count":3,"href":"https:\/\/purecosmetics-shop.com\/accueil\/wp-json\/wp\/v2\/product\/4304\/revisions"}],"predecessor-version":[{"id":4427,"href":"https:\/\/purecosmetics-shop.com\/accueil\/wp-json\/wp\/v2\/product\/4304\/revisions\/4427"}],"wp:featuredmedia":[{"embeddable":true,"href":"https:\/\/purecosmetics-shop.com\/accueil\/wp-json\/wp\/v2\/media\/4312"}],"wp:attachment":[{"href":"https:\/\/purecosmetics-shop.com\/accueil\/wp-json\/wp\/v2\/media?parent=4304"}],"wp:term":[{"taxonomy":"product_brand","embeddable":true,"href":"https:\/\/purecosmetics-shop.com\/accueil\/wp-json\/wp\/v2\/product_brand?post=4304"},{"taxonomy":"product_cat","embeddable":true,"href":"https:\/\/purecosmetics-shop.com\/accueil\/wp-json\/wp\/v2\/product_cat?post=4304"},{"taxonomy":"product_tag","embeddable":true,"href":"https:\/\/purecosmetics-shop.com\/accueil\/wp-json\/wp\/v2\/product_tag?post=4304"}],"curies":[{"name":"wp","href":"https:\/\/api.w.org\/{rel}","templated":true}]}}