{"id":4243,"date":"2025-10-01T10:28:04","date_gmt":"2025-10-01T14:28:04","guid":{"rendered":"https:\/\/purecosmetics-shop.com\/accueil\/?post_type=product&#038;p=4243"},"modified":"2026-04-18T05:44:48","modified_gmt":"2026-04-18T09:44:48","slug":"seoul-1988-eye-cream-retinal-liposome-4-fermented-bean","status":"publish","type":"product","link":"https:\/\/purecosmetics-shop.com\/accueil\/produit\/seoul-1988-eye-cream-retinal-liposome-4-fermented-bean\/","title":{"rendered":"SEOUL 1988 Eye Cream : Retinal Liposome 4% + Fermented Bean"},"content":{"rendered":"<p>Cette cr\u00e8me contour des yeux enrichie de 4 % de liposomes de r\u00e9tinal et d&rsquo;extrait de ferment de lactobacille\/soja offre des effets anti-\u00e2ge et \u00e9claircissants, am\u00e9liore le grain de peau et r\u00e9duit l&rsquo;apparence des rides avec un minimum d&rsquo;irritation.<br \/>\nLes 4 % de liposomes de r\u00e9tinal sont convertis en 0,04 % de r\u00e9tinal pur pour encapsuler le r\u00e9tinal et le diffuser dans les couches profondes de l&rsquo;\u00e9piderme.<br \/>\nFormul\u00e9e avec du bakuchiol, des vitamines C et E et 3 types de peptides qui stimulent la production de collag\u00e8ne pour un effet anti-rides.<br \/>\nEnrichie de 5 types d&rsquo;extraits de racines de plantes aux effets antioxydants et d&rsquo;un filtrat de ferment de racine de lactobacille\/panax ginseng qui apaise la peau.<\/p>\n","protected":false},"excerpt":{"rendered":"<p>Soulagez les poches et les rides sous les yeux gr\u00e2ce \u00e0 cette cr\u00e8me contour des yeux puissante, formul\u00e9e avec 4 % de liposomes de r\u00e9tinal et un extrait de ferment de soja.<\/p>\n<p>Le bakuchiol, la vitamine C, la vitamine E et trois peptides illuminent la peau et stimulent son \u00e9lasticit\u00e9 pour un effet antirides.<\/p>\n<p>Enrichie en cinq extraits de racines et cinq extraits de plantes ferment\u00e9es pour des bienfaits antioxydants, elle convient \u00e0 tous les types de peau, en particulier aux peaux matures.<\/p>\n<p>Sa texture cr\u00e9meuse non grasse s&rsquo;absorbe instantan\u00e9ment, laissant un fini lisse et soyeux.<\/p>\n","protected":false},"featured_media":4251,"comment_status":"open","ping_status":"closed","template":"","meta":[],"product_brand":[199],"product_cat":[111,22],"product_tag":[],"class_list":{"0":"post-4243","1":"product","2":"type-product","3":"status-publish","4":"has-post-thumbnail","6":"product_brand-ksecret","7":"product_cat-cernes-et-poches","8":"product_cat-yeux","10":"first","11":"instock","12":"shipping-taxable","13":"purchasable","14":"product-type-simple"},"yoast_head":"<!-- This site is optimized with the Yoast SEO plugin v27.4 - https:\/\/yoast.com\/product\/yoast-seo-wordpress\/ -->\n<title>SEOUL 1988 Eye Cream : Retinal Liposome 4% + Fermented Bean - Pure Cosmetics<\/title>\n<meta name=\"robots\" content=\"index, follow, max-snippet:-1, max-image-preview:large, max-video-preview:-1\" \/>\n<link rel=\"canonical\" href=\"https:\/\/purecosmetics-shop.com\/accueil\/produit\/seoul-1988-eye-cream-retinal-liposome-4-fermented-bean\/\" \/>\n<meta property=\"og:locale\" content=\"fr_FR\" \/>\n<meta property=\"og:type\" content=\"article\" \/>\n<meta property=\"og:title\" content=\"SEOUL 1988 Eye Cream : Retinal Liposome 4% + Fermented Bean - Pure Cosmetics\" \/>\n<meta property=\"og:description\" content=\"Soulagez les poches et les rides sous les yeux gr\u00e2ce \u00e0 cette cr\u00e8me contour des yeux puissante, formul\u00e9e avec 4 % de liposomes de r\u00e9tinal et un extrait de ferment de soja.  Le bakuchiol, la vitamine C, la vitamine E et trois peptides illuminent la peau et stimulent son \u00e9lasticit\u00e9 pour un effet antirides.  Enrichie en cinq extraits de racines et cinq extraits de plantes ferment\u00e9es pour des bienfaits antioxydants, elle convient \u00e0 tous les types de peau, en particulier aux peaux matures.  Sa texture cr\u00e9meuse non grasse s&#039;absorbe instantan\u00e9ment, laissant un fini lisse et soyeux.\" \/>\n<meta property=\"og:url\" content=\"https:\/\/purecosmetics-shop.com\/accueil\/produit\/seoul-1988-eye-cream-retinal-liposome-4-fermented-bean\/\" \/>\n<meta property=\"og:site_name\" content=\"Pure Cosmetics\" \/>\n<meta property=\"article:modified_time\" content=\"2026-04-18T09:44:48+00:00\" \/>\n<meta property=\"og:image\" content=\"https:\/\/purecosmetics-shop.com\/wp-content\/uploads\/2025\/10\/KSECRET_SEOUL_1988_Eye_Cream_Retinal_Liposome_4_Fermented_Bean-e1759328983298.webp\" \/>\n\t<meta property=\"og:image:width\" content=\"600\" \/>\n\t<meta property=\"og:image:height\" content=\"600\" \/>\n\t<meta property=\"og:image:type\" content=\"image\/webp\" \/>\n<meta name=\"twitter:card\" content=\"summary_large_image\" \/>\n<meta name=\"twitter:label1\" content=\"Dur\u00e9e de lecture estim\u00e9e\" \/>\n\t<meta name=\"twitter:data1\" content=\"1 minute\" \/>\n<script type=\"application\/ld+json\" class=\"yoast-schema-graph\">{\"@context\":\"https:\\\/\\\/schema.org\",\"@graph\":[{\"@type\":\"WebPage\",\"@id\":\"https:\\\/\\\/purecosmetics-shop.com\\\/accueil\\\/produit\\\/seoul-1988-eye-cream-retinal-liposome-4-fermented-bean\\\/\",\"url\":\"https:\\\/\\\/purecosmetics-shop.com\\\/accueil\\\/produit\\\/seoul-1988-eye-cream-retinal-liposome-4-fermented-bean\\\/\",\"name\":\"SEOUL 1988 Eye Cream : Retinal Liposome 4% + Fermented Bean - Pure Cosmetics\",\"isPartOf\":{\"@id\":\"https:\\\/\\\/purecosmetics-shop.com\\\/accueil\\\/#website\"},\"primaryImageOfPage\":{\"@id\":\"https:\\\/\\\/purecosmetics-shop.com\\\/accueil\\\/produit\\\/seoul-1988-eye-cream-retinal-liposome-4-fermented-bean\\\/#primaryimage\"},\"image\":{\"@id\":\"https:\\\/\\\/purecosmetics-shop.com\\\/accueil\\\/produit\\\/seoul-1988-eye-cream-retinal-liposome-4-fermented-bean\\\/#primaryimage\"},\"thumbnailUrl\":\"https:\\\/\\\/purecosmetics-shop.com\\\/wp-content\\\/uploads\\\/2025\\\/10\\\/KSECRET_SEOUL_1988_Eye_Cream_Retinal_Liposome_4_Fermented_Bean-e1759328983298.webp\",\"datePublished\":\"2025-10-01T14:28:04+00:00\",\"dateModified\":\"2026-04-18T09:44:48+00:00\",\"breadcrumb\":{\"@id\":\"https:\\\/\\\/purecosmetics-shop.com\\\/accueil\\\/produit\\\/seoul-1988-eye-cream-retinal-liposome-4-fermented-bean\\\/#breadcrumb\"},\"inLanguage\":\"fr-FR\",\"potentialAction\":[{\"@type\":\"ReadAction\",\"target\":[\"https:\\\/\\\/purecosmetics-shop.com\\\/accueil\\\/produit\\\/seoul-1988-eye-cream-retinal-liposome-4-fermented-bean\\\/\"]}]},{\"@type\":\"ImageObject\",\"inLanguage\":\"fr-FR\",\"@id\":\"https:\\\/\\\/purecosmetics-shop.com\\\/accueil\\\/produit\\\/seoul-1988-eye-cream-retinal-liposome-4-fermented-bean\\\/#primaryimage\",\"url\":\"https:\\\/\\\/purecosmetics-shop.com\\\/wp-content\\\/uploads\\\/2025\\\/10\\\/KSECRET_SEOUL_1988_Eye_Cream_Retinal_Liposome_4_Fermented_Bean-e1759328983298.webp\",\"contentUrl\":\"https:\\\/\\\/purecosmetics-shop.com\\\/wp-content\\\/uploads\\\/2025\\\/10\\\/KSECRET_SEOUL_1988_Eye_Cream_Retinal_Liposome_4_Fermented_Bean-e1759328983298.webp\",\"width\":600,\"height\":600,\"caption\":\"KSECRET SEOUL 1988 Eye Cream : Retinal Liposome 4% + Fermented Bean\"},{\"@type\":\"BreadcrumbList\",\"@id\":\"https:\\\/\\\/purecosmetics-shop.com\\\/accueil\\\/produit\\\/seoul-1988-eye-cream-retinal-liposome-4-fermented-bean\\\/#breadcrumb\",\"itemListElement\":[{\"@type\":\"ListItem\",\"position\":1,\"name\":\"Accueil\",\"item\":\"https:\\\/\\\/purecosmetics-shop.com\\\/accueil\\\/\"},{\"@type\":\"ListItem\",\"position\":2,\"name\":\"NOUVEAUT\u00c9S\",\"item\":\"https:\\\/\\\/purecosmetics-shop.com\\\/accueil\\\/nouveautes\\\/\"},{\"@type\":\"ListItem\",\"position\":3,\"name\":\"SEOUL 1988 Eye Cream : Retinal Liposome 4% + Fermented Bean\"}]},{\"@type\":\"WebSite\",\"@id\":\"https:\\\/\\\/purecosmetics-shop.com\\\/accueil\\\/#website\",\"url\":\"https:\\\/\\\/purecosmetics-shop.com\\\/accueil\\\/\",\"name\":\"Pure Cosmetics\",\"description\":\"Skincare cor\u00e9enne et japonais\",\"publisher\":{\"@id\":\"https:\\\/\\\/purecosmetics-shop.com\\\/accueil\\\/#organization\"},\"potentialAction\":[{\"@type\":\"SearchAction\",\"target\":{\"@type\":\"EntryPoint\",\"urlTemplate\":\"https:\\\/\\\/purecosmetics-shop.com\\\/accueil\\\/?s={search_term_string}\"},\"query-input\":{\"@type\":\"PropertyValueSpecification\",\"valueRequired\":true,\"valueName\":\"search_term_string\"}}],\"inLanguage\":\"fr-FR\"},{\"@type\":\"Organization\",\"@id\":\"https:\\\/\\\/purecosmetics-shop.com\\\/accueil\\\/#organization\",\"name\":\"Pure Cosmetics\",\"url\":\"https:\\\/\\\/purecosmetics-shop.com\\\/accueil\\\/\",\"logo\":{\"@type\":\"ImageObject\",\"inLanguage\":\"fr-FR\",\"@id\":\"https:\\\/\\\/purecosmetics-shop.com\\\/accueil\\\/#\\\/schema\\\/logo\\\/image\\\/\",\"url\":\"https:\\\/\\\/purecosmetics-shop.com\\\/wp-content\\\/uploads\\\/2025\\\/04\\\/cropped-Pure-Cosmetics-black-2.png\",\"contentUrl\":\"https:\\\/\\\/purecosmetics-shop.com\\\/wp-content\\\/uploads\\\/2025\\\/04\\\/cropped-Pure-Cosmetics-black-2.png\",\"width\":2362,\"height\":2324,\"caption\":\"Pure Cosmetics\"},\"image\":{\"@id\":\"https:\\\/\\\/purecosmetics-shop.com\\\/accueil\\\/#\\\/schema\\\/logo\\\/image\\\/\"}}]}<\/script>\n<!-- \/ Yoast SEO plugin. -->","yoast_head_json":{"title":"SEOUL 1988 Eye Cream : Retinal Liposome 4% + Fermented Bean - Pure Cosmetics","robots":{"index":"index","follow":"follow","max-snippet":"max-snippet:-1","max-image-preview":"max-image-preview:large","max-video-preview":"max-video-preview:-1"},"canonical":"https:\/\/purecosmetics-shop.com\/accueil\/produit\/seoul-1988-eye-cream-retinal-liposome-4-fermented-bean\/","og_locale":"fr_FR","og_type":"article","og_title":"SEOUL 1988 Eye Cream : Retinal Liposome 4% + Fermented Bean - Pure Cosmetics","og_description":"Soulagez les poches et les rides sous les yeux gr\u00e2ce \u00e0 cette cr\u00e8me contour des yeux puissante, formul\u00e9e avec 4 % de liposomes de r\u00e9tinal et un extrait de ferment de soja.  Le bakuchiol, la vitamine C, la vitamine E et trois peptides illuminent la peau et stimulent son \u00e9lasticit\u00e9 pour un effet antirides.  Enrichie en cinq extraits de racines et cinq extraits de plantes ferment\u00e9es pour des bienfaits antioxydants, elle convient \u00e0 tous les types de peau, en particulier aux peaux matures.  Sa texture cr\u00e9meuse non grasse s'absorbe instantan\u00e9ment, laissant un fini lisse et soyeux.","og_url":"https:\/\/purecosmetics-shop.com\/accueil\/produit\/seoul-1988-eye-cream-retinal-liposome-4-fermented-bean\/","og_site_name":"Pure Cosmetics","article_modified_time":"2026-04-18T09:44:48+00:00","og_image":[{"width":600,"height":600,"url":"https:\/\/purecosmetics-shop.com\/wp-content\/uploads\/2025\/10\/KSECRET_SEOUL_1988_Eye_Cream_Retinal_Liposome_4_Fermented_Bean-e1759328983298.webp","type":"image\/webp"}],"twitter_card":"summary_large_image","twitter_misc":{"Dur\u00e9e de lecture estim\u00e9e":"1 minute"},"schema":{"@context":"https:\/\/schema.org","@graph":[{"@type":"WebPage","@id":"https:\/\/purecosmetics-shop.com\/accueil\/produit\/seoul-1988-eye-cream-retinal-liposome-4-fermented-bean\/","url":"https:\/\/purecosmetics-shop.com\/accueil\/produit\/seoul-1988-eye-cream-retinal-liposome-4-fermented-bean\/","name":"SEOUL 1988 Eye Cream : Retinal Liposome 4% + Fermented Bean - Pure Cosmetics","isPartOf":{"@id":"https:\/\/purecosmetics-shop.com\/accueil\/#website"},"primaryImageOfPage":{"@id":"https:\/\/purecosmetics-shop.com\/accueil\/produit\/seoul-1988-eye-cream-retinal-liposome-4-fermented-bean\/#primaryimage"},"image":{"@id":"https:\/\/purecosmetics-shop.com\/accueil\/produit\/seoul-1988-eye-cream-retinal-liposome-4-fermented-bean\/#primaryimage"},"thumbnailUrl":"https:\/\/purecosmetics-shop.com\/wp-content\/uploads\/2025\/10\/KSECRET_SEOUL_1988_Eye_Cream_Retinal_Liposome_4_Fermented_Bean-e1759328983298.webp","datePublished":"2025-10-01T14:28:04+00:00","dateModified":"2026-04-18T09:44:48+00:00","breadcrumb":{"@id":"https:\/\/purecosmetics-shop.com\/accueil\/produit\/seoul-1988-eye-cream-retinal-liposome-4-fermented-bean\/#breadcrumb"},"inLanguage":"fr-FR","potentialAction":[{"@type":"ReadAction","target":["https:\/\/purecosmetics-shop.com\/accueil\/produit\/seoul-1988-eye-cream-retinal-liposome-4-fermented-bean\/"]}]},{"@type":"ImageObject","inLanguage":"fr-FR","@id":"https:\/\/purecosmetics-shop.com\/accueil\/produit\/seoul-1988-eye-cream-retinal-liposome-4-fermented-bean\/#primaryimage","url":"https:\/\/purecosmetics-shop.com\/wp-content\/uploads\/2025\/10\/KSECRET_SEOUL_1988_Eye_Cream_Retinal_Liposome_4_Fermented_Bean-e1759328983298.webp","contentUrl":"https:\/\/purecosmetics-shop.com\/wp-content\/uploads\/2025\/10\/KSECRET_SEOUL_1988_Eye_Cream_Retinal_Liposome_4_Fermented_Bean-e1759328983298.webp","width":600,"height":600,"caption":"KSECRET SEOUL 1988 Eye Cream : Retinal Liposome 4% + Fermented Bean"},{"@type":"BreadcrumbList","@id":"https:\/\/purecosmetics-shop.com\/accueil\/produit\/seoul-1988-eye-cream-retinal-liposome-4-fermented-bean\/#breadcrumb","itemListElement":[{"@type":"ListItem","position":1,"name":"Accueil","item":"https:\/\/purecosmetics-shop.com\/accueil\/"},{"@type":"ListItem","position":2,"name":"NOUVEAUT\u00c9S","item":"https:\/\/purecosmetics-shop.com\/accueil\/nouveautes\/"},{"@type":"ListItem","position":3,"name":"SEOUL 1988 Eye Cream : Retinal Liposome 4% + Fermented Bean"}]},{"@type":"WebSite","@id":"https:\/\/purecosmetics-shop.com\/accueil\/#website","url":"https:\/\/purecosmetics-shop.com\/accueil\/","name":"Pure Cosmetics","description":"Skincare cor\u00e9enne et japonais","publisher":{"@id":"https:\/\/purecosmetics-shop.com\/accueil\/#organization"},"potentialAction":[{"@type":"SearchAction","target":{"@type":"EntryPoint","urlTemplate":"https:\/\/purecosmetics-shop.com\/accueil\/?s={search_term_string}"},"query-input":{"@type":"PropertyValueSpecification","valueRequired":true,"valueName":"search_term_string"}}],"inLanguage":"fr-FR"},{"@type":"Organization","@id":"https:\/\/purecosmetics-shop.com\/accueil\/#organization","name":"Pure Cosmetics","url":"https:\/\/purecosmetics-shop.com\/accueil\/","logo":{"@type":"ImageObject","inLanguage":"fr-FR","@id":"https:\/\/purecosmetics-shop.com\/accueil\/#\/schema\/logo\/image\/","url":"https:\/\/purecosmetics-shop.com\/wp-content\/uploads\/2025\/04\/cropped-Pure-Cosmetics-black-2.png","contentUrl":"https:\/\/purecosmetics-shop.com\/wp-content\/uploads\/2025\/04\/cropped-Pure-Cosmetics-black-2.png","width":2362,"height":2324,"caption":"Pure Cosmetics"},"image":{"@id":"https:\/\/purecosmetics-shop.com\/accueil\/#\/schema\/logo\/image\/"}}]}},"jetpack_sharing_enabled":true,"_links":{"self":[{"href":"https:\/\/purecosmetics-shop.com\/accueil\/wp-json\/wp\/v2\/product\/4243","targetHints":{"allow":["GET"]}}],"collection":[{"href":"https:\/\/purecosmetics-shop.com\/accueil\/wp-json\/wp\/v2\/product"}],"about":[{"href":"https:\/\/purecosmetics-shop.com\/accueil\/wp-json\/wp\/v2\/types\/product"}],"replies":[{"embeddable":true,"href":"https:\/\/purecosmetics-shop.com\/accueil\/wp-json\/wp\/v2\/comments?post=4243"}],"version-history":[{"count":3,"href":"https:\/\/purecosmetics-shop.com\/accueil\/wp-json\/wp\/v2\/product\/4243\/revisions"}],"predecessor-version":[{"id":4438,"href":"https:\/\/purecosmetics-shop.com\/accueil\/wp-json\/wp\/v2\/product\/4243\/revisions\/4438"}],"wp:featuredmedia":[{"embeddable":true,"href":"https:\/\/purecosmetics-shop.com\/accueil\/wp-json\/wp\/v2\/media\/4251"}],"wp:attachment":[{"href":"https:\/\/purecosmetics-shop.com\/accueil\/wp-json\/wp\/v2\/media?parent=4243"}],"wp:term":[{"taxonomy":"product_brand","embeddable":true,"href":"https:\/\/purecosmetics-shop.com\/accueil\/wp-json\/wp\/v2\/product_brand?post=4243"},{"taxonomy":"product_cat","embeddable":true,"href":"https:\/\/purecosmetics-shop.com\/accueil\/wp-json\/wp\/v2\/product_cat?post=4243"},{"taxonomy":"product_tag","embeddable":true,"href":"https:\/\/purecosmetics-shop.com\/accueil\/wp-json\/wp\/v2\/product_tag?post=4243"}],"curies":[{"name":"wp","href":"https:\/\/api.w.org\/{rel}","templated":true}]}}