{"id":4135,"date":"2025-09-30T18:03:20","date_gmt":"2025-09-30T22:03:20","guid":{"rendered":"https:\/\/purecosmetics-shop.com\/accueil\/?post_type=product&#038;p=4135"},"modified":"2026-04-20T06:26:53","modified_gmt":"2026-04-20T10:26:53","slug":"niacinamide-5-txa-brightening-pad","status":"publish","type":"product","link":"https:\/\/purecosmetics-shop.com\/accueil\/produit\/niacinamide-5-txa-brightening-pad\/","title":{"rendered":"Niacinamide 5 TXA Brightening pad"},"content":{"rendered":"<p>Corrigez les irr\u00e9gularit\u00e9s du teint et estompez les imperfections gr\u00e2ce \u00e0 ces cotons toniques aux ingr\u00e9dients \u00e9claircissants cultes comme la niacinamide et l&rsquo;acide tranexamique.<\/p>\n<p>Ces pads r\u00e9hydratent la peau gr\u00e2ce \u00e0 sept types de peptides, tandis que le PHA et la vitamine B12 exfolient la peau en douceur et am\u00e9liorent son grain.<\/p>\n<p>Appliquez le coton tonique, de forme incurv\u00e9e unique, sur diff\u00e9rentes zones du visage, notamment le contour des yeux et les pommettes.<\/p>\n","protected":false},"excerpt":{"rendered":"<p>Un coton tonique \u00e9claircissant infus\u00e9 de niacinamide et de TXA pour unifier le teint terne et traiter les imperfections, am\u00e9liorant ainsi l&rsquo;\u00e9clat de la peau et apaisant.<\/p>\n<p>Enrichi de 7 types de peptides pour apaiser et r\u00e9hydrater la peau, tout en renfor\u00e7ant son \u00e9lasticit\u00e9 et sa fonction barri\u00e8re.<br \/>\nContient du PHA et de la vitamine B12 pour am\u00e9liorer le grain de peau gr\u00e2ce \u00e0 une exfoliation douce et restaurer l&rsquo;\u00e9clat du teint.<\/p>\n<p>Un pad \u00e0 la forme unique \u00e9pousant parfaitement les courbes du visage, assurant une couvrance maximale des zones difficiles d&rsquo;acc\u00e8s, comme les cernes et les imperfections des pommettes.<\/p>\n<p>Test d&rsquo;irritation cutan\u00e9e r\u00e9alis\u00e9, convient aux peaux sensibles.<\/p>\n","protected":false},"featured_media":4143,"comment_status":"open","ping_status":"closed","template":"","meta":[],"product_brand":[155],"product_cat":[110,24,115,116,117],"product_tag":[],"class_list":{"0":"post-4135","1":"product","2":"type-product","3":"status-publish","4":"has-post-thumbnail","6":"product_brand-anua","7":"product_cat-anti-tache-et-hyperpigmentation","8":"product_cat-pad","9":"product_cat-peau-grasse","10":"product_cat-peau-mixte","11":"product_cat-peau-normale","13":"first","14":"instock","15":"shipping-taxable","16":"purchasable","17":"product-type-simple"},"yoast_head":"<!-- This site is optimized with the Yoast SEO plugin v27.4 - https:\/\/yoast.com\/product\/yoast-seo-wordpress\/ -->\n<title>Niacinamide 5 TXA Brightening pad - Pure Cosmetics<\/title>\n<meta name=\"robots\" content=\"index, follow, max-snippet:-1, max-image-preview:large, max-video-preview:-1\" \/>\n<link rel=\"canonical\" href=\"https:\/\/purecosmetics-shop.com\/accueil\/produit\/niacinamide-5-txa-brightening-pad\/\" \/>\n<meta property=\"og:locale\" content=\"fr_FR\" \/>\n<meta property=\"og:type\" content=\"article\" \/>\n<meta property=\"og:title\" content=\"Niacinamide 5 TXA Brightening pad - Pure Cosmetics\" \/>\n<meta property=\"og:description\" content=\"Un coton tonique \u00e9claircissant infus\u00e9 de niacinamide et de TXA pour unifier le teint terne et traiter les imperfections, am\u00e9liorant ainsi l&#039;\u00e9clat de la peau et apaisant.  Enrichi de 7 types de peptides pour apaiser et r\u00e9hydrater la peau, tout en renfor\u00e7ant son \u00e9lasticit\u00e9 et sa fonction barri\u00e8re. Contient du PHA et de la vitamine B12 pour am\u00e9liorer le grain de peau gr\u00e2ce \u00e0 une exfoliation douce et restaurer l&#039;\u00e9clat du teint.  Un pad \u00e0 la forme unique \u00e9pousant parfaitement les courbes du visage, assurant une couvrance maximale des zones difficiles d&#039;acc\u00e8s, comme les cernes et les imperfections des pommettes.  Test d&#039;irritation cutan\u00e9e r\u00e9alis\u00e9, convient aux peaux sensibles.\" \/>\n<meta property=\"og:url\" content=\"https:\/\/purecosmetics-shop.com\/accueil\/produit\/niacinamide-5-txa-brightening-pad\/\" \/>\n<meta property=\"og:site_name\" content=\"Pure Cosmetics\" \/>\n<meta property=\"article:modified_time\" content=\"2026-04-20T10:26:53+00:00\" \/>\n<meta property=\"og:image\" content=\"https:\/\/purecosmetics-shop.com\/wp-content\/uploads\/2025\/09\/anua_niacinamide_5_txa_brightening_pad_.webp\" \/>\n\t<meta property=\"og:image:width\" content=\"600\" \/>\n\t<meta property=\"og:image:height\" content=\"600\" \/>\n\t<meta property=\"og:image:type\" content=\"image\/webp\" \/>\n<meta name=\"twitter:card\" content=\"summary_large_image\" \/>\n<meta name=\"twitter:label1\" content=\"Dur\u00e9e de lecture estim\u00e9e\" \/>\n\t<meta name=\"twitter:data1\" content=\"1 minute\" \/>\n<script type=\"application\/ld+json\" class=\"yoast-schema-graph\">{\"@context\":\"https:\\\/\\\/schema.org\",\"@graph\":[{\"@type\":\"WebPage\",\"@id\":\"https:\\\/\\\/purecosmetics-shop.com\\\/accueil\\\/produit\\\/niacinamide-5-txa-brightening-pad\\\/\",\"url\":\"https:\\\/\\\/purecosmetics-shop.com\\\/accueil\\\/produit\\\/niacinamide-5-txa-brightening-pad\\\/\",\"name\":\"Niacinamide 5 TXA Brightening pad - Pure Cosmetics\",\"isPartOf\":{\"@id\":\"https:\\\/\\\/purecosmetics-shop.com\\\/accueil\\\/#website\"},\"primaryImageOfPage\":{\"@id\":\"https:\\\/\\\/purecosmetics-shop.com\\\/accueil\\\/produit\\\/niacinamide-5-txa-brightening-pad\\\/#primaryimage\"},\"image\":{\"@id\":\"https:\\\/\\\/purecosmetics-shop.com\\\/accueil\\\/produit\\\/niacinamide-5-txa-brightening-pad\\\/#primaryimage\"},\"thumbnailUrl\":\"https:\\\/\\\/purecosmetics-shop.com\\\/wp-content\\\/uploads\\\/2025\\\/09\\\/anua_niacinamide_5_txa_brightening_pad_.webp\",\"datePublished\":\"2025-09-30T22:03:20+00:00\",\"dateModified\":\"2026-04-20T10:26:53+00:00\",\"breadcrumb\":{\"@id\":\"https:\\\/\\\/purecosmetics-shop.com\\\/accueil\\\/produit\\\/niacinamide-5-txa-brightening-pad\\\/#breadcrumb\"},\"inLanguage\":\"fr-FR\",\"potentialAction\":[{\"@type\":\"ReadAction\",\"target\":[\"https:\\\/\\\/purecosmetics-shop.com\\\/accueil\\\/produit\\\/niacinamide-5-txa-brightening-pad\\\/\"]}]},{\"@type\":\"ImageObject\",\"inLanguage\":\"fr-FR\",\"@id\":\"https:\\\/\\\/purecosmetics-shop.com\\\/accueil\\\/produit\\\/niacinamide-5-txa-brightening-pad\\\/#primaryimage\",\"url\":\"https:\\\/\\\/purecosmetics-shop.com\\\/wp-content\\\/uploads\\\/2025\\\/09\\\/anua_niacinamide_5_txa_brightening_pad_.webp\",\"contentUrl\":\"https:\\\/\\\/purecosmetics-shop.com\\\/wp-content\\\/uploads\\\/2025\\\/09\\\/anua_niacinamide_5_txa_brightening_pad_.webp\",\"width\":600,\"height\":600,\"caption\":\"anua niacinamide 5 txa brightening pad\"},{\"@type\":\"BreadcrumbList\",\"@id\":\"https:\\\/\\\/purecosmetics-shop.com\\\/accueil\\\/produit\\\/niacinamide-5-txa-brightening-pad\\\/#breadcrumb\",\"itemListElement\":[{\"@type\":\"ListItem\",\"position\":1,\"name\":\"Accueil\",\"item\":\"https:\\\/\\\/purecosmetics-shop.com\\\/accueil\\\/\"},{\"@type\":\"ListItem\",\"position\":2,\"name\":\"NOUVEAUT\u00c9S\",\"item\":\"https:\\\/\\\/purecosmetics-shop.com\\\/accueil\\\/nouveautes\\\/\"},{\"@type\":\"ListItem\",\"position\":3,\"name\":\"Niacinamide 5 TXA Brightening pad\"}]},{\"@type\":\"WebSite\",\"@id\":\"https:\\\/\\\/purecosmetics-shop.com\\\/accueil\\\/#website\",\"url\":\"https:\\\/\\\/purecosmetics-shop.com\\\/accueil\\\/\",\"name\":\"Pure Cosmetics\",\"description\":\"Skincare cor\u00e9enne et japonais\",\"publisher\":{\"@id\":\"https:\\\/\\\/purecosmetics-shop.com\\\/accueil\\\/#organization\"},\"potentialAction\":[{\"@type\":\"SearchAction\",\"target\":{\"@type\":\"EntryPoint\",\"urlTemplate\":\"https:\\\/\\\/purecosmetics-shop.com\\\/accueil\\\/?s={search_term_string}\"},\"query-input\":{\"@type\":\"PropertyValueSpecification\",\"valueRequired\":true,\"valueName\":\"search_term_string\"}}],\"inLanguage\":\"fr-FR\"},{\"@type\":\"Organization\",\"@id\":\"https:\\\/\\\/purecosmetics-shop.com\\\/accueil\\\/#organization\",\"name\":\"Pure Cosmetics\",\"url\":\"https:\\\/\\\/purecosmetics-shop.com\\\/accueil\\\/\",\"logo\":{\"@type\":\"ImageObject\",\"inLanguage\":\"fr-FR\",\"@id\":\"https:\\\/\\\/purecosmetics-shop.com\\\/accueil\\\/#\\\/schema\\\/logo\\\/image\\\/\",\"url\":\"https:\\\/\\\/purecosmetics-shop.com\\\/wp-content\\\/uploads\\\/2025\\\/04\\\/cropped-Pure-Cosmetics-black-2.png\",\"contentUrl\":\"https:\\\/\\\/purecosmetics-shop.com\\\/wp-content\\\/uploads\\\/2025\\\/04\\\/cropped-Pure-Cosmetics-black-2.png\",\"width\":2362,\"height\":2324,\"caption\":\"Pure Cosmetics\"},\"image\":{\"@id\":\"https:\\\/\\\/purecosmetics-shop.com\\\/accueil\\\/#\\\/schema\\\/logo\\\/image\\\/\"}}]}<\/script>\n<!-- \/ Yoast SEO plugin. -->","yoast_head_json":{"title":"Niacinamide 5 TXA Brightening pad - Pure Cosmetics","robots":{"index":"index","follow":"follow","max-snippet":"max-snippet:-1","max-image-preview":"max-image-preview:large","max-video-preview":"max-video-preview:-1"},"canonical":"https:\/\/purecosmetics-shop.com\/accueil\/produit\/niacinamide-5-txa-brightening-pad\/","og_locale":"fr_FR","og_type":"article","og_title":"Niacinamide 5 TXA Brightening pad - Pure Cosmetics","og_description":"Un coton tonique \u00e9claircissant infus\u00e9 de niacinamide et de TXA pour unifier le teint terne et traiter les imperfections, am\u00e9liorant ainsi l'\u00e9clat de la peau et apaisant.  Enrichi de 7 types de peptides pour apaiser et r\u00e9hydrater la peau, tout en renfor\u00e7ant son \u00e9lasticit\u00e9 et sa fonction barri\u00e8re. Contient du PHA et de la vitamine B12 pour am\u00e9liorer le grain de peau gr\u00e2ce \u00e0 une exfoliation douce et restaurer l'\u00e9clat du teint.  Un pad \u00e0 la forme unique \u00e9pousant parfaitement les courbes du visage, assurant une couvrance maximale des zones difficiles d'acc\u00e8s, comme les cernes et les imperfections des pommettes.  Test d'irritation cutan\u00e9e r\u00e9alis\u00e9, convient aux peaux sensibles.","og_url":"https:\/\/purecosmetics-shop.com\/accueil\/produit\/niacinamide-5-txa-brightening-pad\/","og_site_name":"Pure Cosmetics","article_modified_time":"2026-04-20T10:26:53+00:00","og_image":[{"width":600,"height":600,"url":"https:\/\/purecosmetics-shop.com\/wp-content\/uploads\/2025\/09\/anua_niacinamide_5_txa_brightening_pad_.webp","type":"image\/webp"}],"twitter_card":"summary_large_image","twitter_misc":{"Dur\u00e9e de lecture estim\u00e9e":"1 minute"},"schema":{"@context":"https:\/\/schema.org","@graph":[{"@type":"WebPage","@id":"https:\/\/purecosmetics-shop.com\/accueil\/produit\/niacinamide-5-txa-brightening-pad\/","url":"https:\/\/purecosmetics-shop.com\/accueil\/produit\/niacinamide-5-txa-brightening-pad\/","name":"Niacinamide 5 TXA Brightening pad - Pure Cosmetics","isPartOf":{"@id":"https:\/\/purecosmetics-shop.com\/accueil\/#website"},"primaryImageOfPage":{"@id":"https:\/\/purecosmetics-shop.com\/accueil\/produit\/niacinamide-5-txa-brightening-pad\/#primaryimage"},"image":{"@id":"https:\/\/purecosmetics-shop.com\/accueil\/produit\/niacinamide-5-txa-brightening-pad\/#primaryimage"},"thumbnailUrl":"https:\/\/purecosmetics-shop.com\/wp-content\/uploads\/2025\/09\/anua_niacinamide_5_txa_brightening_pad_.webp","datePublished":"2025-09-30T22:03:20+00:00","dateModified":"2026-04-20T10:26:53+00:00","breadcrumb":{"@id":"https:\/\/purecosmetics-shop.com\/accueil\/produit\/niacinamide-5-txa-brightening-pad\/#breadcrumb"},"inLanguage":"fr-FR","potentialAction":[{"@type":"ReadAction","target":["https:\/\/purecosmetics-shop.com\/accueil\/produit\/niacinamide-5-txa-brightening-pad\/"]}]},{"@type":"ImageObject","inLanguage":"fr-FR","@id":"https:\/\/purecosmetics-shop.com\/accueil\/produit\/niacinamide-5-txa-brightening-pad\/#primaryimage","url":"https:\/\/purecosmetics-shop.com\/wp-content\/uploads\/2025\/09\/anua_niacinamide_5_txa_brightening_pad_.webp","contentUrl":"https:\/\/purecosmetics-shop.com\/wp-content\/uploads\/2025\/09\/anua_niacinamide_5_txa_brightening_pad_.webp","width":600,"height":600,"caption":"anua niacinamide 5 txa brightening pad"},{"@type":"BreadcrumbList","@id":"https:\/\/purecosmetics-shop.com\/accueil\/produit\/niacinamide-5-txa-brightening-pad\/#breadcrumb","itemListElement":[{"@type":"ListItem","position":1,"name":"Accueil","item":"https:\/\/purecosmetics-shop.com\/accueil\/"},{"@type":"ListItem","position":2,"name":"NOUVEAUT\u00c9S","item":"https:\/\/purecosmetics-shop.com\/accueil\/nouveautes\/"},{"@type":"ListItem","position":3,"name":"Niacinamide 5 TXA Brightening pad"}]},{"@type":"WebSite","@id":"https:\/\/purecosmetics-shop.com\/accueil\/#website","url":"https:\/\/purecosmetics-shop.com\/accueil\/","name":"Pure Cosmetics","description":"Skincare cor\u00e9enne et japonais","publisher":{"@id":"https:\/\/purecosmetics-shop.com\/accueil\/#organization"},"potentialAction":[{"@type":"SearchAction","target":{"@type":"EntryPoint","urlTemplate":"https:\/\/purecosmetics-shop.com\/accueil\/?s={search_term_string}"},"query-input":{"@type":"PropertyValueSpecification","valueRequired":true,"valueName":"search_term_string"}}],"inLanguage":"fr-FR"},{"@type":"Organization","@id":"https:\/\/purecosmetics-shop.com\/accueil\/#organization","name":"Pure Cosmetics","url":"https:\/\/purecosmetics-shop.com\/accueil\/","logo":{"@type":"ImageObject","inLanguage":"fr-FR","@id":"https:\/\/purecosmetics-shop.com\/accueil\/#\/schema\/logo\/image\/","url":"https:\/\/purecosmetics-shop.com\/wp-content\/uploads\/2025\/04\/cropped-Pure-Cosmetics-black-2.png","contentUrl":"https:\/\/purecosmetics-shop.com\/wp-content\/uploads\/2025\/04\/cropped-Pure-Cosmetics-black-2.png","width":2362,"height":2324,"caption":"Pure Cosmetics"},"image":{"@id":"https:\/\/purecosmetics-shop.com\/accueil\/#\/schema\/logo\/image\/"}}]}},"jetpack_sharing_enabled":true,"_links":{"self":[{"href":"https:\/\/purecosmetics-shop.com\/accueil\/wp-json\/wp\/v2\/product\/4135","targetHints":{"allow":["GET"]}}],"collection":[{"href":"https:\/\/purecosmetics-shop.com\/accueil\/wp-json\/wp\/v2\/product"}],"about":[{"href":"https:\/\/purecosmetics-shop.com\/accueil\/wp-json\/wp\/v2\/types\/product"}],"replies":[{"embeddable":true,"href":"https:\/\/purecosmetics-shop.com\/accueil\/wp-json\/wp\/v2\/comments?post=4135"}],"version-history":[{"count":3,"href":"https:\/\/purecosmetics-shop.com\/accueil\/wp-json\/wp\/v2\/product\/4135\/revisions"}],"predecessor-version":[{"id":4456,"href":"https:\/\/purecosmetics-shop.com\/accueil\/wp-json\/wp\/v2\/product\/4135\/revisions\/4456"}],"wp:featuredmedia":[{"embeddable":true,"href":"https:\/\/purecosmetics-shop.com\/accueil\/wp-json\/wp\/v2\/media\/4143"}],"wp:attachment":[{"href":"https:\/\/purecosmetics-shop.com\/accueil\/wp-json\/wp\/v2\/media?parent=4135"}],"wp:term":[{"taxonomy":"product_brand","embeddable":true,"href":"https:\/\/purecosmetics-shop.com\/accueil\/wp-json\/wp\/v2\/product_brand?post=4135"},{"taxonomy":"product_cat","embeddable":true,"href":"https:\/\/purecosmetics-shop.com\/accueil\/wp-json\/wp\/v2\/product_cat?post=4135"},{"taxonomy":"product_tag","embeddable":true,"href":"https:\/\/purecosmetics-shop.com\/accueil\/wp-json\/wp\/v2\/product_tag?post=4135"}],"curies":[{"name":"wp","href":"https:\/\/api.w.org\/{rel}","templated":true}]}}