{"id":4127,"date":"2025-09-30T17:52:23","date_gmt":"2025-09-30T21:52:23","guid":{"rendered":"https:\/\/purecosmetics-shop.com\/accueil\/?post_type=product&#038;p=4127"},"modified":"2026-04-18T20:55:18","modified_gmt":"2026-04-19T00:55:18","slug":"heartleaf-centella-red-spot-cream","status":"publish","type":"product","link":"https:\/\/purecosmetics-shop.com\/accueil\/produit\/heartleaf-centella-red-spot-cream\/","title":{"rendered":"Heartleaf Centella Red spot cream"},"content":{"rendered":"<p>Cr\u00e8me anti-imperfections formul\u00e9e \u00e0 base d&rsquo;eau de fleur\/feuille\/tige d&rsquo;Houttuynia Cordata aux propri\u00e9t\u00e9s anti-inflammatoires pour calmer et apaiser les peaux irrit\u00e9es, tout en \u00e9quilibrant le s\u00e9bum et en contr\u00f4lant l&rsquo;acn\u00e9 et les \u00e9ruptions cutan\u00e9es.<\/p>\n<p>Renforce la barri\u00e8re protectrice de la peau et procure une hydratation intense gr\u00e2ce \u00e0 l&rsquo;allanto\u00efne et au b\u00eata-sitost\u00e9rol.<br \/>\nEnrichie en mad\u00e9cassoside et en acide asiatique, elle amplifie les effets apaisants et contribue \u00e0 am\u00e9liorer l&rsquo;\u00e9lasticit\u00e9 de la peau.<\/p>\n<p>M\u00e9lang\u00e9e \u00e0 une gamme de c\u00e9ramides pour maintenir l&rsquo;\u00e9quilibre eau-huile, booster l&rsquo;hydratation et faciliter la r\u00e9cup\u00e9ration des peaux \u00e0 probl\u00e8mes.<\/p>\n<p>Particuli\u00e8rement efficace contre les rougeurs gr\u00e2ce \u00e0 sa formule peu irritante et non collante.<\/p>\n","protected":false},"excerpt":{"rendered":"<p>Cette cr\u00e8me anti-acn\u00e9 \u00e0 base d&rsquo;eau de Houttuynia cordata, de 4 ingr\u00e9dients d\u00e9riv\u00e9s de la centella asiatica (CICA) et de sorbitol r\u00e9duit l&rsquo;inflammation et les rougeurs tout en hydratant les peaux \u00e0 probl\u00e8mes.<\/p>\n<p>Sa texture gel l\u00e9g\u00e8re p\u00e9n\u00e8tre rapidement pour un fini apais\u00e9 et non collant.<\/p>\n<p>Sa formule douce et non com\u00e9dog\u00e8ne soulage efficacement l&rsquo;acn\u00e9 sans irritation.<\/p>\n","protected":false},"featured_media":4133,"comment_status":"open","ping_status":"closed","template":"","meta":[],"product_brand":[155],"product_cat":[108,109,25,119],"product_tag":[],"class_list":{"0":"post-4127","1":"product","2":"type-product","3":"status-publish","4":"has-post-thumbnail","6":"product_brand-anua","7":"product_cat-anti-imperfections-et-pores","8":"product_cat-anti-rougeurs-et-irritations","9":"product_cat-creme-visage","10":"product_cat-peau-sensible","12":"first","13":"instock","14":"shipping-taxable","15":"purchasable","16":"product-type-simple"},"yoast_head":"<!-- This site is optimized with the Yoast SEO plugin v27.4 - https:\/\/yoast.com\/product\/yoast-seo-wordpress\/ -->\n<title>Heartleaf Centella Red spot cream - Pure Cosmetics<\/title>\n<meta name=\"robots\" content=\"index, follow, max-snippet:-1, max-image-preview:large, max-video-preview:-1\" \/>\n<link rel=\"canonical\" href=\"https:\/\/purecosmetics-shop.com\/accueil\/produit\/heartleaf-centella-red-spot-cream\/\" \/>\n<meta property=\"og:locale\" content=\"fr_FR\" \/>\n<meta property=\"og:type\" content=\"article\" \/>\n<meta property=\"og:title\" content=\"Heartleaf Centella Red spot cream - Pure Cosmetics\" \/>\n<meta property=\"og:description\" content=\"Cette cr\u00e8me anti-acn\u00e9 \u00e0 base d&#039;eau de Houttuynia cordata, de 4 ingr\u00e9dients d\u00e9riv\u00e9s de la centella asiatica (CICA) et de sorbitol r\u00e9duit l&#039;inflammation et les rougeurs tout en hydratant les peaux \u00e0 probl\u00e8mes.  Sa texture gel l\u00e9g\u00e8re p\u00e9n\u00e8tre rapidement pour un fini apais\u00e9 et non collant.  Sa formule douce et non com\u00e9dog\u00e8ne soulage efficacement l&#039;acn\u00e9 sans irritation.\" \/>\n<meta property=\"og:url\" content=\"https:\/\/purecosmetics-shop.com\/accueil\/produit\/heartleaf-centella-red-spot-cream\/\" \/>\n<meta property=\"og:site_name\" content=\"Pure Cosmetics\" \/>\n<meta property=\"article:modified_time\" content=\"2026-04-19T00:55:18+00:00\" \/>\n<meta property=\"og:image\" content=\"https:\/\/purecosmetics-shop.com\/wp-content\/uploads\/2025\/09\/Anua_Heartleaf_centella_red_spot_cream.webp\" \/>\n\t<meta property=\"og:image:width\" content=\"500\" \/>\n\t<meta property=\"og:image:height\" content=\"500\" \/>\n\t<meta property=\"og:image:type\" content=\"image\/webp\" \/>\n<meta name=\"twitter:card\" content=\"summary_large_image\" \/>\n<meta name=\"twitter:label1\" content=\"Dur\u00e9e de lecture estim\u00e9e\" \/>\n\t<meta name=\"twitter:data1\" content=\"1 minute\" \/>\n<script type=\"application\/ld+json\" class=\"yoast-schema-graph\">{\"@context\":\"https:\\\/\\\/schema.org\",\"@graph\":[{\"@type\":\"WebPage\",\"@id\":\"https:\\\/\\\/purecosmetics-shop.com\\\/accueil\\\/produit\\\/heartleaf-centella-red-spot-cream\\\/\",\"url\":\"https:\\\/\\\/purecosmetics-shop.com\\\/accueil\\\/produit\\\/heartleaf-centella-red-spot-cream\\\/\",\"name\":\"Heartleaf Centella Red spot cream - Pure Cosmetics\",\"isPartOf\":{\"@id\":\"https:\\\/\\\/purecosmetics-shop.com\\\/accueil\\\/#website\"},\"primaryImageOfPage\":{\"@id\":\"https:\\\/\\\/purecosmetics-shop.com\\\/accueil\\\/produit\\\/heartleaf-centella-red-spot-cream\\\/#primaryimage\"},\"image\":{\"@id\":\"https:\\\/\\\/purecosmetics-shop.com\\\/accueil\\\/produit\\\/heartleaf-centella-red-spot-cream\\\/#primaryimage\"},\"thumbnailUrl\":\"https:\\\/\\\/purecosmetics-shop.com\\\/wp-content\\\/uploads\\\/2025\\\/09\\\/Anua_Heartleaf_centella_red_spot_cream.webp\",\"datePublished\":\"2025-09-30T21:52:23+00:00\",\"dateModified\":\"2026-04-19T00:55:18+00:00\",\"breadcrumb\":{\"@id\":\"https:\\\/\\\/purecosmetics-shop.com\\\/accueil\\\/produit\\\/heartleaf-centella-red-spot-cream\\\/#breadcrumb\"},\"inLanguage\":\"fr-FR\",\"potentialAction\":[{\"@type\":\"ReadAction\",\"target\":[\"https:\\\/\\\/purecosmetics-shop.com\\\/accueil\\\/produit\\\/heartleaf-centella-red-spot-cream\\\/\"]}]},{\"@type\":\"ImageObject\",\"inLanguage\":\"fr-FR\",\"@id\":\"https:\\\/\\\/purecosmetics-shop.com\\\/accueil\\\/produit\\\/heartleaf-centella-red-spot-cream\\\/#primaryimage\",\"url\":\"https:\\\/\\\/purecosmetics-shop.com\\\/wp-content\\\/uploads\\\/2025\\\/09\\\/Anua_Heartleaf_centella_red_spot_cream.webp\",\"contentUrl\":\"https:\\\/\\\/purecosmetics-shop.com\\\/wp-content\\\/uploads\\\/2025\\\/09\\\/Anua_Heartleaf_centella_red_spot_cream.webp\",\"width\":500,\"height\":500,\"caption\":\"ANUA Heartleaf Centella Red spot cream\"},{\"@type\":\"BreadcrumbList\",\"@id\":\"https:\\\/\\\/purecosmetics-shop.com\\\/accueil\\\/produit\\\/heartleaf-centella-red-spot-cream\\\/#breadcrumb\",\"itemListElement\":[{\"@type\":\"ListItem\",\"position\":1,\"name\":\"Accueil\",\"item\":\"https:\\\/\\\/purecosmetics-shop.com\\\/accueil\\\/\"},{\"@type\":\"ListItem\",\"position\":2,\"name\":\"NOUVEAUT\u00c9S\",\"item\":\"https:\\\/\\\/purecosmetics-shop.com\\\/accueil\\\/nouveautes\\\/\"},{\"@type\":\"ListItem\",\"position\":3,\"name\":\"Heartleaf Centella Red spot cream\"}]},{\"@type\":\"WebSite\",\"@id\":\"https:\\\/\\\/purecosmetics-shop.com\\\/accueil\\\/#website\",\"url\":\"https:\\\/\\\/purecosmetics-shop.com\\\/accueil\\\/\",\"name\":\"Pure Cosmetics\",\"description\":\"Skincare cor\u00e9enne et japonais\",\"publisher\":{\"@id\":\"https:\\\/\\\/purecosmetics-shop.com\\\/accueil\\\/#organization\"},\"potentialAction\":[{\"@type\":\"SearchAction\",\"target\":{\"@type\":\"EntryPoint\",\"urlTemplate\":\"https:\\\/\\\/purecosmetics-shop.com\\\/accueil\\\/?s={search_term_string}\"},\"query-input\":{\"@type\":\"PropertyValueSpecification\",\"valueRequired\":true,\"valueName\":\"search_term_string\"}}],\"inLanguage\":\"fr-FR\"},{\"@type\":\"Organization\",\"@id\":\"https:\\\/\\\/purecosmetics-shop.com\\\/accueil\\\/#organization\",\"name\":\"Pure Cosmetics\",\"url\":\"https:\\\/\\\/purecosmetics-shop.com\\\/accueil\\\/\",\"logo\":{\"@type\":\"ImageObject\",\"inLanguage\":\"fr-FR\",\"@id\":\"https:\\\/\\\/purecosmetics-shop.com\\\/accueil\\\/#\\\/schema\\\/logo\\\/image\\\/\",\"url\":\"https:\\\/\\\/purecosmetics-shop.com\\\/wp-content\\\/uploads\\\/2025\\\/04\\\/cropped-Pure-Cosmetics-black-2.png\",\"contentUrl\":\"https:\\\/\\\/purecosmetics-shop.com\\\/wp-content\\\/uploads\\\/2025\\\/04\\\/cropped-Pure-Cosmetics-black-2.png\",\"width\":2362,\"height\":2324,\"caption\":\"Pure Cosmetics\"},\"image\":{\"@id\":\"https:\\\/\\\/purecosmetics-shop.com\\\/accueil\\\/#\\\/schema\\\/logo\\\/image\\\/\"}}]}<\/script>\n<!-- \/ Yoast SEO plugin. -->","yoast_head_json":{"title":"Heartleaf Centella Red spot cream - Pure Cosmetics","robots":{"index":"index","follow":"follow","max-snippet":"max-snippet:-1","max-image-preview":"max-image-preview:large","max-video-preview":"max-video-preview:-1"},"canonical":"https:\/\/purecosmetics-shop.com\/accueil\/produit\/heartleaf-centella-red-spot-cream\/","og_locale":"fr_FR","og_type":"article","og_title":"Heartleaf Centella Red spot cream - Pure Cosmetics","og_description":"Cette cr\u00e8me anti-acn\u00e9 \u00e0 base d'eau de Houttuynia cordata, de 4 ingr\u00e9dients d\u00e9riv\u00e9s de la centella asiatica (CICA) et de sorbitol r\u00e9duit l'inflammation et les rougeurs tout en hydratant les peaux \u00e0 probl\u00e8mes.  Sa texture gel l\u00e9g\u00e8re p\u00e9n\u00e8tre rapidement pour un fini apais\u00e9 et non collant.  Sa formule douce et non com\u00e9dog\u00e8ne soulage efficacement l'acn\u00e9 sans irritation.","og_url":"https:\/\/purecosmetics-shop.com\/accueil\/produit\/heartleaf-centella-red-spot-cream\/","og_site_name":"Pure Cosmetics","article_modified_time":"2026-04-19T00:55:18+00:00","og_image":[{"width":500,"height":500,"url":"https:\/\/purecosmetics-shop.com\/wp-content\/uploads\/2025\/09\/Anua_Heartleaf_centella_red_spot_cream.webp","type":"image\/webp"}],"twitter_card":"summary_large_image","twitter_misc":{"Dur\u00e9e de lecture estim\u00e9e":"1 minute"},"schema":{"@context":"https:\/\/schema.org","@graph":[{"@type":"WebPage","@id":"https:\/\/purecosmetics-shop.com\/accueil\/produit\/heartleaf-centella-red-spot-cream\/","url":"https:\/\/purecosmetics-shop.com\/accueil\/produit\/heartleaf-centella-red-spot-cream\/","name":"Heartleaf Centella Red spot cream - Pure Cosmetics","isPartOf":{"@id":"https:\/\/purecosmetics-shop.com\/accueil\/#website"},"primaryImageOfPage":{"@id":"https:\/\/purecosmetics-shop.com\/accueil\/produit\/heartleaf-centella-red-spot-cream\/#primaryimage"},"image":{"@id":"https:\/\/purecosmetics-shop.com\/accueil\/produit\/heartleaf-centella-red-spot-cream\/#primaryimage"},"thumbnailUrl":"https:\/\/purecosmetics-shop.com\/wp-content\/uploads\/2025\/09\/Anua_Heartleaf_centella_red_spot_cream.webp","datePublished":"2025-09-30T21:52:23+00:00","dateModified":"2026-04-19T00:55:18+00:00","breadcrumb":{"@id":"https:\/\/purecosmetics-shop.com\/accueil\/produit\/heartleaf-centella-red-spot-cream\/#breadcrumb"},"inLanguage":"fr-FR","potentialAction":[{"@type":"ReadAction","target":["https:\/\/purecosmetics-shop.com\/accueil\/produit\/heartleaf-centella-red-spot-cream\/"]}]},{"@type":"ImageObject","inLanguage":"fr-FR","@id":"https:\/\/purecosmetics-shop.com\/accueil\/produit\/heartleaf-centella-red-spot-cream\/#primaryimage","url":"https:\/\/purecosmetics-shop.com\/wp-content\/uploads\/2025\/09\/Anua_Heartleaf_centella_red_spot_cream.webp","contentUrl":"https:\/\/purecosmetics-shop.com\/wp-content\/uploads\/2025\/09\/Anua_Heartleaf_centella_red_spot_cream.webp","width":500,"height":500,"caption":"ANUA Heartleaf Centella Red spot cream"},{"@type":"BreadcrumbList","@id":"https:\/\/purecosmetics-shop.com\/accueil\/produit\/heartleaf-centella-red-spot-cream\/#breadcrumb","itemListElement":[{"@type":"ListItem","position":1,"name":"Accueil","item":"https:\/\/purecosmetics-shop.com\/accueil\/"},{"@type":"ListItem","position":2,"name":"NOUVEAUT\u00c9S","item":"https:\/\/purecosmetics-shop.com\/accueil\/nouveautes\/"},{"@type":"ListItem","position":3,"name":"Heartleaf Centella Red spot cream"}]},{"@type":"WebSite","@id":"https:\/\/purecosmetics-shop.com\/accueil\/#website","url":"https:\/\/purecosmetics-shop.com\/accueil\/","name":"Pure Cosmetics","description":"Skincare cor\u00e9enne et japonais","publisher":{"@id":"https:\/\/purecosmetics-shop.com\/accueil\/#organization"},"potentialAction":[{"@type":"SearchAction","target":{"@type":"EntryPoint","urlTemplate":"https:\/\/purecosmetics-shop.com\/accueil\/?s={search_term_string}"},"query-input":{"@type":"PropertyValueSpecification","valueRequired":true,"valueName":"search_term_string"}}],"inLanguage":"fr-FR"},{"@type":"Organization","@id":"https:\/\/purecosmetics-shop.com\/accueil\/#organization","name":"Pure Cosmetics","url":"https:\/\/purecosmetics-shop.com\/accueil\/","logo":{"@type":"ImageObject","inLanguage":"fr-FR","@id":"https:\/\/purecosmetics-shop.com\/accueil\/#\/schema\/logo\/image\/","url":"https:\/\/purecosmetics-shop.com\/wp-content\/uploads\/2025\/04\/cropped-Pure-Cosmetics-black-2.png","contentUrl":"https:\/\/purecosmetics-shop.com\/wp-content\/uploads\/2025\/04\/cropped-Pure-Cosmetics-black-2.png","width":2362,"height":2324,"caption":"Pure Cosmetics"},"image":{"@id":"https:\/\/purecosmetics-shop.com\/accueil\/#\/schema\/logo\/image\/"}}]}},"jetpack_sharing_enabled":true,"_links":{"self":[{"href":"https:\/\/purecosmetics-shop.com\/accueil\/wp-json\/wp\/v2\/product\/4127","targetHints":{"allow":["GET"]}}],"collection":[{"href":"https:\/\/purecosmetics-shop.com\/accueil\/wp-json\/wp\/v2\/product"}],"about":[{"href":"https:\/\/purecosmetics-shop.com\/accueil\/wp-json\/wp\/v2\/types\/product"}],"replies":[{"embeddable":true,"href":"https:\/\/purecosmetics-shop.com\/accueil\/wp-json\/wp\/v2\/comments?post=4127"}],"version-history":[{"count":3,"href":"https:\/\/purecosmetics-shop.com\/accueil\/wp-json\/wp\/v2\/product\/4127\/revisions"}],"predecessor-version":[{"id":4458,"href":"https:\/\/purecosmetics-shop.com\/accueil\/wp-json\/wp\/v2\/product\/4127\/revisions\/4458"}],"wp:featuredmedia":[{"embeddable":true,"href":"https:\/\/purecosmetics-shop.com\/accueil\/wp-json\/wp\/v2\/media\/4133"}],"wp:attachment":[{"href":"https:\/\/purecosmetics-shop.com\/accueil\/wp-json\/wp\/v2\/media?parent=4127"}],"wp:term":[{"taxonomy":"product_brand","embeddable":true,"href":"https:\/\/purecosmetics-shop.com\/accueil\/wp-json\/wp\/v2\/product_brand?post=4127"},{"taxonomy":"product_cat","embeddable":true,"href":"https:\/\/purecosmetics-shop.com\/accueil\/wp-json\/wp\/v2\/product_cat?post=4127"},{"taxonomy":"product_tag","embeddable":true,"href":"https:\/\/purecosmetics-shop.com\/accueil\/wp-json\/wp\/v2\/product_tag?post=4127"}],"curies":[{"name":"wp","href":"https:\/\/api.w.org\/{rel}","templated":true}]}}