{"id":172,"date":"2024-07-26T17:22:52","date_gmt":"2024-07-26T21:22:52","guid":{"rendered":"https:\/\/purecosmetics-shop.com\/accueil\/?post_type=product&#038;p=172"},"modified":"2026-04-16T00:54:20","modified_gmt":"2026-04-16T04:54:20","slug":"skin1004-poremizing-quick-clay-stick-mask","status":"publish","type":"product","link":"https:\/\/purecosmetics-shop.com\/accueil\/produit\/skin1004-poremizing-quick-clay-stick-mask\/","title":{"rendered":"Poremizing Quick Clay Stick Mask"},"content":{"rendered":"<p>Notre masque en stick onctueux est formul\u00e9 avec quatre sortes d&rsquo;argiles, dont 18% de kaolin, et de la fine poudre de haricots rouges. Ce masque est con\u00e7u pour absorber l&rsquo;exc\u00e8s de s\u00e9bum et resserrer les pores dilat\u00e9s, offrant ainsi un teint plus net et uniforme.<\/p>\n<h2>Les Bienfaits des Argiles<\/h2>\n<p>Les argiles sont reconnues pour leurs propri\u00e9t\u00e9s purifiantes et absorbantes. Le kaolin, en particulier, est doux pour la peau et aide \u00e0 \u00e9liminer les impuret\u00e9s sans la dess\u00e9cher. Les autres argiles compl\u00e8tent cette action en apportant des min\u00e9raux essentiels pour revitaliser la peau.<\/p>\n<h2>Utilisation Facile et Pratique<\/h2>\n<p>Le format stick rend l&rsquo;application du masque simple et sans g\u00e2chis. Il suffit de l&rsquo;appliquer uniform\u00e9ment sur le visage, de laisser agir quelques minutes, puis de rincer \u00e0 l&rsquo;eau ti\u00e8de. En un seul geste, retrouvez une peau purifi\u00e9e et \u00e9clatante.<\/p>\n","protected":false},"excerpt":{"rendered":"<p>Un masque en stick onctueux aux 4 sortes d&rsquo;argiles (18% Kaolin) et \u00e0 la fine poudre de haricots rouges pour absorber l&rsquo;exc\u00e8s de s\u00e9bum et resserrer les pores dilat\u00e9s.<\/p>\n","protected":false},"featured_media":173,"comment_status":"open","ping_status":"closed","template":"","meta":[],"product_brand":[179],"product_cat":[23],"product_tag":[],"class_list":{"0":"post-172","1":"product","2":"type-product","3":"status-publish","4":"has-post-thumbnail","6":"product_brand-skin1004","7":"product_cat-masque","9":"first","10":"instock","11":"shipping-taxable","12":"purchasable","13":"product-type-simple"},"yoast_head":"<!-- This site is optimized with the Yoast SEO plugin v27.4 - https:\/\/yoast.com\/product\/yoast-seo-wordpress\/ -->\n<title>Poremizing Quick Clay Stick Mask - Pure Cosmetics<\/title>\n<meta name=\"description\" content=\"Un masque en stick onctueux aux 4 sortes d&#039;argiles (18% Kaolin) et \u00e0 la fine poudre de haricots rouges pour absorber l&#039;exc\u00e8s de s\u00e9bum et resserrer les pores dilat\u00e9s.\" \/>\n<meta name=\"robots\" content=\"index, follow, max-snippet:-1, max-image-preview:large, max-video-preview:-1\" \/>\n<link rel=\"canonical\" href=\"https:\/\/purecosmetics-shop.com\/accueil\/produit\/skin1004-poremizing-quick-clay-stick-mask\/\" \/>\n<meta property=\"og:locale\" content=\"fr_FR\" \/>\n<meta property=\"og:type\" content=\"article\" \/>\n<meta property=\"og:title\" content=\"Poremizing Quick Clay Stick Mask - Pure Cosmetics\" \/>\n<meta property=\"og:description\" content=\"Un masque en stick onctueux aux 4 sortes d&#039;argiles (18% Kaolin) et \u00e0 la fine poudre de haricots rouges pour absorber l&#039;exc\u00e8s de s\u00e9bum et resserrer les pores dilat\u00e9s.\" \/>\n<meta property=\"og:url\" content=\"https:\/\/purecosmetics-shop.com\/accueil\/produit\/skin1004-poremizing-quick-clay-stick-mask\/\" \/>\n<meta property=\"og:site_name\" content=\"Pure Cosmetics\" \/>\n<meta property=\"article:modified_time\" content=\"2026-04-16T04:54:20+00:00\" \/>\n<meta property=\"og:image\" content=\"https:\/\/purecosmetics-shop.com\/wp-content\/uploads\/2024\/07\/DC48FAC6-5593-45C1-A214-98FE81670ABF.jpg\" \/>\n\t<meta property=\"og:image:width\" content=\"1000\" \/>\n\t<meta property=\"og:image:height\" content=\"1000\" \/>\n\t<meta property=\"og:image:type\" content=\"image\/jpeg\" \/>\n<meta name=\"twitter:card\" content=\"summary_large_image\" \/>\n<meta name=\"twitter:label1\" content=\"Dur\u00e9e de lecture estim\u00e9e\" \/>\n\t<meta name=\"twitter:data1\" content=\"1 minute\" \/>\n<script type=\"application\/ld+json\" class=\"yoast-schema-graph\">{\"@context\":\"https:\\\/\\\/schema.org\",\"@graph\":[{\"@type\":\"WebPage\",\"@id\":\"https:\\\/\\\/purecosmetics-shop.com\\\/accueil\\\/produit\\\/skin1004-poremizing-quick-clay-stick-mask\\\/\",\"url\":\"https:\\\/\\\/purecosmetics-shop.com\\\/accueil\\\/produit\\\/skin1004-poremizing-quick-clay-stick-mask\\\/\",\"name\":\"Poremizing Quick Clay Stick Mask - Pure Cosmetics\",\"isPartOf\":{\"@id\":\"https:\\\/\\\/purecosmetics-shop.com\\\/accueil\\\/#website\"},\"primaryImageOfPage\":{\"@id\":\"https:\\\/\\\/purecosmetics-shop.com\\\/accueil\\\/produit\\\/skin1004-poremizing-quick-clay-stick-mask\\\/#primaryimage\"},\"image\":{\"@id\":\"https:\\\/\\\/purecosmetics-shop.com\\\/accueil\\\/produit\\\/skin1004-poremizing-quick-clay-stick-mask\\\/#primaryimage\"},\"thumbnailUrl\":\"https:\\\/\\\/purecosmetics-shop.com\\\/wp-content\\\/uploads\\\/2024\\\/07\\\/DC48FAC6-5593-45C1-A214-98FE81670ABF.jpg\",\"datePublished\":\"2024-07-26T21:22:52+00:00\",\"dateModified\":\"2026-04-16T04:54:20+00:00\",\"description\":\"Un masque en stick onctueux aux 4 sortes d'argiles (18% Kaolin) et \u00e0 la fine poudre de haricots rouges pour absorber l'exc\u00e8s de s\u00e9bum et resserrer les pores dilat\u00e9s.\",\"breadcrumb\":{\"@id\":\"https:\\\/\\\/purecosmetics-shop.com\\\/accueil\\\/produit\\\/skin1004-poremizing-quick-clay-stick-mask\\\/#breadcrumb\"},\"inLanguage\":\"fr-FR\",\"potentialAction\":[{\"@type\":\"ReadAction\",\"target\":[\"https:\\\/\\\/purecosmetics-shop.com\\\/accueil\\\/produit\\\/skin1004-poremizing-quick-clay-stick-mask\\\/\"]}]},{\"@type\":\"ImageObject\",\"inLanguage\":\"fr-FR\",\"@id\":\"https:\\\/\\\/purecosmetics-shop.com\\\/accueil\\\/produit\\\/skin1004-poremizing-quick-clay-stick-mask\\\/#primaryimage\",\"url\":\"https:\\\/\\\/purecosmetics-shop.com\\\/wp-content\\\/uploads\\\/2024\\\/07\\\/DC48FAC6-5593-45C1-A214-98FE81670ABF.jpg\",\"contentUrl\":\"https:\\\/\\\/purecosmetics-shop.com\\\/wp-content\\\/uploads\\\/2024\\\/07\\\/DC48FAC6-5593-45C1-A214-98FE81670ABF.jpg\",\"width\":1000,\"height\":1000},{\"@type\":\"BreadcrumbList\",\"@id\":\"https:\\\/\\\/purecosmetics-shop.com\\\/accueil\\\/produit\\\/skin1004-poremizing-quick-clay-stick-mask\\\/#breadcrumb\",\"itemListElement\":[{\"@type\":\"ListItem\",\"position\":1,\"name\":\"Accueil\",\"item\":\"https:\\\/\\\/purecosmetics-shop.com\\\/accueil\\\/\"},{\"@type\":\"ListItem\",\"position\":2,\"name\":\"NOUVEAUT\u00c9S\",\"item\":\"https:\\\/\\\/purecosmetics-shop.com\\\/accueil\\\/nouveautes\\\/\"},{\"@type\":\"ListItem\",\"position\":3,\"name\":\"Poremizing Quick Clay Stick Mask\"}]},{\"@type\":\"WebSite\",\"@id\":\"https:\\\/\\\/purecosmetics-shop.com\\\/accueil\\\/#website\",\"url\":\"https:\\\/\\\/purecosmetics-shop.com\\\/accueil\\\/\",\"name\":\"Pure Cosmetics\",\"description\":\"Skincare cor\u00e9enne et japonais\",\"publisher\":{\"@id\":\"https:\\\/\\\/purecosmetics-shop.com\\\/accueil\\\/#organization\"},\"potentialAction\":[{\"@type\":\"SearchAction\",\"target\":{\"@type\":\"EntryPoint\",\"urlTemplate\":\"https:\\\/\\\/purecosmetics-shop.com\\\/accueil\\\/?s={search_term_string}\"},\"query-input\":{\"@type\":\"PropertyValueSpecification\",\"valueRequired\":true,\"valueName\":\"search_term_string\"}}],\"inLanguage\":\"fr-FR\"},{\"@type\":\"Organization\",\"@id\":\"https:\\\/\\\/purecosmetics-shop.com\\\/accueil\\\/#organization\",\"name\":\"Pure Cosmetics\",\"url\":\"https:\\\/\\\/purecosmetics-shop.com\\\/accueil\\\/\",\"logo\":{\"@type\":\"ImageObject\",\"inLanguage\":\"fr-FR\",\"@id\":\"https:\\\/\\\/purecosmetics-shop.com\\\/accueil\\\/#\\\/schema\\\/logo\\\/image\\\/\",\"url\":\"https:\\\/\\\/purecosmetics-shop.com\\\/wp-content\\\/uploads\\\/2025\\\/04\\\/cropped-Pure-Cosmetics-black-2.png\",\"contentUrl\":\"https:\\\/\\\/purecosmetics-shop.com\\\/wp-content\\\/uploads\\\/2025\\\/04\\\/cropped-Pure-Cosmetics-black-2.png\",\"width\":2362,\"height\":2324,\"caption\":\"Pure Cosmetics\"},\"image\":{\"@id\":\"https:\\\/\\\/purecosmetics-shop.com\\\/accueil\\\/#\\\/schema\\\/logo\\\/image\\\/\"}}]}<\/script>\n<!-- \/ Yoast SEO plugin. -->","yoast_head_json":{"title":"Poremizing Quick Clay Stick Mask - Pure Cosmetics","description":"Un masque en stick onctueux aux 4 sortes d'argiles (18% Kaolin) et \u00e0 la fine poudre de haricots rouges pour absorber l'exc\u00e8s de s\u00e9bum et resserrer les pores dilat\u00e9s.","robots":{"index":"index","follow":"follow","max-snippet":"max-snippet:-1","max-image-preview":"max-image-preview:large","max-video-preview":"max-video-preview:-1"},"canonical":"https:\/\/purecosmetics-shop.com\/accueil\/produit\/skin1004-poremizing-quick-clay-stick-mask\/","og_locale":"fr_FR","og_type":"article","og_title":"Poremizing Quick Clay Stick Mask - Pure Cosmetics","og_description":"Un masque en stick onctueux aux 4 sortes d'argiles (18% Kaolin) et \u00e0 la fine poudre de haricots rouges pour absorber l'exc\u00e8s de s\u00e9bum et resserrer les pores dilat\u00e9s.","og_url":"https:\/\/purecosmetics-shop.com\/accueil\/produit\/skin1004-poremizing-quick-clay-stick-mask\/","og_site_name":"Pure Cosmetics","article_modified_time":"2026-04-16T04:54:20+00:00","og_image":[{"width":1000,"height":1000,"url":"https:\/\/purecosmetics-shop.com\/wp-content\/uploads\/2024\/07\/DC48FAC6-5593-45C1-A214-98FE81670ABF.jpg","type":"image\/jpeg"}],"twitter_card":"summary_large_image","twitter_misc":{"Dur\u00e9e de lecture estim\u00e9e":"1 minute"},"schema":{"@context":"https:\/\/schema.org","@graph":[{"@type":"WebPage","@id":"https:\/\/purecosmetics-shop.com\/accueil\/produit\/skin1004-poremizing-quick-clay-stick-mask\/","url":"https:\/\/purecosmetics-shop.com\/accueil\/produit\/skin1004-poremizing-quick-clay-stick-mask\/","name":"Poremizing Quick Clay Stick Mask - Pure Cosmetics","isPartOf":{"@id":"https:\/\/purecosmetics-shop.com\/accueil\/#website"},"primaryImageOfPage":{"@id":"https:\/\/purecosmetics-shop.com\/accueil\/produit\/skin1004-poremizing-quick-clay-stick-mask\/#primaryimage"},"image":{"@id":"https:\/\/purecosmetics-shop.com\/accueil\/produit\/skin1004-poremizing-quick-clay-stick-mask\/#primaryimage"},"thumbnailUrl":"https:\/\/purecosmetics-shop.com\/wp-content\/uploads\/2024\/07\/DC48FAC6-5593-45C1-A214-98FE81670ABF.jpg","datePublished":"2024-07-26T21:22:52+00:00","dateModified":"2026-04-16T04:54:20+00:00","description":"Un masque en stick onctueux aux 4 sortes d'argiles (18% Kaolin) et \u00e0 la fine poudre de haricots rouges pour absorber l'exc\u00e8s de s\u00e9bum et resserrer les pores dilat\u00e9s.","breadcrumb":{"@id":"https:\/\/purecosmetics-shop.com\/accueil\/produit\/skin1004-poremizing-quick-clay-stick-mask\/#breadcrumb"},"inLanguage":"fr-FR","potentialAction":[{"@type":"ReadAction","target":["https:\/\/purecosmetics-shop.com\/accueil\/produit\/skin1004-poremizing-quick-clay-stick-mask\/"]}]},{"@type":"ImageObject","inLanguage":"fr-FR","@id":"https:\/\/purecosmetics-shop.com\/accueil\/produit\/skin1004-poremizing-quick-clay-stick-mask\/#primaryimage","url":"https:\/\/purecosmetics-shop.com\/wp-content\/uploads\/2024\/07\/DC48FAC6-5593-45C1-A214-98FE81670ABF.jpg","contentUrl":"https:\/\/purecosmetics-shop.com\/wp-content\/uploads\/2024\/07\/DC48FAC6-5593-45C1-A214-98FE81670ABF.jpg","width":1000,"height":1000},{"@type":"BreadcrumbList","@id":"https:\/\/purecosmetics-shop.com\/accueil\/produit\/skin1004-poremizing-quick-clay-stick-mask\/#breadcrumb","itemListElement":[{"@type":"ListItem","position":1,"name":"Accueil","item":"https:\/\/purecosmetics-shop.com\/accueil\/"},{"@type":"ListItem","position":2,"name":"NOUVEAUT\u00c9S","item":"https:\/\/purecosmetics-shop.com\/accueil\/nouveautes\/"},{"@type":"ListItem","position":3,"name":"Poremizing Quick Clay Stick Mask"}]},{"@type":"WebSite","@id":"https:\/\/purecosmetics-shop.com\/accueil\/#website","url":"https:\/\/purecosmetics-shop.com\/accueil\/","name":"Pure Cosmetics","description":"Skincare cor\u00e9enne et japonais","publisher":{"@id":"https:\/\/purecosmetics-shop.com\/accueil\/#organization"},"potentialAction":[{"@type":"SearchAction","target":{"@type":"EntryPoint","urlTemplate":"https:\/\/purecosmetics-shop.com\/accueil\/?s={search_term_string}"},"query-input":{"@type":"PropertyValueSpecification","valueRequired":true,"valueName":"search_term_string"}}],"inLanguage":"fr-FR"},{"@type":"Organization","@id":"https:\/\/purecosmetics-shop.com\/accueil\/#organization","name":"Pure Cosmetics","url":"https:\/\/purecosmetics-shop.com\/accueil\/","logo":{"@type":"ImageObject","inLanguage":"fr-FR","@id":"https:\/\/purecosmetics-shop.com\/accueil\/#\/schema\/logo\/image\/","url":"https:\/\/purecosmetics-shop.com\/wp-content\/uploads\/2025\/04\/cropped-Pure-Cosmetics-black-2.png","contentUrl":"https:\/\/purecosmetics-shop.com\/wp-content\/uploads\/2025\/04\/cropped-Pure-Cosmetics-black-2.png","width":2362,"height":2324,"caption":"Pure Cosmetics"},"image":{"@id":"https:\/\/purecosmetics-shop.com\/accueil\/#\/schema\/logo\/image\/"}}]}},"jetpack_sharing_enabled":true,"_links":{"self":[{"href":"https:\/\/purecosmetics-shop.com\/accueil\/wp-json\/wp\/v2\/product\/172","targetHints":{"allow":["GET"]}}],"collection":[{"href":"https:\/\/purecosmetics-shop.com\/accueil\/wp-json\/wp\/v2\/product"}],"about":[{"href":"https:\/\/purecosmetics-shop.com\/accueil\/wp-json\/wp\/v2\/types\/product"}],"replies":[{"embeddable":true,"href":"https:\/\/purecosmetics-shop.com\/accueil\/wp-json\/wp\/v2\/comments?post=172"}],"version-history":[{"count":3,"href":"https:\/\/purecosmetics-shop.com\/accueil\/wp-json\/wp\/v2\/product\/172\/revisions"}],"predecessor-version":[{"id":2684,"href":"https:\/\/purecosmetics-shop.com\/accueil\/wp-json\/wp\/v2\/product\/172\/revisions\/2684"}],"wp:featuredmedia":[{"embeddable":true,"href":"https:\/\/purecosmetics-shop.com\/accueil\/wp-json\/wp\/v2\/media\/173"}],"wp:attachment":[{"href":"https:\/\/purecosmetics-shop.com\/accueil\/wp-json\/wp\/v2\/media?parent=172"}],"wp:term":[{"taxonomy":"product_brand","embeddable":true,"href":"https:\/\/purecosmetics-shop.com\/accueil\/wp-json\/wp\/v2\/product_brand?post=172"},{"taxonomy":"product_cat","embeddable":true,"href":"https:\/\/purecosmetics-shop.com\/accueil\/wp-json\/wp\/v2\/product_cat?post=172"},{"taxonomy":"product_tag","embeddable":true,"href":"https:\/\/purecosmetics-shop.com\/accueil\/wp-json\/wp\/v2\/product_tag?post=172"}],"curies":[{"name":"wp","href":"https:\/\/api.w.org\/{rel}","templated":true}]}}