{"id":1335,"date":"2024-10-16T13:12:57","date_gmt":"2024-10-16T17:12:57","guid":{"rendered":"https:\/\/purecosmetics-shop.com\/accueil\/produit\/medicube-triple-collagen-toner-4-0\/"},"modified":"2026-03-26T13:06:02","modified_gmt":"2026-03-26T17:06:02","slug":"medicube-triple-collagen-toner-4-0","status":"publish","type":"product","link":"https:\/\/purecosmetics-shop.com\/accueil\/produit\/medicube-triple-collagen-toner-4-0\/","title":{"rendered":"TRIPLE COLLAGEN TONER 4.0"},"content":{"rendered":"<p>Donne souplesse et \u00e9lasticit\u00e9 \u00e0 la peau.<br \/>\nLes particules de collag\u00e8ne p\u00e9n\u00e8trent en profondeur et rajeunissent la peau fatigu\u00e9e.<\/p>\n<p>Les 3 principaux collag\u00e8nes p\u00e9n\u00e8trent plus rapidement et plus profond\u00e9ment dans la barri\u00e8re cutan\u00e9e, hydratant la peau de l&rsquo;int\u00e9rieur vers l&rsquo;ext\u00e9rieur<\/p>\n<p>Les propri\u00e9t\u00e9s hydratantes sup\u00e9rieures retiennent l&rsquo;humidit\u00e9 dans la peau s\u00e8che pour garantir que la peau reste rebondie toute la journ\u00e9e<\/p>\n","protected":false},"excerpt":{"rendered":"<p>Donne souplesse et \u00e9lasticit\u00e9 \u00e0 la peau.<br \/>\nLes particules de collag\u00e8ne p\u00e9n\u00e8trent en profondeur et rajeunissent la peau fatigu\u00e9e.<\/p>\n<p>Les 3 principaux collag\u00e8nes p\u00e9n\u00e8trent plus rapidement et plus profond\u00e9ment dans la barri\u00e8re cutan\u00e9e, hydratant la peau de l&rsquo;int\u00e9rieur vers l&rsquo;ext\u00e9rieur<\/p>\n<p>Les propri\u00e9t\u00e9s hydratantes sup\u00e9rieures retiennent l&rsquo;humidit\u00e9 dans la peau s\u00e8che pour garantir que la peau reste rebondie toute la journ\u00e9e<\/p>\n","protected":false},"featured_media":5796,"comment_status":"open","ping_status":"closed","template":"","meta":[],"product_brand":[170],"product_cat":[107,112,19],"product_tag":[],"class_list":{"0":"post-1335","1":"product","2":"type-product","3":"status-publish","4":"has-post-thumbnail","6":"product_brand-medicube","7":"product_cat-anti-age-et-elasticite","8":"product_cat-hydratation","9":"product_cat-toner","11":"first","12":"outofstock","13":"shipping-taxable","14":"product-type-simple"},"yoast_head":"<!-- This site is optimized with the Yoast SEO plugin v27.4 - https:\/\/yoast.com\/product\/yoast-seo-wordpress\/ -->\n<title>TRIPLE COLLAGEN TONER 4.0 - Pure Cosmetics<\/title>\n<meta name=\"robots\" content=\"index, follow, max-snippet:-1, max-image-preview:large, max-video-preview:-1\" \/>\n<link rel=\"canonical\" href=\"https:\/\/purecosmetics-shop.com\/accueil\/produit\/medicube-triple-collagen-toner-4-0\/\" \/>\n<meta property=\"og:locale\" content=\"fr_FR\" \/>\n<meta property=\"og:type\" content=\"article\" \/>\n<meta property=\"og:title\" content=\"TRIPLE COLLAGEN TONER 4.0 - Pure Cosmetics\" \/>\n<meta property=\"og:description\" content=\"Donne souplesse et \u00e9lasticit\u00e9 \u00e0 la peau. Les particules de collag\u00e8ne p\u00e9n\u00e8trent en profondeur et rajeunissent la peau fatigu\u00e9e.  Les 3 principaux collag\u00e8nes p\u00e9n\u00e8trent plus rapidement et plus profond\u00e9ment dans la barri\u00e8re cutan\u00e9e, hydratant la peau de l&#039;int\u00e9rieur vers l&#039;ext\u00e9rieur  Les propri\u00e9t\u00e9s hydratantes sup\u00e9rieures retiennent l&#039;humidit\u00e9 dans la peau s\u00e8che pour garantir que la peau reste rebondie toute la journ\u00e9e\" \/>\n<meta property=\"og:url\" content=\"https:\/\/purecosmetics-shop.com\/accueil\/produit\/medicube-triple-collagen-toner-4-0\/\" \/>\n<meta property=\"og:site_name\" content=\"Pure Cosmetics\" \/>\n<meta property=\"article:modified_time\" content=\"2026-03-26T17:06:02+00:00\" \/>\n<meta property=\"og:image\" content=\"https:\/\/purecosmetics-shop.com\/wp-content\/uploads\/2024\/10\/MEDICUBE_Triple_Collagen_Toner.png\" \/>\n\t<meta property=\"og:image:width\" content=\"946\" \/>\n\t<meta property=\"og:image:height\" content=\"946\" \/>\n\t<meta property=\"og:image:type\" content=\"image\/png\" \/>\n<meta name=\"twitter:card\" content=\"summary_large_image\" \/>\n<meta name=\"twitter:label1\" content=\"Dur\u00e9e de lecture estim\u00e9e\" \/>\n\t<meta name=\"twitter:data1\" content=\"1 minute\" \/>\n<script type=\"application\/ld+json\" class=\"yoast-schema-graph\">{\"@context\":\"https:\\\/\\\/schema.org\",\"@graph\":[{\"@type\":\"WebPage\",\"@id\":\"https:\\\/\\\/purecosmetics-shop.com\\\/accueil\\\/produit\\\/medicube-triple-collagen-toner-4-0\\\/\",\"url\":\"https:\\\/\\\/purecosmetics-shop.com\\\/accueil\\\/produit\\\/medicube-triple-collagen-toner-4-0\\\/\",\"name\":\"TRIPLE COLLAGEN TONER 4.0 - Pure Cosmetics\",\"isPartOf\":{\"@id\":\"https:\\\/\\\/purecosmetics-shop.com\\\/accueil\\\/#website\"},\"primaryImageOfPage\":{\"@id\":\"https:\\\/\\\/purecosmetics-shop.com\\\/accueil\\\/produit\\\/medicube-triple-collagen-toner-4-0\\\/#primaryimage\"},\"image\":{\"@id\":\"https:\\\/\\\/purecosmetics-shop.com\\\/accueil\\\/produit\\\/medicube-triple-collagen-toner-4-0\\\/#primaryimage\"},\"thumbnailUrl\":\"https:\\\/\\\/purecosmetics-shop.com\\\/wp-content\\\/uploads\\\/2024\\\/10\\\/MEDICUBE_Triple_Collagen_Toner.png\",\"datePublished\":\"2024-10-16T17:12:57+00:00\",\"dateModified\":\"2026-03-26T17:06:02+00:00\",\"breadcrumb\":{\"@id\":\"https:\\\/\\\/purecosmetics-shop.com\\\/accueil\\\/produit\\\/medicube-triple-collagen-toner-4-0\\\/#breadcrumb\"},\"inLanguage\":\"fr-FR\",\"potentialAction\":[{\"@type\":\"ReadAction\",\"target\":[\"https:\\\/\\\/purecosmetics-shop.com\\\/accueil\\\/produit\\\/medicube-triple-collagen-toner-4-0\\\/\"]}]},{\"@type\":\"ImageObject\",\"inLanguage\":\"fr-FR\",\"@id\":\"https:\\\/\\\/purecosmetics-shop.com\\\/accueil\\\/produit\\\/medicube-triple-collagen-toner-4-0\\\/#primaryimage\",\"url\":\"https:\\\/\\\/purecosmetics-shop.com\\\/wp-content\\\/uploads\\\/2024\\\/10\\\/MEDICUBE_Triple_Collagen_Toner.png\",\"contentUrl\":\"https:\\\/\\\/purecosmetics-shop.com\\\/wp-content\\\/uploads\\\/2024\\\/10\\\/MEDICUBE_Triple_Collagen_Toner.png\",\"width\":946,\"height\":946,\"caption\":\"MEDICUBE_Triple_Collagen_Toner\"},{\"@type\":\"BreadcrumbList\",\"@id\":\"https:\\\/\\\/purecosmetics-shop.com\\\/accueil\\\/produit\\\/medicube-triple-collagen-toner-4-0\\\/#breadcrumb\",\"itemListElement\":[{\"@type\":\"ListItem\",\"position\":1,\"name\":\"Accueil\",\"item\":\"https:\\\/\\\/purecosmetics-shop.com\\\/accueil\\\/\"},{\"@type\":\"ListItem\",\"position\":2,\"name\":\"NOUVEAUT\u00c9S\",\"item\":\"https:\\\/\\\/purecosmetics-shop.com\\\/accueil\\\/nouveautes\\\/\"},{\"@type\":\"ListItem\",\"position\":3,\"name\":\"TRIPLE COLLAGEN TONER 4.0\"}]},{\"@type\":\"WebSite\",\"@id\":\"https:\\\/\\\/purecosmetics-shop.com\\\/accueil\\\/#website\",\"url\":\"https:\\\/\\\/purecosmetics-shop.com\\\/accueil\\\/\",\"name\":\"Pure Cosmetics\",\"description\":\"Skincare cor\u00e9enne et japonais\",\"publisher\":{\"@id\":\"https:\\\/\\\/purecosmetics-shop.com\\\/accueil\\\/#organization\"},\"potentialAction\":[{\"@type\":\"SearchAction\",\"target\":{\"@type\":\"EntryPoint\",\"urlTemplate\":\"https:\\\/\\\/purecosmetics-shop.com\\\/accueil\\\/?s={search_term_string}\"},\"query-input\":{\"@type\":\"PropertyValueSpecification\",\"valueRequired\":true,\"valueName\":\"search_term_string\"}}],\"inLanguage\":\"fr-FR\"},{\"@type\":\"Organization\",\"@id\":\"https:\\\/\\\/purecosmetics-shop.com\\\/accueil\\\/#organization\",\"name\":\"Pure Cosmetics\",\"url\":\"https:\\\/\\\/purecosmetics-shop.com\\\/accueil\\\/\",\"logo\":{\"@type\":\"ImageObject\",\"inLanguage\":\"fr-FR\",\"@id\":\"https:\\\/\\\/purecosmetics-shop.com\\\/accueil\\\/#\\\/schema\\\/logo\\\/image\\\/\",\"url\":\"https:\\\/\\\/purecosmetics-shop.com\\\/wp-content\\\/uploads\\\/2025\\\/04\\\/cropped-Pure-Cosmetics-black-2.png\",\"contentUrl\":\"https:\\\/\\\/purecosmetics-shop.com\\\/wp-content\\\/uploads\\\/2025\\\/04\\\/cropped-Pure-Cosmetics-black-2.png\",\"width\":2362,\"height\":2324,\"caption\":\"Pure Cosmetics\"},\"image\":{\"@id\":\"https:\\\/\\\/purecosmetics-shop.com\\\/accueil\\\/#\\\/schema\\\/logo\\\/image\\\/\"}}]}<\/script>\n<!-- \/ Yoast SEO plugin. -->","yoast_head_json":{"title":"TRIPLE COLLAGEN TONER 4.0 - Pure Cosmetics","robots":{"index":"index","follow":"follow","max-snippet":"max-snippet:-1","max-image-preview":"max-image-preview:large","max-video-preview":"max-video-preview:-1"},"canonical":"https:\/\/purecosmetics-shop.com\/accueil\/produit\/medicube-triple-collagen-toner-4-0\/","og_locale":"fr_FR","og_type":"article","og_title":"TRIPLE COLLAGEN TONER 4.0 - Pure Cosmetics","og_description":"Donne souplesse et \u00e9lasticit\u00e9 \u00e0 la peau. Les particules de collag\u00e8ne p\u00e9n\u00e8trent en profondeur et rajeunissent la peau fatigu\u00e9e.  Les 3 principaux collag\u00e8nes p\u00e9n\u00e8trent plus rapidement et plus profond\u00e9ment dans la barri\u00e8re cutan\u00e9e, hydratant la peau de l'int\u00e9rieur vers l'ext\u00e9rieur  Les propri\u00e9t\u00e9s hydratantes sup\u00e9rieures retiennent l'humidit\u00e9 dans la peau s\u00e8che pour garantir que la peau reste rebondie toute la journ\u00e9e","og_url":"https:\/\/purecosmetics-shop.com\/accueil\/produit\/medicube-triple-collagen-toner-4-0\/","og_site_name":"Pure Cosmetics","article_modified_time":"2026-03-26T17:06:02+00:00","og_image":[{"width":946,"height":946,"url":"https:\/\/purecosmetics-shop.com\/wp-content\/uploads\/2024\/10\/MEDICUBE_Triple_Collagen_Toner.png","type":"image\/png"}],"twitter_card":"summary_large_image","twitter_misc":{"Dur\u00e9e de lecture estim\u00e9e":"1 minute"},"schema":{"@context":"https:\/\/schema.org","@graph":[{"@type":"WebPage","@id":"https:\/\/purecosmetics-shop.com\/accueil\/produit\/medicube-triple-collagen-toner-4-0\/","url":"https:\/\/purecosmetics-shop.com\/accueil\/produit\/medicube-triple-collagen-toner-4-0\/","name":"TRIPLE COLLAGEN TONER 4.0 - Pure Cosmetics","isPartOf":{"@id":"https:\/\/purecosmetics-shop.com\/accueil\/#website"},"primaryImageOfPage":{"@id":"https:\/\/purecosmetics-shop.com\/accueil\/produit\/medicube-triple-collagen-toner-4-0\/#primaryimage"},"image":{"@id":"https:\/\/purecosmetics-shop.com\/accueil\/produit\/medicube-triple-collagen-toner-4-0\/#primaryimage"},"thumbnailUrl":"https:\/\/purecosmetics-shop.com\/wp-content\/uploads\/2024\/10\/MEDICUBE_Triple_Collagen_Toner.png","datePublished":"2024-10-16T17:12:57+00:00","dateModified":"2026-03-26T17:06:02+00:00","breadcrumb":{"@id":"https:\/\/purecosmetics-shop.com\/accueil\/produit\/medicube-triple-collagen-toner-4-0\/#breadcrumb"},"inLanguage":"fr-FR","potentialAction":[{"@type":"ReadAction","target":["https:\/\/purecosmetics-shop.com\/accueil\/produit\/medicube-triple-collagen-toner-4-0\/"]}]},{"@type":"ImageObject","inLanguage":"fr-FR","@id":"https:\/\/purecosmetics-shop.com\/accueil\/produit\/medicube-triple-collagen-toner-4-0\/#primaryimage","url":"https:\/\/purecosmetics-shop.com\/wp-content\/uploads\/2024\/10\/MEDICUBE_Triple_Collagen_Toner.png","contentUrl":"https:\/\/purecosmetics-shop.com\/wp-content\/uploads\/2024\/10\/MEDICUBE_Triple_Collagen_Toner.png","width":946,"height":946,"caption":"MEDICUBE_Triple_Collagen_Toner"},{"@type":"BreadcrumbList","@id":"https:\/\/purecosmetics-shop.com\/accueil\/produit\/medicube-triple-collagen-toner-4-0\/#breadcrumb","itemListElement":[{"@type":"ListItem","position":1,"name":"Accueil","item":"https:\/\/purecosmetics-shop.com\/accueil\/"},{"@type":"ListItem","position":2,"name":"NOUVEAUT\u00c9S","item":"https:\/\/purecosmetics-shop.com\/accueil\/nouveautes\/"},{"@type":"ListItem","position":3,"name":"TRIPLE COLLAGEN TONER 4.0"}]},{"@type":"WebSite","@id":"https:\/\/purecosmetics-shop.com\/accueil\/#website","url":"https:\/\/purecosmetics-shop.com\/accueil\/","name":"Pure Cosmetics","description":"Skincare cor\u00e9enne et japonais","publisher":{"@id":"https:\/\/purecosmetics-shop.com\/accueil\/#organization"},"potentialAction":[{"@type":"SearchAction","target":{"@type":"EntryPoint","urlTemplate":"https:\/\/purecosmetics-shop.com\/accueil\/?s={search_term_string}"},"query-input":{"@type":"PropertyValueSpecification","valueRequired":true,"valueName":"search_term_string"}}],"inLanguage":"fr-FR"},{"@type":"Organization","@id":"https:\/\/purecosmetics-shop.com\/accueil\/#organization","name":"Pure Cosmetics","url":"https:\/\/purecosmetics-shop.com\/accueil\/","logo":{"@type":"ImageObject","inLanguage":"fr-FR","@id":"https:\/\/purecosmetics-shop.com\/accueil\/#\/schema\/logo\/image\/","url":"https:\/\/purecosmetics-shop.com\/wp-content\/uploads\/2025\/04\/cropped-Pure-Cosmetics-black-2.png","contentUrl":"https:\/\/purecosmetics-shop.com\/wp-content\/uploads\/2025\/04\/cropped-Pure-Cosmetics-black-2.png","width":2362,"height":2324,"caption":"Pure Cosmetics"},"image":{"@id":"https:\/\/purecosmetics-shop.com\/accueil\/#\/schema\/logo\/image\/"}}]}},"jetpack_sharing_enabled":true,"_links":{"self":[{"href":"https:\/\/purecosmetics-shop.com\/accueil\/wp-json\/wp\/v2\/product\/1335","targetHints":{"allow":["GET"]}}],"collection":[{"href":"https:\/\/purecosmetics-shop.com\/accueil\/wp-json\/wp\/v2\/product"}],"about":[{"href":"https:\/\/purecosmetics-shop.com\/accueil\/wp-json\/wp\/v2\/types\/product"}],"replies":[{"embeddable":true,"href":"https:\/\/purecosmetics-shop.com\/accueil\/wp-json\/wp\/v2\/comments?post=1335"}],"version-history":[{"count":3,"href":"https:\/\/purecosmetics-shop.com\/accueil\/wp-json\/wp\/v2\/product\/1335\/revisions"}],"predecessor-version":[{"id":2629,"href":"https:\/\/purecosmetics-shop.com\/accueil\/wp-json\/wp\/v2\/product\/1335\/revisions\/2629"}],"wp:featuredmedia":[{"embeddable":true,"href":"https:\/\/purecosmetics-shop.com\/accueil\/wp-json\/wp\/v2\/media\/5796"}],"wp:attachment":[{"href":"https:\/\/purecosmetics-shop.com\/accueil\/wp-json\/wp\/v2\/media?parent=1335"}],"wp:term":[{"taxonomy":"product_brand","embeddable":true,"href":"https:\/\/purecosmetics-shop.com\/accueil\/wp-json\/wp\/v2\/product_brand?post=1335"},{"taxonomy":"product_cat","embeddable":true,"href":"https:\/\/purecosmetics-shop.com\/accueil\/wp-json\/wp\/v2\/product_cat?post=1335"},{"taxonomy":"product_tag","embeddable":true,"href":"https:\/\/purecosmetics-shop.com\/accueil\/wp-json\/wp\/v2\/product_tag?post=1335"}],"curies":[{"name":"wp","href":"https:\/\/api.w.org\/{rel}","templated":true}]}}