{"id":1334,"date":"2024-10-16T13:12:57","date_gmt":"2024-10-16T17:12:57","guid":{"rendered":"https:\/\/purecosmetics-shop.com\/accueil\/produit\/mixsoon-bean-essence\/"},"modified":"2026-04-15T23:38:37","modified_gmt":"2026-04-16T03:38:37","slug":"mixsoon-bean-essence","status":"publish","type":"product","link":"https:\/\/purecosmetics-shop.com\/accueil\/produit\/mixsoon-bean-essence\/","title":{"rendered":"Bean Essence"},"content":{"rendered":"<p>Exfoliant en douceur tout en procurant une hydratation en profondeur, ce produit \u00e9limine efficacement les cellules mortes de la peau et r\u00e9gule la production de s\u00e9bum.<\/p>\n<p>Non collant et rapidement absorb\u00e9, ce produit poss\u00e8de d&rsquo;excellentes propri\u00e9t\u00e9s d&rsquo;hydratation de la peau.<\/p>\n<p>Les petites particules p\u00e9n\u00e8trent rapidement dans la peau, offrant une finition fra\u00eeche et non collante \u00e0 la surface, assurant une hydratation optimale pour votre peau. Il hydrate \u00e9galement en profondeur la peau s\u00e8che. Fabriqu\u00e9 \u00e0 partir d&rsquo;ingr\u00e9dients naturels, il peut \u00eatre utilis\u00e9 en toute s\u00e9curit\u00e9 sur les peaux sensibles.<\/p>\n<p>Bean Essence est une essence douce, id\u00e9ale pour exfolier et hydrater la peau textur\u00e9e sans irritation cutan\u00e9e. Il renforce la sant\u00e9 de la peau, hydrate et revitalise le teint tout en prenant soin des cellules mortes de la peau pour obtenir une texture de peau lisse.<\/p>\n<p>V\u00e9g\u00e9talien et sans cruaut\u00e9. Sans alcool ni parfum artificiel.<\/p>\n<hr \/>\n<p>Contenance : 30mL<\/p>\n","protected":false},"excerpt":{"rendered":"<p>Le Bean Essence de Mixsoon contient divers plantes ferment\u00e9s qui vont \u00e9quilibrer l\u2019hydratation et exfolier la peau tout en douceur.<\/p>\n<p>L\u2019ingr\u00e9dient phare est l\u2019extrait de ferment de soja pour un teint lumineux gr\u00e2ce \u00e0 un l\u00e9ger affinage des pores et \u00e0 une exfoliation m\u00eame des peaux mortes les plus tenaces.<\/p>\n<p>Les f\u00e8ves de soja, l\u2019orge et la poire ferment\u00e9es sont de supers antioxydants pour renforcer et hydrater la peau.<\/p>\n","protected":false},"featured_media":1772,"comment_status":"open","ping_status":"closed","template":"","meta":[],"product_brand":[171],"product_cat":[108,189,112,115],"product_tag":[],"class_list":{"0":"post-1334","1":"product","2":"type-product","3":"status-publish","4":"has-post-thumbnail","6":"product_brand-mixsoon","7":"product_cat-anti-imperfections-et-pores","8":"product_cat-essence","9":"product_cat-hydratation","10":"product_cat-peau-grasse","12":"first","13":"instock","14":"shipping-taxable","15":"purchasable","16":"product-type-simple"},"yoast_head":"<!-- This site is optimized with the Yoast SEO plugin v27.4 - https:\/\/yoast.com\/product\/yoast-seo-wordpress\/ -->\n<title>Bean Essence - Pure Cosmetics<\/title>\n<meta name=\"robots\" content=\"index, follow, max-snippet:-1, max-image-preview:large, max-video-preview:-1\" \/>\n<link rel=\"canonical\" href=\"https:\/\/purecosmetics-shop.com\/accueil\/produit\/mixsoon-bean-essence\/\" \/>\n<meta property=\"og:locale\" content=\"fr_FR\" \/>\n<meta property=\"og:type\" content=\"article\" \/>\n<meta property=\"og:title\" content=\"Bean Essence - Pure Cosmetics\" \/>\n<meta property=\"og:description\" content=\"Le Bean Essence de Mixsoon contient divers plantes ferment\u00e9s qui vont \u00e9quilibrer l\u2019hydratation et exfolier la peau tout en douceur.  L\u2019ingr\u00e9dient phare est l\u2019extrait de ferment de soja pour un teint lumineux gr\u00e2ce \u00e0 un l\u00e9ger affinage des pores et \u00e0 une exfoliation m\u00eame des peaux mortes les plus tenaces.  Les f\u00e8ves de soja, l\u2019orge et la poire ferment\u00e9es sont de supers antioxydants pour renforcer et hydrater la peau.\" \/>\n<meta property=\"og:url\" content=\"https:\/\/purecosmetics-shop.com\/accueil\/produit\/mixsoon-bean-essence\/\" \/>\n<meta property=\"og:site_name\" content=\"Pure Cosmetics\" \/>\n<meta property=\"article:modified_time\" content=\"2026-04-16T03:38:37+00:00\" \/>\n<meta property=\"og:image\" content=\"https:\/\/purecosmetics-shop.com\/wp-content\/uploads\/2024\/10\/MIXSOON-Bean-Essence-.webp\" \/>\n\t<meta property=\"og:image:width\" content=\"800\" \/>\n\t<meta property=\"og:image:height\" content=\"800\" \/>\n\t<meta property=\"og:image:type\" content=\"image\/webp\" \/>\n<meta name=\"twitter:card\" content=\"summary_large_image\" \/>\n<meta name=\"twitter:label1\" content=\"Dur\u00e9e de lecture estim\u00e9e\" \/>\n\t<meta name=\"twitter:data1\" content=\"1 minute\" \/>\n<script type=\"application\/ld+json\" class=\"yoast-schema-graph\">{\"@context\":\"https:\\\/\\\/schema.org\",\"@graph\":[{\"@type\":\"WebPage\",\"@id\":\"https:\\\/\\\/purecosmetics-shop.com\\\/accueil\\\/produit\\\/mixsoon-bean-essence\\\/\",\"url\":\"https:\\\/\\\/purecosmetics-shop.com\\\/accueil\\\/produit\\\/mixsoon-bean-essence\\\/\",\"name\":\"Bean Essence - Pure Cosmetics\",\"isPartOf\":{\"@id\":\"https:\\\/\\\/purecosmetics-shop.com\\\/accueil\\\/#website\"},\"primaryImageOfPage\":{\"@id\":\"https:\\\/\\\/purecosmetics-shop.com\\\/accueil\\\/produit\\\/mixsoon-bean-essence\\\/#primaryimage\"},\"image\":{\"@id\":\"https:\\\/\\\/purecosmetics-shop.com\\\/accueil\\\/produit\\\/mixsoon-bean-essence\\\/#primaryimage\"},\"thumbnailUrl\":\"https:\\\/\\\/purecosmetics-shop.com\\\/wp-content\\\/uploads\\\/2024\\\/10\\\/MIXSOON-Bean-Essence-.webp\",\"datePublished\":\"2024-10-16T17:12:57+00:00\",\"dateModified\":\"2026-04-16T03:38:37+00:00\",\"breadcrumb\":{\"@id\":\"https:\\\/\\\/purecosmetics-shop.com\\\/accueil\\\/produit\\\/mixsoon-bean-essence\\\/#breadcrumb\"},\"inLanguage\":\"fr-FR\",\"potentialAction\":[{\"@type\":\"ReadAction\",\"target\":[\"https:\\\/\\\/purecosmetics-shop.com\\\/accueil\\\/produit\\\/mixsoon-bean-essence\\\/\"]}]},{\"@type\":\"ImageObject\",\"inLanguage\":\"fr-FR\",\"@id\":\"https:\\\/\\\/purecosmetics-shop.com\\\/accueil\\\/produit\\\/mixsoon-bean-essence\\\/#primaryimage\",\"url\":\"https:\\\/\\\/purecosmetics-shop.com\\\/wp-content\\\/uploads\\\/2024\\\/10\\\/MIXSOON-Bean-Essence-.webp\",\"contentUrl\":\"https:\\\/\\\/purecosmetics-shop.com\\\/wp-content\\\/uploads\\\/2024\\\/10\\\/MIXSOON-Bean-Essence-.webp\",\"width\":800,\"height\":800},{\"@type\":\"BreadcrumbList\",\"@id\":\"https:\\\/\\\/purecosmetics-shop.com\\\/accueil\\\/produit\\\/mixsoon-bean-essence\\\/#breadcrumb\",\"itemListElement\":[{\"@type\":\"ListItem\",\"position\":1,\"name\":\"Accueil\",\"item\":\"https:\\\/\\\/purecosmetics-shop.com\\\/accueil\\\/\"},{\"@type\":\"ListItem\",\"position\":2,\"name\":\"NOUVEAUT\u00c9S\",\"item\":\"https:\\\/\\\/purecosmetics-shop.com\\\/accueil\\\/nouveautes\\\/\"},{\"@type\":\"ListItem\",\"position\":3,\"name\":\"Bean Essence\"}]},{\"@type\":\"WebSite\",\"@id\":\"https:\\\/\\\/purecosmetics-shop.com\\\/accueil\\\/#website\",\"url\":\"https:\\\/\\\/purecosmetics-shop.com\\\/accueil\\\/\",\"name\":\"Pure Cosmetics\",\"description\":\"Skincare cor\u00e9enne et japonais\",\"publisher\":{\"@id\":\"https:\\\/\\\/purecosmetics-shop.com\\\/accueil\\\/#organization\"},\"potentialAction\":[{\"@type\":\"SearchAction\",\"target\":{\"@type\":\"EntryPoint\",\"urlTemplate\":\"https:\\\/\\\/purecosmetics-shop.com\\\/accueil\\\/?s={search_term_string}\"},\"query-input\":{\"@type\":\"PropertyValueSpecification\",\"valueRequired\":true,\"valueName\":\"search_term_string\"}}],\"inLanguage\":\"fr-FR\"},{\"@type\":\"Organization\",\"@id\":\"https:\\\/\\\/purecosmetics-shop.com\\\/accueil\\\/#organization\",\"name\":\"Pure Cosmetics\",\"url\":\"https:\\\/\\\/purecosmetics-shop.com\\\/accueil\\\/\",\"logo\":{\"@type\":\"ImageObject\",\"inLanguage\":\"fr-FR\",\"@id\":\"https:\\\/\\\/purecosmetics-shop.com\\\/accueil\\\/#\\\/schema\\\/logo\\\/image\\\/\",\"url\":\"https:\\\/\\\/purecosmetics-shop.com\\\/wp-content\\\/uploads\\\/2025\\\/04\\\/cropped-Pure-Cosmetics-black-2.png\",\"contentUrl\":\"https:\\\/\\\/purecosmetics-shop.com\\\/wp-content\\\/uploads\\\/2025\\\/04\\\/cropped-Pure-Cosmetics-black-2.png\",\"width\":2362,\"height\":2324,\"caption\":\"Pure Cosmetics\"},\"image\":{\"@id\":\"https:\\\/\\\/purecosmetics-shop.com\\\/accueil\\\/#\\\/schema\\\/logo\\\/image\\\/\"}}]}<\/script>\n<!-- \/ Yoast SEO plugin. -->","yoast_head_json":{"title":"Bean Essence - Pure Cosmetics","robots":{"index":"index","follow":"follow","max-snippet":"max-snippet:-1","max-image-preview":"max-image-preview:large","max-video-preview":"max-video-preview:-1"},"canonical":"https:\/\/purecosmetics-shop.com\/accueil\/produit\/mixsoon-bean-essence\/","og_locale":"fr_FR","og_type":"article","og_title":"Bean Essence - Pure Cosmetics","og_description":"Le Bean Essence de Mixsoon contient divers plantes ferment\u00e9s qui vont \u00e9quilibrer l\u2019hydratation et exfolier la peau tout en douceur.  L\u2019ingr\u00e9dient phare est l\u2019extrait de ferment de soja pour un teint lumineux gr\u00e2ce \u00e0 un l\u00e9ger affinage des pores et \u00e0 une exfoliation m\u00eame des peaux mortes les plus tenaces.  Les f\u00e8ves de soja, l\u2019orge et la poire ferment\u00e9es sont de supers antioxydants pour renforcer et hydrater la peau.","og_url":"https:\/\/purecosmetics-shop.com\/accueil\/produit\/mixsoon-bean-essence\/","og_site_name":"Pure Cosmetics","article_modified_time":"2026-04-16T03:38:37+00:00","og_image":[{"width":800,"height":800,"url":"https:\/\/purecosmetics-shop.com\/wp-content\/uploads\/2024\/10\/MIXSOON-Bean-Essence-.webp","type":"image\/webp"}],"twitter_card":"summary_large_image","twitter_misc":{"Dur\u00e9e de lecture estim\u00e9e":"1 minute"},"schema":{"@context":"https:\/\/schema.org","@graph":[{"@type":"WebPage","@id":"https:\/\/purecosmetics-shop.com\/accueil\/produit\/mixsoon-bean-essence\/","url":"https:\/\/purecosmetics-shop.com\/accueil\/produit\/mixsoon-bean-essence\/","name":"Bean Essence - Pure Cosmetics","isPartOf":{"@id":"https:\/\/purecosmetics-shop.com\/accueil\/#website"},"primaryImageOfPage":{"@id":"https:\/\/purecosmetics-shop.com\/accueil\/produit\/mixsoon-bean-essence\/#primaryimage"},"image":{"@id":"https:\/\/purecosmetics-shop.com\/accueil\/produit\/mixsoon-bean-essence\/#primaryimage"},"thumbnailUrl":"https:\/\/purecosmetics-shop.com\/wp-content\/uploads\/2024\/10\/MIXSOON-Bean-Essence-.webp","datePublished":"2024-10-16T17:12:57+00:00","dateModified":"2026-04-16T03:38:37+00:00","breadcrumb":{"@id":"https:\/\/purecosmetics-shop.com\/accueil\/produit\/mixsoon-bean-essence\/#breadcrumb"},"inLanguage":"fr-FR","potentialAction":[{"@type":"ReadAction","target":["https:\/\/purecosmetics-shop.com\/accueil\/produit\/mixsoon-bean-essence\/"]}]},{"@type":"ImageObject","inLanguage":"fr-FR","@id":"https:\/\/purecosmetics-shop.com\/accueil\/produit\/mixsoon-bean-essence\/#primaryimage","url":"https:\/\/purecosmetics-shop.com\/wp-content\/uploads\/2024\/10\/MIXSOON-Bean-Essence-.webp","contentUrl":"https:\/\/purecosmetics-shop.com\/wp-content\/uploads\/2024\/10\/MIXSOON-Bean-Essence-.webp","width":800,"height":800},{"@type":"BreadcrumbList","@id":"https:\/\/purecosmetics-shop.com\/accueil\/produit\/mixsoon-bean-essence\/#breadcrumb","itemListElement":[{"@type":"ListItem","position":1,"name":"Accueil","item":"https:\/\/purecosmetics-shop.com\/accueil\/"},{"@type":"ListItem","position":2,"name":"NOUVEAUT\u00c9S","item":"https:\/\/purecosmetics-shop.com\/accueil\/nouveautes\/"},{"@type":"ListItem","position":3,"name":"Bean Essence"}]},{"@type":"WebSite","@id":"https:\/\/purecosmetics-shop.com\/accueil\/#website","url":"https:\/\/purecosmetics-shop.com\/accueil\/","name":"Pure Cosmetics","description":"Skincare cor\u00e9enne et japonais","publisher":{"@id":"https:\/\/purecosmetics-shop.com\/accueil\/#organization"},"potentialAction":[{"@type":"SearchAction","target":{"@type":"EntryPoint","urlTemplate":"https:\/\/purecosmetics-shop.com\/accueil\/?s={search_term_string}"},"query-input":{"@type":"PropertyValueSpecification","valueRequired":true,"valueName":"search_term_string"}}],"inLanguage":"fr-FR"},{"@type":"Organization","@id":"https:\/\/purecosmetics-shop.com\/accueil\/#organization","name":"Pure Cosmetics","url":"https:\/\/purecosmetics-shop.com\/accueil\/","logo":{"@type":"ImageObject","inLanguage":"fr-FR","@id":"https:\/\/purecosmetics-shop.com\/accueil\/#\/schema\/logo\/image\/","url":"https:\/\/purecosmetics-shop.com\/wp-content\/uploads\/2025\/04\/cropped-Pure-Cosmetics-black-2.png","contentUrl":"https:\/\/purecosmetics-shop.com\/wp-content\/uploads\/2025\/04\/cropped-Pure-Cosmetics-black-2.png","width":2362,"height":2324,"caption":"Pure Cosmetics"},"image":{"@id":"https:\/\/purecosmetics-shop.com\/accueil\/#\/schema\/logo\/image\/"}}]}},"jetpack_sharing_enabled":true,"_links":{"self":[{"href":"https:\/\/purecosmetics-shop.com\/accueil\/wp-json\/wp\/v2\/product\/1334","targetHints":{"allow":["GET"]}}],"collection":[{"href":"https:\/\/purecosmetics-shop.com\/accueil\/wp-json\/wp\/v2\/product"}],"about":[{"href":"https:\/\/purecosmetics-shop.com\/accueil\/wp-json\/wp\/v2\/types\/product"}],"replies":[{"embeddable":true,"href":"https:\/\/purecosmetics-shop.com\/accueil\/wp-json\/wp\/v2\/comments?post=1334"}],"version-history":[{"count":4,"href":"https:\/\/purecosmetics-shop.com\/accueil\/wp-json\/wp\/v2\/product\/1334\/revisions"}],"predecessor-version":[{"id":6071,"href":"https:\/\/purecosmetics-shop.com\/accueil\/wp-json\/wp\/v2\/product\/1334\/revisions\/6071"}],"wp:featuredmedia":[{"embeddable":true,"href":"https:\/\/purecosmetics-shop.com\/accueil\/wp-json\/wp\/v2\/media\/1772"}],"wp:attachment":[{"href":"https:\/\/purecosmetics-shop.com\/accueil\/wp-json\/wp\/v2\/media?parent=1334"}],"wp:term":[{"taxonomy":"product_brand","embeddable":true,"href":"https:\/\/purecosmetics-shop.com\/accueil\/wp-json\/wp\/v2\/product_brand?post=1334"},{"taxonomy":"product_cat","embeddable":true,"href":"https:\/\/purecosmetics-shop.com\/accueil\/wp-json\/wp\/v2\/product_cat?post=1334"},{"taxonomy":"product_tag","embeddable":true,"href":"https:\/\/purecosmetics-shop.com\/accueil\/wp-json\/wp\/v2\/product_tag?post=1334"}],"curies":[{"name":"wp","href":"https:\/\/api.w.org\/{rel}","templated":true}]}}