{"id":1317,"date":"2024-10-16T13:12:51","date_gmt":"2024-10-16T17:12:51","guid":{"rendered":"https:\/\/purecosmetics-shop.com\/accueil\/produit\/laneige-lip-sleeping-mask-ex-berry\/"},"modified":"2026-04-16T04:08:11","modified_gmt":"2026-04-16T08:08:11","slug":"laneige-lip-sleeping-mask-ex-berry","status":"publish","type":"product","link":"https:\/\/purecosmetics-shop.com\/accueil\/produit\/laneige-lip-sleeping-mask-ex-berry\/","title":{"rendered":"Lip Sleeping Mask EX Berry"},"content":{"rendered":"<p>Le masque \u00e0 l\u00e8vre riche en vitamine C, contenant des extraits de framboise, de fraise, de canneberge et de myrtille, efface les peaux mortes s\u00e8ches et squameuses des l\u00e8vres pendant la nuit pour obtenir des l\u00e8vres lisses et souples le lendemain matin.<\/p>\n<h3>Berry Mix Complex<\/h3>\n<p>Les extraits de baies riches en vitamine C et en antioxydants agissent sur les l\u00e8vres s\u00e8ches et rugueuses, les rendant lisses et souples.<\/p>\n<h3>MOISTURE WRAP<\/h3>\n<p>Le r\u00e9seau min\u00e9ral d&rsquo;acide hyaluronique forme un film hydratant pour aider \u00e0 retenir les ingr\u00e9dients actifs et la peau \u00e0 absorber et retenir l&rsquo;humidit\u00e9 pendant la nuit.<\/p>\n<h3>Parfum de baies sucr\u00e9 et fruit\u00e9<\/h3>\n<p>Parfum doux et relaxant qui sent si bon qu&rsquo;il vous rappelle les vraies baies.<\/p>\n","protected":false},"excerpt":{"rendered":"<p>Le masque \u00e0 l\u00e8vre riche en vitamine C, contenant des extraits de framboise, de fraise, de canneberge et de myrtille, efface les peaux mortes s\u00e8ches et squameuses des l\u00e8vres pendant la nuit pour obtenir des l\u00e8vres lisses et souples le lendemain matin.<\/p>\n","protected":false},"featured_media":3929,"comment_status":"open","ping_status":"closed","template":"","meta":[],"product_brand":[169],"product_cat":[112,23,29],"product_tag":[],"class_list":{"0":"post-1317","1":"product","2":"type-product","3":"status-publish","4":"has-post-thumbnail","6":"product_brand-laneige","7":"product_cat-hydratation","8":"product_cat-masque","9":"product_cat-levre","11":"first","12":"instock","13":"shipping-taxable","14":"purchasable","15":"product-type-simple"},"yoast_head":"<!-- This site is optimized with the Yoast SEO plugin v27.4 - https:\/\/yoast.com\/product\/yoast-seo-wordpress\/ -->\n<title>Lip Sleeping Mask EX Berry - Pure Cosmetics<\/title>\n<meta name=\"robots\" content=\"index, follow, max-snippet:-1, max-image-preview:large, max-video-preview:-1\" \/>\n<link rel=\"canonical\" href=\"https:\/\/purecosmetics-shop.com\/accueil\/produit\/laneige-lip-sleeping-mask-ex-berry\/\" \/>\n<meta property=\"og:locale\" content=\"fr_FR\" \/>\n<meta property=\"og:type\" content=\"article\" \/>\n<meta property=\"og:title\" content=\"Lip Sleeping Mask EX Berry - Pure Cosmetics\" \/>\n<meta property=\"og:description\" content=\"Le masque \u00e0 l\u00e8vre riche en vitamine C, contenant des extraits de framboise, de fraise, de canneberge et de myrtille, efface les peaux mortes s\u00e8ches et squameuses des l\u00e8vres pendant la nuit pour obtenir des l\u00e8vres lisses et souples le lendemain matin.\" \/>\n<meta property=\"og:url\" content=\"https:\/\/purecosmetics-shop.com\/accueil\/produit\/laneige-lip-sleeping-mask-ex-berry\/\" \/>\n<meta property=\"og:site_name\" content=\"Pure Cosmetics\" \/>\n<meta property=\"article:modified_time\" content=\"2026-04-16T08:08:11+00:00\" \/>\n<meta property=\"og:image\" content=\"https:\/\/purecosmetics-shop.com\/wp-content\/uploads\/2024\/10\/laneige-lip-sleeping-mask-berry.jpg\" \/>\n\t<meta property=\"og:image:width\" content=\"2000\" \/>\n\t<meta property=\"og:image:height\" content=\"2000\" \/>\n\t<meta property=\"og:image:type\" content=\"image\/jpeg\" \/>\n<meta name=\"twitter:card\" content=\"summary_large_image\" \/>\n<meta name=\"twitter:label1\" content=\"Dur\u00e9e de lecture estim\u00e9e\" \/>\n\t<meta name=\"twitter:data1\" content=\"1 minute\" \/>\n<script type=\"application\/ld+json\" class=\"yoast-schema-graph\">{\"@context\":\"https:\\\/\\\/schema.org\",\"@graph\":[{\"@type\":\"WebPage\",\"@id\":\"https:\\\/\\\/purecosmetics-shop.com\\\/accueil\\\/produit\\\/laneige-lip-sleeping-mask-ex-berry\\\/\",\"url\":\"https:\\\/\\\/purecosmetics-shop.com\\\/accueil\\\/produit\\\/laneige-lip-sleeping-mask-ex-berry\\\/\",\"name\":\"Lip Sleeping Mask EX Berry - Pure Cosmetics\",\"isPartOf\":{\"@id\":\"https:\\\/\\\/purecosmetics-shop.com\\\/accueil\\\/#website\"},\"primaryImageOfPage\":{\"@id\":\"https:\\\/\\\/purecosmetics-shop.com\\\/accueil\\\/produit\\\/laneige-lip-sleeping-mask-ex-berry\\\/#primaryimage\"},\"image\":{\"@id\":\"https:\\\/\\\/purecosmetics-shop.com\\\/accueil\\\/produit\\\/laneige-lip-sleeping-mask-ex-berry\\\/#primaryimage\"},\"thumbnailUrl\":\"https:\\\/\\\/purecosmetics-shop.com\\\/wp-content\\\/uploads\\\/2024\\\/10\\\/laneige-lip-sleeping-mask-berry.jpg\",\"datePublished\":\"2024-10-16T17:12:51+00:00\",\"dateModified\":\"2026-04-16T08:08:11+00:00\",\"breadcrumb\":{\"@id\":\"https:\\\/\\\/purecosmetics-shop.com\\\/accueil\\\/produit\\\/laneige-lip-sleeping-mask-ex-berry\\\/#breadcrumb\"},\"inLanguage\":\"fr-FR\",\"potentialAction\":[{\"@type\":\"ReadAction\",\"target\":[\"https:\\\/\\\/purecosmetics-shop.com\\\/accueil\\\/produit\\\/laneige-lip-sleeping-mask-ex-berry\\\/\"]}]},{\"@type\":\"ImageObject\",\"inLanguage\":\"fr-FR\",\"@id\":\"https:\\\/\\\/purecosmetics-shop.com\\\/accueil\\\/produit\\\/laneige-lip-sleeping-mask-ex-berry\\\/#primaryimage\",\"url\":\"https:\\\/\\\/purecosmetics-shop.com\\\/wp-content\\\/uploads\\\/2024\\\/10\\\/laneige-lip-sleeping-mask-berry.jpg\",\"contentUrl\":\"https:\\\/\\\/purecosmetics-shop.com\\\/wp-content\\\/uploads\\\/2024\\\/10\\\/laneige-lip-sleeping-mask-berry.jpg\",\"width\":2000,\"height\":2000,\"caption\":\"LANEIGE LIP SLEEPIN MASK BERRY\"},{\"@type\":\"BreadcrumbList\",\"@id\":\"https:\\\/\\\/purecosmetics-shop.com\\\/accueil\\\/produit\\\/laneige-lip-sleeping-mask-ex-berry\\\/#breadcrumb\",\"itemListElement\":[{\"@type\":\"ListItem\",\"position\":1,\"name\":\"Accueil\",\"item\":\"https:\\\/\\\/purecosmetics-shop.com\\\/accueil\\\/\"},{\"@type\":\"ListItem\",\"position\":2,\"name\":\"NOUVEAUT\u00c9S\",\"item\":\"https:\\\/\\\/purecosmetics-shop.com\\\/accueil\\\/nouveautes\\\/\"},{\"@type\":\"ListItem\",\"position\":3,\"name\":\"Lip Sleeping Mask EX Berry\"}]},{\"@type\":\"WebSite\",\"@id\":\"https:\\\/\\\/purecosmetics-shop.com\\\/accueil\\\/#website\",\"url\":\"https:\\\/\\\/purecosmetics-shop.com\\\/accueil\\\/\",\"name\":\"Pure Cosmetics\",\"description\":\"Skincare cor\u00e9enne et japonais\",\"publisher\":{\"@id\":\"https:\\\/\\\/purecosmetics-shop.com\\\/accueil\\\/#organization\"},\"potentialAction\":[{\"@type\":\"SearchAction\",\"target\":{\"@type\":\"EntryPoint\",\"urlTemplate\":\"https:\\\/\\\/purecosmetics-shop.com\\\/accueil\\\/?s={search_term_string}\"},\"query-input\":{\"@type\":\"PropertyValueSpecification\",\"valueRequired\":true,\"valueName\":\"search_term_string\"}}],\"inLanguage\":\"fr-FR\"},{\"@type\":\"Organization\",\"@id\":\"https:\\\/\\\/purecosmetics-shop.com\\\/accueil\\\/#organization\",\"name\":\"Pure Cosmetics\",\"url\":\"https:\\\/\\\/purecosmetics-shop.com\\\/accueil\\\/\",\"logo\":{\"@type\":\"ImageObject\",\"inLanguage\":\"fr-FR\",\"@id\":\"https:\\\/\\\/purecosmetics-shop.com\\\/accueil\\\/#\\\/schema\\\/logo\\\/image\\\/\",\"url\":\"https:\\\/\\\/purecosmetics-shop.com\\\/wp-content\\\/uploads\\\/2025\\\/04\\\/cropped-Pure-Cosmetics-black-2.png\",\"contentUrl\":\"https:\\\/\\\/purecosmetics-shop.com\\\/wp-content\\\/uploads\\\/2025\\\/04\\\/cropped-Pure-Cosmetics-black-2.png\",\"width\":2362,\"height\":2324,\"caption\":\"Pure Cosmetics\"},\"image\":{\"@id\":\"https:\\\/\\\/purecosmetics-shop.com\\\/accueil\\\/#\\\/schema\\\/logo\\\/image\\\/\"}}]}<\/script>\n<!-- \/ Yoast SEO plugin. -->","yoast_head_json":{"title":"Lip Sleeping Mask EX Berry - Pure Cosmetics","robots":{"index":"index","follow":"follow","max-snippet":"max-snippet:-1","max-image-preview":"max-image-preview:large","max-video-preview":"max-video-preview:-1"},"canonical":"https:\/\/purecosmetics-shop.com\/accueil\/produit\/laneige-lip-sleeping-mask-ex-berry\/","og_locale":"fr_FR","og_type":"article","og_title":"Lip Sleeping Mask EX Berry - Pure Cosmetics","og_description":"Le masque \u00e0 l\u00e8vre riche en vitamine C, contenant des extraits de framboise, de fraise, de canneberge et de myrtille, efface les peaux mortes s\u00e8ches et squameuses des l\u00e8vres pendant la nuit pour obtenir des l\u00e8vres lisses et souples le lendemain matin.","og_url":"https:\/\/purecosmetics-shop.com\/accueil\/produit\/laneige-lip-sleeping-mask-ex-berry\/","og_site_name":"Pure Cosmetics","article_modified_time":"2026-04-16T08:08:11+00:00","og_image":[{"width":2000,"height":2000,"url":"https:\/\/purecosmetics-shop.com\/wp-content\/uploads\/2024\/10\/laneige-lip-sleeping-mask-berry.jpg","type":"image\/jpeg"}],"twitter_card":"summary_large_image","twitter_misc":{"Dur\u00e9e de lecture estim\u00e9e":"1 minute"},"schema":{"@context":"https:\/\/schema.org","@graph":[{"@type":"WebPage","@id":"https:\/\/purecosmetics-shop.com\/accueil\/produit\/laneige-lip-sleeping-mask-ex-berry\/","url":"https:\/\/purecosmetics-shop.com\/accueil\/produit\/laneige-lip-sleeping-mask-ex-berry\/","name":"Lip Sleeping Mask EX Berry - Pure Cosmetics","isPartOf":{"@id":"https:\/\/purecosmetics-shop.com\/accueil\/#website"},"primaryImageOfPage":{"@id":"https:\/\/purecosmetics-shop.com\/accueil\/produit\/laneige-lip-sleeping-mask-ex-berry\/#primaryimage"},"image":{"@id":"https:\/\/purecosmetics-shop.com\/accueil\/produit\/laneige-lip-sleeping-mask-ex-berry\/#primaryimage"},"thumbnailUrl":"https:\/\/purecosmetics-shop.com\/wp-content\/uploads\/2024\/10\/laneige-lip-sleeping-mask-berry.jpg","datePublished":"2024-10-16T17:12:51+00:00","dateModified":"2026-04-16T08:08:11+00:00","breadcrumb":{"@id":"https:\/\/purecosmetics-shop.com\/accueil\/produit\/laneige-lip-sleeping-mask-ex-berry\/#breadcrumb"},"inLanguage":"fr-FR","potentialAction":[{"@type":"ReadAction","target":["https:\/\/purecosmetics-shop.com\/accueil\/produit\/laneige-lip-sleeping-mask-ex-berry\/"]}]},{"@type":"ImageObject","inLanguage":"fr-FR","@id":"https:\/\/purecosmetics-shop.com\/accueil\/produit\/laneige-lip-sleeping-mask-ex-berry\/#primaryimage","url":"https:\/\/purecosmetics-shop.com\/wp-content\/uploads\/2024\/10\/laneige-lip-sleeping-mask-berry.jpg","contentUrl":"https:\/\/purecosmetics-shop.com\/wp-content\/uploads\/2024\/10\/laneige-lip-sleeping-mask-berry.jpg","width":2000,"height":2000,"caption":"LANEIGE LIP SLEEPIN MASK BERRY"},{"@type":"BreadcrumbList","@id":"https:\/\/purecosmetics-shop.com\/accueil\/produit\/laneige-lip-sleeping-mask-ex-berry\/#breadcrumb","itemListElement":[{"@type":"ListItem","position":1,"name":"Accueil","item":"https:\/\/purecosmetics-shop.com\/accueil\/"},{"@type":"ListItem","position":2,"name":"NOUVEAUT\u00c9S","item":"https:\/\/purecosmetics-shop.com\/accueil\/nouveautes\/"},{"@type":"ListItem","position":3,"name":"Lip Sleeping Mask EX Berry"}]},{"@type":"WebSite","@id":"https:\/\/purecosmetics-shop.com\/accueil\/#website","url":"https:\/\/purecosmetics-shop.com\/accueil\/","name":"Pure Cosmetics","description":"Skincare cor\u00e9enne et japonais","publisher":{"@id":"https:\/\/purecosmetics-shop.com\/accueil\/#organization"},"potentialAction":[{"@type":"SearchAction","target":{"@type":"EntryPoint","urlTemplate":"https:\/\/purecosmetics-shop.com\/accueil\/?s={search_term_string}"},"query-input":{"@type":"PropertyValueSpecification","valueRequired":true,"valueName":"search_term_string"}}],"inLanguage":"fr-FR"},{"@type":"Organization","@id":"https:\/\/purecosmetics-shop.com\/accueil\/#organization","name":"Pure Cosmetics","url":"https:\/\/purecosmetics-shop.com\/accueil\/","logo":{"@type":"ImageObject","inLanguage":"fr-FR","@id":"https:\/\/purecosmetics-shop.com\/accueil\/#\/schema\/logo\/image\/","url":"https:\/\/purecosmetics-shop.com\/wp-content\/uploads\/2025\/04\/cropped-Pure-Cosmetics-black-2.png","contentUrl":"https:\/\/purecosmetics-shop.com\/wp-content\/uploads\/2025\/04\/cropped-Pure-Cosmetics-black-2.png","width":2362,"height":2324,"caption":"Pure Cosmetics"},"image":{"@id":"https:\/\/purecosmetics-shop.com\/accueil\/#\/schema\/logo\/image\/"}}]}},"jetpack_sharing_enabled":true,"_links":{"self":[{"href":"https:\/\/purecosmetics-shop.com\/accueil\/wp-json\/wp\/v2\/product\/1317","targetHints":{"allow":["GET"]}}],"collection":[{"href":"https:\/\/purecosmetics-shop.com\/accueil\/wp-json\/wp\/v2\/product"}],"about":[{"href":"https:\/\/purecosmetics-shop.com\/accueil\/wp-json\/wp\/v2\/types\/product"}],"replies":[{"embeddable":true,"href":"https:\/\/purecosmetics-shop.com\/accueil\/wp-json\/wp\/v2\/comments?post=1317"}],"version-history":[{"count":3,"href":"https:\/\/purecosmetics-shop.com\/accueil\/wp-json\/wp\/v2\/product\/1317\/revisions"}],"predecessor-version":[{"id":2647,"href":"https:\/\/purecosmetics-shop.com\/accueil\/wp-json\/wp\/v2\/product\/1317\/revisions\/2647"}],"wp:featuredmedia":[{"embeddable":true,"href":"https:\/\/purecosmetics-shop.com\/accueil\/wp-json\/wp\/v2\/media\/3929"}],"wp:attachment":[{"href":"https:\/\/purecosmetics-shop.com\/accueil\/wp-json\/wp\/v2\/media?parent=1317"}],"wp:term":[{"taxonomy":"product_brand","embeddable":true,"href":"https:\/\/purecosmetics-shop.com\/accueil\/wp-json\/wp\/v2\/product_brand?post=1317"},{"taxonomy":"product_cat","embeddable":true,"href":"https:\/\/purecosmetics-shop.com\/accueil\/wp-json\/wp\/v2\/product_cat?post=1317"},{"taxonomy":"product_tag","embeddable":true,"href":"https:\/\/purecosmetics-shop.com\/accueil\/wp-json\/wp\/v2\/product_tag?post=1317"}],"curies":[{"name":"wp","href":"https:\/\/api.w.org\/{rel}","templated":true}]}}