{"id":1312,"date":"2024-10-16T13:12:49","date_gmt":"2024-10-16T17:12:49","guid":{"rendered":"https:\/\/purecosmetics-shop.com\/accueil\/produit\/beauty-of-joseon-red-bean-water-gel\/"},"modified":"2026-04-16T12:46:37","modified_gmt":"2026-04-16T16:46:37","slug":"beauty-of-joseon-red-bean-water-gel","status":"publish","type":"product","link":"https:\/\/purecosmetics-shop.com\/accueil\/produit\/beauty-of-joseon-red-bean-water-gel\/","title":{"rendered":"Red Bean Water Gel"},"content":{"rendered":"<p>D\u00e9couvrez la cr\u00e8me hydratante sp\u00e9cialement con\u00e7ue pour les peaux grasses. Avec sa texture gel l\u00e9g\u00e8re, elle hydrate efficacement la peau tout en r\u00e9duisant la sensation de gras. Sa formulation unique aide \u00e0 garder votre peau fra\u00eeche et \u00e9quilibr\u00e9e.<\/p>\n<p>Cette cr\u00e8me est enrichie de 44% d\u2019extrait de haricot rouge, un actif reconnu pour sa capacit\u00e9 \u00e0 absorber le s\u00e9bum. De plus, elle contient trois types de peptides qui contribuent \u00e0 att\u00e9nuer l&rsquo;apparence des rides, laissant votre peau plus lisse et revitalis\u00e9e.<\/p>\n<p>La cr\u00e8me p\u00e9n\u00e8tre rapidement, apportant une d\u00e9licate sensation de fra\u00eecheur. Elle est id\u00e9ale pour un usage quotidien, offrant une hydratation optimale sans alourdir votre peau. Offrez \u00e0 votre visage le traitement qu&rsquo;il m\u00e9rite avec cette cr\u00e8me hydratante performante.<\/p>\n","protected":false},"excerpt":{"rendered":"<p>Cr\u00e8me hydratante sp\u00e9cialement con\u00e7ue pour les peaux grasses. Sa texture gel l\u00e9g\u00e8re hydrate la peau tout en r\u00e9duisant la sensation de gras. Il est formul\u00e9 avec 44% d\u2019extrait de haricot rouge, connu pour aider \u00e0 absorber le s\u00e9bum. Il contient \u00e9galement 3 types de peptides pour att\u00e9nuer les rides.<\/p>\n<p>Cette cr\u00e8me hydratante p\u00e9n\u00e8tre dans la peau avec une d\u00e9licate sensation de fra\u00eecheur.<\/p>\n","protected":false},"featured_media":3905,"comment_status":"open","ping_status":"closed","template":"","meta":[],"product_brand":[147],"product_cat":[25,112,115,116],"product_tag":[],"class_list":{"0":"post-1312","1":"product","2":"type-product","3":"status-publish","4":"has-post-thumbnail","6":"product_brand-beauty-of-joseon","7":"product_cat-creme-visage","8":"product_cat-hydratation","9":"product_cat-peau-grasse","10":"product_cat-peau-mixte","12":"first","13":"instock","14":"shipping-taxable","15":"purchasable","16":"product-type-simple"},"yoast_head":"<!-- This site is optimized with the Yoast SEO plugin v27.4 - https:\/\/yoast.com\/product\/yoast-seo-wordpress\/ -->\n<title>Red Bean Water Gel - Pure Cosmetics<\/title>\n<meta name=\"robots\" content=\"index, follow, max-snippet:-1, max-image-preview:large, max-video-preview:-1\" \/>\n<link rel=\"canonical\" href=\"https:\/\/purecosmetics-shop.com\/accueil\/produit\/beauty-of-joseon-red-bean-water-gel\/\" \/>\n<meta property=\"og:locale\" content=\"fr_FR\" \/>\n<meta property=\"og:type\" content=\"article\" \/>\n<meta property=\"og:title\" content=\"Red Bean Water Gel - Pure Cosmetics\" \/>\n<meta property=\"og:description\" content=\"Cr\u00e8me hydratante sp\u00e9cialement con\u00e7ue pour les peaux grasses. Sa texture gel l\u00e9g\u00e8re hydrate la peau tout en r\u00e9duisant la sensation de gras. Il est formul\u00e9 avec 44% d\u2019extrait de haricot rouge, connu pour aider \u00e0 absorber le s\u00e9bum. Il contient \u00e9galement 3 types de peptides pour att\u00e9nuer les rides.  Cette cr\u00e8me hydratante p\u00e9n\u00e8tre dans la peau avec une d\u00e9licate sensation de fra\u00eecheur.\" \/>\n<meta property=\"og:url\" content=\"https:\/\/purecosmetics-shop.com\/accueil\/produit\/beauty-of-joseon-red-bean-water-gel\/\" \/>\n<meta property=\"og:site_name\" content=\"Pure Cosmetics\" \/>\n<meta property=\"article:modified_time\" content=\"2026-04-16T16:46:37+00:00\" \/>\n<meta property=\"og:image\" content=\"https:\/\/purecosmetics-shop.com\/wp-content\/uploads\/2024\/10\/Beauty-of-Joseon-Red-Bean-Water-Gel.webp\" \/>\n\t<meta property=\"og:image:width\" content=\"800\" \/>\n\t<meta property=\"og:image:height\" content=\"800\" \/>\n\t<meta property=\"og:image:type\" content=\"image\/webp\" \/>\n<meta name=\"twitter:card\" content=\"summary_large_image\" \/>\n<meta name=\"twitter:label1\" content=\"Dur\u00e9e de lecture estim\u00e9e\" \/>\n\t<meta name=\"twitter:data1\" content=\"1 minute\" \/>\n<script type=\"application\/ld+json\" class=\"yoast-schema-graph\">{\"@context\":\"https:\\\/\\\/schema.org\",\"@graph\":[{\"@type\":\"WebPage\",\"@id\":\"https:\\\/\\\/purecosmetics-shop.com\\\/accueil\\\/produit\\\/beauty-of-joseon-red-bean-water-gel\\\/\",\"url\":\"https:\\\/\\\/purecosmetics-shop.com\\\/accueil\\\/produit\\\/beauty-of-joseon-red-bean-water-gel\\\/\",\"name\":\"Red Bean Water Gel - Pure Cosmetics\",\"isPartOf\":{\"@id\":\"https:\\\/\\\/purecosmetics-shop.com\\\/accueil\\\/#website\"},\"primaryImageOfPage\":{\"@id\":\"https:\\\/\\\/purecosmetics-shop.com\\\/accueil\\\/produit\\\/beauty-of-joseon-red-bean-water-gel\\\/#primaryimage\"},\"image\":{\"@id\":\"https:\\\/\\\/purecosmetics-shop.com\\\/accueil\\\/produit\\\/beauty-of-joseon-red-bean-water-gel\\\/#primaryimage\"},\"thumbnailUrl\":\"https:\\\/\\\/purecosmetics-shop.com\\\/wp-content\\\/uploads\\\/2024\\\/10\\\/Beauty-of-Joseon-Red-Bean-Water-Gel.webp\",\"datePublished\":\"2024-10-16T17:12:49+00:00\",\"dateModified\":\"2026-04-16T16:46:37+00:00\",\"breadcrumb\":{\"@id\":\"https:\\\/\\\/purecosmetics-shop.com\\\/accueil\\\/produit\\\/beauty-of-joseon-red-bean-water-gel\\\/#breadcrumb\"},\"inLanguage\":\"fr-FR\",\"potentialAction\":[{\"@type\":\"ReadAction\",\"target\":[\"https:\\\/\\\/purecosmetics-shop.com\\\/accueil\\\/produit\\\/beauty-of-joseon-red-bean-water-gel\\\/\"]}]},{\"@type\":\"ImageObject\",\"inLanguage\":\"fr-FR\",\"@id\":\"https:\\\/\\\/purecosmetics-shop.com\\\/accueil\\\/produit\\\/beauty-of-joseon-red-bean-water-gel\\\/#primaryimage\",\"url\":\"https:\\\/\\\/purecosmetics-shop.com\\\/wp-content\\\/uploads\\\/2024\\\/10\\\/Beauty-of-Joseon-Red-Bean-Water-Gel.webp\",\"contentUrl\":\"https:\\\/\\\/purecosmetics-shop.com\\\/wp-content\\\/uploads\\\/2024\\\/10\\\/Beauty-of-Joseon-Red-Bean-Water-Gel.webp\",\"width\":800,\"height\":800,\"caption\":\"Beauty of Joseon Red Bean Water Gel\"},{\"@type\":\"BreadcrumbList\",\"@id\":\"https:\\\/\\\/purecosmetics-shop.com\\\/accueil\\\/produit\\\/beauty-of-joseon-red-bean-water-gel\\\/#breadcrumb\",\"itemListElement\":[{\"@type\":\"ListItem\",\"position\":1,\"name\":\"Accueil\",\"item\":\"https:\\\/\\\/purecosmetics-shop.com\\\/accueil\\\/\"},{\"@type\":\"ListItem\",\"position\":2,\"name\":\"NOUVEAUT\u00c9S\",\"item\":\"https:\\\/\\\/purecosmetics-shop.com\\\/accueil\\\/nouveautes\\\/\"},{\"@type\":\"ListItem\",\"position\":3,\"name\":\"Red Bean Water Gel\"}]},{\"@type\":\"WebSite\",\"@id\":\"https:\\\/\\\/purecosmetics-shop.com\\\/accueil\\\/#website\",\"url\":\"https:\\\/\\\/purecosmetics-shop.com\\\/accueil\\\/\",\"name\":\"Pure Cosmetics\",\"description\":\"Skincare cor\u00e9enne et japonais\",\"publisher\":{\"@id\":\"https:\\\/\\\/purecosmetics-shop.com\\\/accueil\\\/#organization\"},\"potentialAction\":[{\"@type\":\"SearchAction\",\"target\":{\"@type\":\"EntryPoint\",\"urlTemplate\":\"https:\\\/\\\/purecosmetics-shop.com\\\/accueil\\\/?s={search_term_string}\"},\"query-input\":{\"@type\":\"PropertyValueSpecification\",\"valueRequired\":true,\"valueName\":\"search_term_string\"}}],\"inLanguage\":\"fr-FR\"},{\"@type\":\"Organization\",\"@id\":\"https:\\\/\\\/purecosmetics-shop.com\\\/accueil\\\/#organization\",\"name\":\"Pure Cosmetics\",\"url\":\"https:\\\/\\\/purecosmetics-shop.com\\\/accueil\\\/\",\"logo\":{\"@type\":\"ImageObject\",\"inLanguage\":\"fr-FR\",\"@id\":\"https:\\\/\\\/purecosmetics-shop.com\\\/accueil\\\/#\\\/schema\\\/logo\\\/image\\\/\",\"url\":\"https:\\\/\\\/purecosmetics-shop.com\\\/wp-content\\\/uploads\\\/2025\\\/04\\\/cropped-Pure-Cosmetics-black-2.png\",\"contentUrl\":\"https:\\\/\\\/purecosmetics-shop.com\\\/wp-content\\\/uploads\\\/2025\\\/04\\\/cropped-Pure-Cosmetics-black-2.png\",\"width\":2362,\"height\":2324,\"caption\":\"Pure Cosmetics\"},\"image\":{\"@id\":\"https:\\\/\\\/purecosmetics-shop.com\\\/accueil\\\/#\\\/schema\\\/logo\\\/image\\\/\"}}]}<\/script>\n<!-- \/ Yoast SEO plugin. -->","yoast_head_json":{"title":"Red Bean Water Gel - Pure Cosmetics","robots":{"index":"index","follow":"follow","max-snippet":"max-snippet:-1","max-image-preview":"max-image-preview:large","max-video-preview":"max-video-preview:-1"},"canonical":"https:\/\/purecosmetics-shop.com\/accueil\/produit\/beauty-of-joseon-red-bean-water-gel\/","og_locale":"fr_FR","og_type":"article","og_title":"Red Bean Water Gel - Pure Cosmetics","og_description":"Cr\u00e8me hydratante sp\u00e9cialement con\u00e7ue pour les peaux grasses. Sa texture gel l\u00e9g\u00e8re hydrate la peau tout en r\u00e9duisant la sensation de gras. Il est formul\u00e9 avec 44% d\u2019extrait de haricot rouge, connu pour aider \u00e0 absorber le s\u00e9bum. Il contient \u00e9galement 3 types de peptides pour att\u00e9nuer les rides.  Cette cr\u00e8me hydratante p\u00e9n\u00e8tre dans la peau avec une d\u00e9licate sensation de fra\u00eecheur.","og_url":"https:\/\/purecosmetics-shop.com\/accueil\/produit\/beauty-of-joseon-red-bean-water-gel\/","og_site_name":"Pure Cosmetics","article_modified_time":"2026-04-16T16:46:37+00:00","og_image":[{"width":800,"height":800,"url":"https:\/\/purecosmetics-shop.com\/wp-content\/uploads\/2024\/10\/Beauty-of-Joseon-Red-Bean-Water-Gel.webp","type":"image\/webp"}],"twitter_card":"summary_large_image","twitter_misc":{"Dur\u00e9e de lecture estim\u00e9e":"1 minute"},"schema":{"@context":"https:\/\/schema.org","@graph":[{"@type":"WebPage","@id":"https:\/\/purecosmetics-shop.com\/accueil\/produit\/beauty-of-joseon-red-bean-water-gel\/","url":"https:\/\/purecosmetics-shop.com\/accueil\/produit\/beauty-of-joseon-red-bean-water-gel\/","name":"Red Bean Water Gel - Pure Cosmetics","isPartOf":{"@id":"https:\/\/purecosmetics-shop.com\/accueil\/#website"},"primaryImageOfPage":{"@id":"https:\/\/purecosmetics-shop.com\/accueil\/produit\/beauty-of-joseon-red-bean-water-gel\/#primaryimage"},"image":{"@id":"https:\/\/purecosmetics-shop.com\/accueil\/produit\/beauty-of-joseon-red-bean-water-gel\/#primaryimage"},"thumbnailUrl":"https:\/\/purecosmetics-shop.com\/wp-content\/uploads\/2024\/10\/Beauty-of-Joseon-Red-Bean-Water-Gel.webp","datePublished":"2024-10-16T17:12:49+00:00","dateModified":"2026-04-16T16:46:37+00:00","breadcrumb":{"@id":"https:\/\/purecosmetics-shop.com\/accueil\/produit\/beauty-of-joseon-red-bean-water-gel\/#breadcrumb"},"inLanguage":"fr-FR","potentialAction":[{"@type":"ReadAction","target":["https:\/\/purecosmetics-shop.com\/accueil\/produit\/beauty-of-joseon-red-bean-water-gel\/"]}]},{"@type":"ImageObject","inLanguage":"fr-FR","@id":"https:\/\/purecosmetics-shop.com\/accueil\/produit\/beauty-of-joseon-red-bean-water-gel\/#primaryimage","url":"https:\/\/purecosmetics-shop.com\/wp-content\/uploads\/2024\/10\/Beauty-of-Joseon-Red-Bean-Water-Gel.webp","contentUrl":"https:\/\/purecosmetics-shop.com\/wp-content\/uploads\/2024\/10\/Beauty-of-Joseon-Red-Bean-Water-Gel.webp","width":800,"height":800,"caption":"Beauty of Joseon Red Bean Water Gel"},{"@type":"BreadcrumbList","@id":"https:\/\/purecosmetics-shop.com\/accueil\/produit\/beauty-of-joseon-red-bean-water-gel\/#breadcrumb","itemListElement":[{"@type":"ListItem","position":1,"name":"Accueil","item":"https:\/\/purecosmetics-shop.com\/accueil\/"},{"@type":"ListItem","position":2,"name":"NOUVEAUT\u00c9S","item":"https:\/\/purecosmetics-shop.com\/accueil\/nouveautes\/"},{"@type":"ListItem","position":3,"name":"Red Bean Water Gel"}]},{"@type":"WebSite","@id":"https:\/\/purecosmetics-shop.com\/accueil\/#website","url":"https:\/\/purecosmetics-shop.com\/accueil\/","name":"Pure Cosmetics","description":"Skincare cor\u00e9enne et japonais","publisher":{"@id":"https:\/\/purecosmetics-shop.com\/accueil\/#organization"},"potentialAction":[{"@type":"SearchAction","target":{"@type":"EntryPoint","urlTemplate":"https:\/\/purecosmetics-shop.com\/accueil\/?s={search_term_string}"},"query-input":{"@type":"PropertyValueSpecification","valueRequired":true,"valueName":"search_term_string"}}],"inLanguage":"fr-FR"},{"@type":"Organization","@id":"https:\/\/purecosmetics-shop.com\/accueil\/#organization","name":"Pure Cosmetics","url":"https:\/\/purecosmetics-shop.com\/accueil\/","logo":{"@type":"ImageObject","inLanguage":"fr-FR","@id":"https:\/\/purecosmetics-shop.com\/accueil\/#\/schema\/logo\/image\/","url":"https:\/\/purecosmetics-shop.com\/wp-content\/uploads\/2025\/04\/cropped-Pure-Cosmetics-black-2.png","contentUrl":"https:\/\/purecosmetics-shop.com\/wp-content\/uploads\/2025\/04\/cropped-Pure-Cosmetics-black-2.png","width":2362,"height":2324,"caption":"Pure Cosmetics"},"image":{"@id":"https:\/\/purecosmetics-shop.com\/accueil\/#\/schema\/logo\/image\/"}}]}},"jetpack_sharing_enabled":true,"_links":{"self":[{"href":"https:\/\/purecosmetics-shop.com\/accueil\/wp-json\/wp\/v2\/product\/1312","targetHints":{"allow":["GET"]}}],"collection":[{"href":"https:\/\/purecosmetics-shop.com\/accueil\/wp-json\/wp\/v2\/product"}],"about":[{"href":"https:\/\/purecosmetics-shop.com\/accueil\/wp-json\/wp\/v2\/types\/product"}],"replies":[{"embeddable":true,"href":"https:\/\/purecosmetics-shop.com\/accueil\/wp-json\/wp\/v2\/comments?post=1312"}],"version-history":[{"count":3,"href":"https:\/\/purecosmetics-shop.com\/accueil\/wp-json\/wp\/v2\/product\/1312\/revisions"}],"predecessor-version":[{"id":1513,"href":"https:\/\/purecosmetics-shop.com\/accueil\/wp-json\/wp\/v2\/product\/1312\/revisions\/1513"}],"wp:featuredmedia":[{"embeddable":true,"href":"https:\/\/purecosmetics-shop.com\/accueil\/wp-json\/wp\/v2\/media\/3905"}],"wp:attachment":[{"href":"https:\/\/purecosmetics-shop.com\/accueil\/wp-json\/wp\/v2\/media?parent=1312"}],"wp:term":[{"taxonomy":"product_brand","embeddable":true,"href":"https:\/\/purecosmetics-shop.com\/accueil\/wp-json\/wp\/v2\/product_brand?post=1312"},{"taxonomy":"product_cat","embeddable":true,"href":"https:\/\/purecosmetics-shop.com\/accueil\/wp-json\/wp\/v2\/product_cat?post=1312"},{"taxonomy":"product_tag","embeddable":true,"href":"https:\/\/purecosmetics-shop.com\/accueil\/wp-json\/wp\/v2\/product_tag?post=1312"}],"curies":[{"name":"wp","href":"https:\/\/api.w.org\/{rel}","templated":true}]}}