{"id":1304,"date":"2024-10-16T13:12:47","date_gmt":"2024-10-16T17:12:47","guid":{"rendered":"https:\/\/purecosmetics-shop.com\/accueil\/produit\/abib-collagen-eye-patch-jericho-rose-jelly\/"},"modified":"2026-04-09T13:34:31","modified_gmt":"2026-04-09T17:34:31","slug":"abib-collagen-eye-patch-jericho-rose-jelly","status":"publish","type":"product","link":"https:\/\/purecosmetics-shop.com\/accueil\/produit\/abib-collagen-eye-patch-jericho-rose-jelly\/","title":{"rendered":"Collagen eye patch Jericho rose jelly"},"content":{"rendered":"<h2>Restaurez l&rsquo;\u00e9lasticit\u00e9 avec les patchs au collag\u00e8ne<\/h2>\n<p>Les patchs contour des yeux au collag\u00e8ne sont sp\u00e9cialement con\u00e7us pour un soin quotidien de votre peau. Gr\u00e2ce \u00e0 leur formule antid\u00e9rapante, ils s&rsquo;adaptent parfaitement \u00e0 votre visage, vous permettant de vous concentrer sur votre routine tout en profitant des bienfaits du collag\u00e8ne.<\/p>\n<h2>R\u00e9duisez les poches et les rides facilement<\/h2>\n<p>Utilisez-les le matin pour traiter les poches et le soir pour lutter contre les ridules et rides. Ces patchs agissent efficacement pour am\u00e9liorer l&rsquo;apparence de votre regard, offrant un c\u00f4t\u00e9 pratique qui s&rsquo;adapte \u00e0 tous les types de peau, y compris les peaux sensibles.<\/p>\n<h2>Un soin vegan pour tous<\/h2>\n<p>Fid\u00e8les \u00e0 l&rsquo;\u00e9thique vegan, ces patchs contour sont id\u00e9aux pour ceux qui recherchent un produit respectueux de l&rsquo;environnement. Offrez \u00e0 votre peau le soin qu&rsquo;elle m\u00e9rite avec ces dispositifs simples et rapides \u00e0 utiliser.<\/p>\n","protected":false},"excerpt":{"rendered":"<p>Patch contour des yeux au collag\u00e8ne, id\u00e9al\u00a0pour l&rsquo;\u00e9lasticit\u00e9 de la peau<br \/>\nAide \u00e0 r\u00e9duire les poches le matin et \u00e0 traiter les ridules et rides le soir.<br \/>\nSoin quotidien facile et rapide, adapt\u00e9 \u00e0 tous les types de peau, y compris les peaux sensibles.<\/p>\n","protected":false},"featured_media":1386,"comment_status":"open","ping_status":"closed","template":"","meta":[],"product_brand":[174],"product_cat":[107,110,111,112,115,116,117,118,119,22],"product_tag":[],"class_list":{"0":"post-1304","1":"product","2":"type-product","3":"status-publish","4":"has-post-thumbnail","6":"product_brand-abib","7":"product_cat-anti-age-et-elasticite","8":"product_cat-anti-tache-et-hyperpigmentation","9":"product_cat-cernes-et-poches","10":"product_cat-hydratation","11":"product_cat-peau-grasse","12":"product_cat-peau-mixte","13":"product_cat-peau-normale","14":"product_cat-peau-seche","15":"product_cat-peau-sensible","16":"product_cat-yeux","18":"first","19":"outofstock","20":"shipping-taxable","21":"purchasable","22":"product-type-simple"},"yoast_head":"<!-- This site is optimized with the Yoast SEO plugin v27.4 - https:\/\/yoast.com\/product\/yoast-seo-wordpress\/ -->\n<title>Collagen eye patch Jericho rose jelly - Pure Cosmetics<\/title>\n<meta name=\"robots\" content=\"index, follow, max-snippet:-1, max-image-preview:large, max-video-preview:-1\" \/>\n<link rel=\"canonical\" href=\"https:\/\/purecosmetics-shop.com\/accueil\/produit\/abib-collagen-eye-patch-jericho-rose-jelly\/\" \/>\n<meta property=\"og:locale\" content=\"fr_FR\" \/>\n<meta property=\"og:type\" content=\"article\" \/>\n<meta property=\"og:title\" content=\"Collagen eye patch Jericho rose jelly - Pure Cosmetics\" \/>\n<meta property=\"og:description\" content=\"Patch contour des yeux au collag\u00e8ne, id\u00e9al\u00a0pour l&#039;\u00e9lasticit\u00e9 de la peau Aide \u00e0 r\u00e9duire les poches le matin et \u00e0 traiter les ridules et rides le soir. Soin quotidien facile et rapide, adapt\u00e9 \u00e0 tous les types de peau, y compris les peaux sensibles.\" \/>\n<meta property=\"og:url\" content=\"https:\/\/purecosmetics-shop.com\/accueil\/produit\/abib-collagen-eye-patch-jericho-rose-jelly\/\" \/>\n<meta property=\"og:site_name\" content=\"Pure Cosmetics\" \/>\n<meta property=\"article:modified_time\" content=\"2026-04-09T17:34:31+00:00\" \/>\n<meta property=\"og:image\" content=\"https:\/\/purecosmetics-shop.com\/wp-content\/uploads\/2024\/10\/Abib.webp\" \/>\n\t<meta property=\"og:image:width\" content=\"1000\" \/>\n\t<meta property=\"og:image:height\" content=\"1000\" \/>\n\t<meta property=\"og:image:type\" content=\"image\/webp\" \/>\n<meta name=\"twitter:card\" content=\"summary_large_image\" \/>\n<meta name=\"twitter:label1\" content=\"Dur\u00e9e de lecture estim\u00e9e\" \/>\n\t<meta name=\"twitter:data1\" content=\"1 minute\" \/>\n<script type=\"application\/ld+json\" class=\"yoast-schema-graph\">{\"@context\":\"https:\\\/\\\/schema.org\",\"@graph\":[{\"@type\":\"WebPage\",\"@id\":\"https:\\\/\\\/purecosmetics-shop.com\\\/accueil\\\/produit\\\/abib-collagen-eye-patch-jericho-rose-jelly\\\/\",\"url\":\"https:\\\/\\\/purecosmetics-shop.com\\\/accueil\\\/produit\\\/abib-collagen-eye-patch-jericho-rose-jelly\\\/\",\"name\":\"Collagen eye patch Jericho rose jelly - Pure Cosmetics\",\"isPartOf\":{\"@id\":\"https:\\\/\\\/purecosmetics-shop.com\\\/accueil\\\/#website\"},\"primaryImageOfPage\":{\"@id\":\"https:\\\/\\\/purecosmetics-shop.com\\\/accueil\\\/produit\\\/abib-collagen-eye-patch-jericho-rose-jelly\\\/#primaryimage\"},\"image\":{\"@id\":\"https:\\\/\\\/purecosmetics-shop.com\\\/accueil\\\/produit\\\/abib-collagen-eye-patch-jericho-rose-jelly\\\/#primaryimage\"},\"thumbnailUrl\":\"https:\\\/\\\/purecosmetics-shop.com\\\/wp-content\\\/uploads\\\/2024\\\/10\\\/Abib.webp\",\"datePublished\":\"2024-10-16T17:12:47+00:00\",\"dateModified\":\"2026-04-09T17:34:31+00:00\",\"breadcrumb\":{\"@id\":\"https:\\\/\\\/purecosmetics-shop.com\\\/accueil\\\/produit\\\/abib-collagen-eye-patch-jericho-rose-jelly\\\/#breadcrumb\"},\"inLanguage\":\"fr-FR\",\"potentialAction\":[{\"@type\":\"ReadAction\",\"target\":[\"https:\\\/\\\/purecosmetics-shop.com\\\/accueil\\\/produit\\\/abib-collagen-eye-patch-jericho-rose-jelly\\\/\"]}]},{\"@type\":\"ImageObject\",\"inLanguage\":\"fr-FR\",\"@id\":\"https:\\\/\\\/purecosmetics-shop.com\\\/accueil\\\/produit\\\/abib-collagen-eye-patch-jericho-rose-jelly\\\/#primaryimage\",\"url\":\"https:\\\/\\\/purecosmetics-shop.com\\\/wp-content\\\/uploads\\\/2024\\\/10\\\/Abib.webp\",\"contentUrl\":\"https:\\\/\\\/purecosmetics-shop.com\\\/wp-content\\\/uploads\\\/2024\\\/10\\\/Abib.webp\",\"width\":1000,\"height\":1000},{\"@type\":\"BreadcrumbList\",\"@id\":\"https:\\\/\\\/purecosmetics-shop.com\\\/accueil\\\/produit\\\/abib-collagen-eye-patch-jericho-rose-jelly\\\/#breadcrumb\",\"itemListElement\":[{\"@type\":\"ListItem\",\"position\":1,\"name\":\"Accueil\",\"item\":\"https:\\\/\\\/purecosmetics-shop.com\\\/accueil\\\/\"},{\"@type\":\"ListItem\",\"position\":2,\"name\":\"NOUVEAUT\u00c9S\",\"item\":\"https:\\\/\\\/purecosmetics-shop.com\\\/accueil\\\/nouveautes\\\/\"},{\"@type\":\"ListItem\",\"position\":3,\"name\":\"Collagen eye patch Jericho rose jelly\"}]},{\"@type\":\"WebSite\",\"@id\":\"https:\\\/\\\/purecosmetics-shop.com\\\/accueil\\\/#website\",\"url\":\"https:\\\/\\\/purecosmetics-shop.com\\\/accueil\\\/\",\"name\":\"Pure Cosmetics\",\"description\":\"Skincare cor\u00e9enne et japonais\",\"publisher\":{\"@id\":\"https:\\\/\\\/purecosmetics-shop.com\\\/accueil\\\/#organization\"},\"potentialAction\":[{\"@type\":\"SearchAction\",\"target\":{\"@type\":\"EntryPoint\",\"urlTemplate\":\"https:\\\/\\\/purecosmetics-shop.com\\\/accueil\\\/?s={search_term_string}\"},\"query-input\":{\"@type\":\"PropertyValueSpecification\",\"valueRequired\":true,\"valueName\":\"search_term_string\"}}],\"inLanguage\":\"fr-FR\"},{\"@type\":\"Organization\",\"@id\":\"https:\\\/\\\/purecosmetics-shop.com\\\/accueil\\\/#organization\",\"name\":\"Pure Cosmetics\",\"url\":\"https:\\\/\\\/purecosmetics-shop.com\\\/accueil\\\/\",\"logo\":{\"@type\":\"ImageObject\",\"inLanguage\":\"fr-FR\",\"@id\":\"https:\\\/\\\/purecosmetics-shop.com\\\/accueil\\\/#\\\/schema\\\/logo\\\/image\\\/\",\"url\":\"https:\\\/\\\/purecosmetics-shop.com\\\/wp-content\\\/uploads\\\/2025\\\/04\\\/cropped-Pure-Cosmetics-black-2.png\",\"contentUrl\":\"https:\\\/\\\/purecosmetics-shop.com\\\/wp-content\\\/uploads\\\/2025\\\/04\\\/cropped-Pure-Cosmetics-black-2.png\",\"width\":2362,\"height\":2324,\"caption\":\"Pure Cosmetics\"},\"image\":{\"@id\":\"https:\\\/\\\/purecosmetics-shop.com\\\/accueil\\\/#\\\/schema\\\/logo\\\/image\\\/\"}}]}<\/script>\n<!-- \/ Yoast SEO plugin. -->","yoast_head_json":{"title":"Collagen eye patch Jericho rose jelly - Pure Cosmetics","robots":{"index":"index","follow":"follow","max-snippet":"max-snippet:-1","max-image-preview":"max-image-preview:large","max-video-preview":"max-video-preview:-1"},"canonical":"https:\/\/purecosmetics-shop.com\/accueil\/produit\/abib-collagen-eye-patch-jericho-rose-jelly\/","og_locale":"fr_FR","og_type":"article","og_title":"Collagen eye patch Jericho rose jelly - Pure Cosmetics","og_description":"Patch contour des yeux au collag\u00e8ne, id\u00e9al\u00a0pour l'\u00e9lasticit\u00e9 de la peau Aide \u00e0 r\u00e9duire les poches le matin et \u00e0 traiter les ridules et rides le soir. Soin quotidien facile et rapide, adapt\u00e9 \u00e0 tous les types de peau, y compris les peaux sensibles.","og_url":"https:\/\/purecosmetics-shop.com\/accueil\/produit\/abib-collagen-eye-patch-jericho-rose-jelly\/","og_site_name":"Pure Cosmetics","article_modified_time":"2026-04-09T17:34:31+00:00","og_image":[{"width":1000,"height":1000,"url":"https:\/\/purecosmetics-shop.com\/wp-content\/uploads\/2024\/10\/Abib.webp","type":"image\/webp"}],"twitter_card":"summary_large_image","twitter_misc":{"Dur\u00e9e de lecture estim\u00e9e":"1 minute"},"schema":{"@context":"https:\/\/schema.org","@graph":[{"@type":"WebPage","@id":"https:\/\/purecosmetics-shop.com\/accueil\/produit\/abib-collagen-eye-patch-jericho-rose-jelly\/","url":"https:\/\/purecosmetics-shop.com\/accueil\/produit\/abib-collagen-eye-patch-jericho-rose-jelly\/","name":"Collagen eye patch Jericho rose jelly - Pure Cosmetics","isPartOf":{"@id":"https:\/\/purecosmetics-shop.com\/accueil\/#website"},"primaryImageOfPage":{"@id":"https:\/\/purecosmetics-shop.com\/accueil\/produit\/abib-collagen-eye-patch-jericho-rose-jelly\/#primaryimage"},"image":{"@id":"https:\/\/purecosmetics-shop.com\/accueil\/produit\/abib-collagen-eye-patch-jericho-rose-jelly\/#primaryimage"},"thumbnailUrl":"https:\/\/purecosmetics-shop.com\/wp-content\/uploads\/2024\/10\/Abib.webp","datePublished":"2024-10-16T17:12:47+00:00","dateModified":"2026-04-09T17:34:31+00:00","breadcrumb":{"@id":"https:\/\/purecosmetics-shop.com\/accueil\/produit\/abib-collagen-eye-patch-jericho-rose-jelly\/#breadcrumb"},"inLanguage":"fr-FR","potentialAction":[{"@type":"ReadAction","target":["https:\/\/purecosmetics-shop.com\/accueil\/produit\/abib-collagen-eye-patch-jericho-rose-jelly\/"]}]},{"@type":"ImageObject","inLanguage":"fr-FR","@id":"https:\/\/purecosmetics-shop.com\/accueil\/produit\/abib-collagen-eye-patch-jericho-rose-jelly\/#primaryimage","url":"https:\/\/purecosmetics-shop.com\/wp-content\/uploads\/2024\/10\/Abib.webp","contentUrl":"https:\/\/purecosmetics-shop.com\/wp-content\/uploads\/2024\/10\/Abib.webp","width":1000,"height":1000},{"@type":"BreadcrumbList","@id":"https:\/\/purecosmetics-shop.com\/accueil\/produit\/abib-collagen-eye-patch-jericho-rose-jelly\/#breadcrumb","itemListElement":[{"@type":"ListItem","position":1,"name":"Accueil","item":"https:\/\/purecosmetics-shop.com\/accueil\/"},{"@type":"ListItem","position":2,"name":"NOUVEAUT\u00c9S","item":"https:\/\/purecosmetics-shop.com\/accueil\/nouveautes\/"},{"@type":"ListItem","position":3,"name":"Collagen eye patch Jericho rose jelly"}]},{"@type":"WebSite","@id":"https:\/\/purecosmetics-shop.com\/accueil\/#website","url":"https:\/\/purecosmetics-shop.com\/accueil\/","name":"Pure Cosmetics","description":"Skincare cor\u00e9enne et japonais","publisher":{"@id":"https:\/\/purecosmetics-shop.com\/accueil\/#organization"},"potentialAction":[{"@type":"SearchAction","target":{"@type":"EntryPoint","urlTemplate":"https:\/\/purecosmetics-shop.com\/accueil\/?s={search_term_string}"},"query-input":{"@type":"PropertyValueSpecification","valueRequired":true,"valueName":"search_term_string"}}],"inLanguage":"fr-FR"},{"@type":"Organization","@id":"https:\/\/purecosmetics-shop.com\/accueil\/#organization","name":"Pure Cosmetics","url":"https:\/\/purecosmetics-shop.com\/accueil\/","logo":{"@type":"ImageObject","inLanguage":"fr-FR","@id":"https:\/\/purecosmetics-shop.com\/accueil\/#\/schema\/logo\/image\/","url":"https:\/\/purecosmetics-shop.com\/wp-content\/uploads\/2025\/04\/cropped-Pure-Cosmetics-black-2.png","contentUrl":"https:\/\/purecosmetics-shop.com\/wp-content\/uploads\/2025\/04\/cropped-Pure-Cosmetics-black-2.png","width":2362,"height":2324,"caption":"Pure Cosmetics"},"image":{"@id":"https:\/\/purecosmetics-shop.com\/accueil\/#\/schema\/logo\/image\/"}}]}},"jetpack_sharing_enabled":true,"_links":{"self":[{"href":"https:\/\/purecosmetics-shop.com\/accueil\/wp-json\/wp\/v2\/product\/1304","targetHints":{"allow":["GET"]}}],"collection":[{"href":"https:\/\/purecosmetics-shop.com\/accueil\/wp-json\/wp\/v2\/product"}],"about":[{"href":"https:\/\/purecosmetics-shop.com\/accueil\/wp-json\/wp\/v2\/types\/product"}],"replies":[{"embeddable":true,"href":"https:\/\/purecosmetics-shop.com\/accueil\/wp-json\/wp\/v2\/comments?post=1304"}],"version-history":[{"count":5,"href":"https:\/\/purecosmetics-shop.com\/accueil\/wp-json\/wp\/v2\/product\/1304\/revisions"}],"predecessor-version":[{"id":2660,"href":"https:\/\/purecosmetics-shop.com\/accueil\/wp-json\/wp\/v2\/product\/1304\/revisions\/2660"}],"wp:featuredmedia":[{"embeddable":true,"href":"https:\/\/purecosmetics-shop.com\/accueil\/wp-json\/wp\/v2\/media\/1386"}],"wp:attachment":[{"href":"https:\/\/purecosmetics-shop.com\/accueil\/wp-json\/wp\/v2\/media?parent=1304"}],"wp:term":[{"taxonomy":"product_brand","embeddable":true,"href":"https:\/\/purecosmetics-shop.com\/accueil\/wp-json\/wp\/v2\/product_brand?post=1304"},{"taxonomy":"product_cat","embeddable":true,"href":"https:\/\/purecosmetics-shop.com\/accueil\/wp-json\/wp\/v2\/product_cat?post=1304"},{"taxonomy":"product_tag","embeddable":true,"href":"https:\/\/purecosmetics-shop.com\/accueil\/wp-json\/wp\/v2\/product_tag?post=1304"}],"curies":[{"name":"wp","href":"https:\/\/api.w.org\/{rel}","templated":true}]}}