{"id":1299,"date":"2024-10-16T13:12:46","date_gmt":"2024-10-16T17:12:46","guid":{"rendered":"https:\/\/purecosmetics-shop.com\/accueil\/produit\/vt-cosmetics-vt-reedle-shot-300\/"},"modified":"2026-04-16T05:04:48","modified_gmt":"2026-04-16T09:04:48","slug":"vt-cosmetics-vt-reedle-shot-300","status":"publish","type":"product","link":"https:\/\/purecosmetics-shop.com\/accueil\/produit\/vt-cosmetics-vt-reedle-shot-300\/","title":{"rendered":"VT Reedle shot 300"},"content":{"rendered":"<p>SOIN INTENSIF TOUS LES 3 JOURS : Humide et rapidement absorb\u00e9, REEDLE SHOT d\u00e9livre efficacement des ingr\u00e9dients actifs pour am\u00e9liorer la texture de la peau.<\/p>\n<p>CICA REEDLE est compos\u00e9 de silice, un min\u00e9ral naturel. Il stimule doucement la peau pour favoriser l&rsquo;absorption des ingr\u00e9dients actifs des produits de soin de la peau VT.<\/p>\n<p>La sensation de picotement est un ph\u00e9nom\u00e8ne naturel qui se produit lorsque le produit p\u00e9n\u00e8tre dans la peau.<\/p>\n<p>L&rsquo;extrait de Centella Asiatica, l&rsquo;acide hyaluronique triple, le complexe Centella 4X et l&rsquo;extrait de propolis verte sont particuli\u00e8rement efficaces pour apaiser et hydrater.<\/p>\n<p>REEDLE SHOT peut \u00eatre utilis\u00e9 par tous les types de peau, mais il est particuli\u00e8rement recommand\u00e9 \u00e0 ceux qui souhaitent absorber correctement les ingr\u00e9dients des produits de soin de la peau dans leur peau, ou simplement \u00e9liminer les cellules mortes de la peau avec une simple routine de soin quotidienne, ou \u00e0 ceux qui utilisent une vari\u00e9t\u00e9 de produits de soin de la peau mais ne ressentent pas la diff\u00e9rence.<\/p>\n<p>ATTENTION : Si vous \u00eates allergique ou avez des probl\u00e8mes de peau, testez une zone localis\u00e9e avant utilisation. Il n&rsquo;est pas recommand\u00e9 de l&rsquo;utiliser avec un appareil de soin de la peau car cela peut provoquer une grave irritation cutan\u00e9e. Les consommateurs sensibles aux irritations cutan\u00e9es doivent s&rsquo;abstenir de l&rsquo;utiliser. N&rsquo;utilisez pas le produit sur des zones enflamm\u00e9es ou bless\u00e9es.<\/p>\n","protected":false},"excerpt":{"rendered":"<p>REEDLE SHOT d\u00e9livre efficacement des ingr\u00e9dients actifs pour am\u00e9liorer la texture de la peau.<\/p>\n<p>REEDLE SHOT 300 contient une concentration plus \u00e9lev\u00e9e de CICA REEEDLE, d\u00e9livrant les ingr\u00e9dients actifs du produit \u00e0 un niveau plus \u00e9lev\u00e9.<\/p>\n","protected":false},"featured_media":1953,"comment_status":"open","ping_status":"closed","template":"","meta":[],"product_brand":[145],"product_cat":[108,114,115,21],"product_tag":[],"class_list":{"0":"post-1299","1":"product","2":"type-product","3":"status-publish","4":"has-post-thumbnail","6":"product_brand-vt-cosmetics","7":"product_cat-anti-imperfections-et-pores","8":"product_cat-peau-granuleuse","9":"product_cat-peau-grasse","10":"product_cat-serum","12":"first","13":"instock","14":"shipping-taxable","15":"purchasable","16":"product-type-simple"},"yoast_head":"<!-- This site is optimized with the Yoast SEO plugin v27.4 - https:\/\/yoast.com\/product\/yoast-seo-wordpress\/ -->\n<title>VT Reedle shot 300 - Pure Cosmetics<\/title>\n<meta name=\"robots\" content=\"index, follow, max-snippet:-1, max-image-preview:large, max-video-preview:-1\" \/>\n<link rel=\"canonical\" href=\"https:\/\/purecosmetics-shop.com\/accueil\/produit\/vt-cosmetics-vt-reedle-shot-300\/\" \/>\n<meta property=\"og:locale\" content=\"fr_FR\" \/>\n<meta property=\"og:type\" content=\"article\" \/>\n<meta property=\"og:title\" content=\"VT Reedle shot 300 - Pure Cosmetics\" \/>\n<meta property=\"og:description\" content=\"REEDLE SHOT d\u00e9livre efficacement des ingr\u00e9dients actifs pour am\u00e9liorer la texture de la peau.  REEDLE SHOT 300 contient une concentration plus \u00e9lev\u00e9e de CICA REEEDLE, d\u00e9livrant les ingr\u00e9dients actifs du produit \u00e0 un niveau plus \u00e9lev\u00e9.\" \/>\n<meta property=\"og:url\" content=\"https:\/\/purecosmetics-shop.com\/accueil\/produit\/vt-cosmetics-vt-reedle-shot-300\/\" \/>\n<meta property=\"og:site_name\" content=\"Pure Cosmetics\" \/>\n<meta property=\"article:modified_time\" content=\"2026-04-16T09:04:48+00:00\" \/>\n<meta property=\"og:image\" content=\"https:\/\/purecosmetics-shop.com\/wp-content\/uploads\/2024\/10\/VT-REEDLE-SHOT-300.jpg\" \/>\n\t<meta property=\"og:image:width\" content=\"1200\" \/>\n\t<meta property=\"og:image:height\" content=\"1200\" \/>\n\t<meta property=\"og:image:type\" content=\"image\/jpeg\" \/>\n<meta name=\"twitter:card\" content=\"summary_large_image\" \/>\n<meta name=\"twitter:label1\" content=\"Dur\u00e9e de lecture estim\u00e9e\" \/>\n\t<meta name=\"twitter:data1\" content=\"2 minutes\" \/>\n<script type=\"application\/ld+json\" class=\"yoast-schema-graph\">{\"@context\":\"https:\\\/\\\/schema.org\",\"@graph\":[{\"@type\":\"WebPage\",\"@id\":\"https:\\\/\\\/purecosmetics-shop.com\\\/accueil\\\/produit\\\/vt-cosmetics-vt-reedle-shot-300\\\/\",\"url\":\"https:\\\/\\\/purecosmetics-shop.com\\\/accueil\\\/produit\\\/vt-cosmetics-vt-reedle-shot-300\\\/\",\"name\":\"VT Reedle shot 300 - Pure Cosmetics\",\"isPartOf\":{\"@id\":\"https:\\\/\\\/purecosmetics-shop.com\\\/accueil\\\/#website\"},\"primaryImageOfPage\":{\"@id\":\"https:\\\/\\\/purecosmetics-shop.com\\\/accueil\\\/produit\\\/vt-cosmetics-vt-reedle-shot-300\\\/#primaryimage\"},\"image\":{\"@id\":\"https:\\\/\\\/purecosmetics-shop.com\\\/accueil\\\/produit\\\/vt-cosmetics-vt-reedle-shot-300\\\/#primaryimage\"},\"thumbnailUrl\":\"https:\\\/\\\/purecosmetics-shop.com\\\/wp-content\\\/uploads\\\/2024\\\/10\\\/VT-REEDLE-SHOT-300.jpg\",\"datePublished\":\"2024-10-16T17:12:46+00:00\",\"dateModified\":\"2026-04-16T09:04:48+00:00\",\"breadcrumb\":{\"@id\":\"https:\\\/\\\/purecosmetics-shop.com\\\/accueil\\\/produit\\\/vt-cosmetics-vt-reedle-shot-300\\\/#breadcrumb\"},\"inLanguage\":\"fr-FR\",\"potentialAction\":[{\"@type\":\"ReadAction\",\"target\":[\"https:\\\/\\\/purecosmetics-shop.com\\\/accueil\\\/produit\\\/vt-cosmetics-vt-reedle-shot-300\\\/\"]}]},{\"@type\":\"ImageObject\",\"inLanguage\":\"fr-FR\",\"@id\":\"https:\\\/\\\/purecosmetics-shop.com\\\/accueil\\\/produit\\\/vt-cosmetics-vt-reedle-shot-300\\\/#primaryimage\",\"url\":\"https:\\\/\\\/purecosmetics-shop.com\\\/wp-content\\\/uploads\\\/2024\\\/10\\\/VT-REEDLE-SHOT-300.jpg\",\"contentUrl\":\"https:\\\/\\\/purecosmetics-shop.com\\\/wp-content\\\/uploads\\\/2024\\\/10\\\/VT-REEDLE-SHOT-300.jpg\",\"width\":1200,\"height\":1200},{\"@type\":\"BreadcrumbList\",\"@id\":\"https:\\\/\\\/purecosmetics-shop.com\\\/accueil\\\/produit\\\/vt-cosmetics-vt-reedle-shot-300\\\/#breadcrumb\",\"itemListElement\":[{\"@type\":\"ListItem\",\"position\":1,\"name\":\"Accueil\",\"item\":\"https:\\\/\\\/purecosmetics-shop.com\\\/accueil\\\/\"},{\"@type\":\"ListItem\",\"position\":2,\"name\":\"NOUVEAUT\u00c9S\",\"item\":\"https:\\\/\\\/purecosmetics-shop.com\\\/accueil\\\/nouveautes\\\/\"},{\"@type\":\"ListItem\",\"position\":3,\"name\":\"VT Reedle shot 300\"}]},{\"@type\":\"WebSite\",\"@id\":\"https:\\\/\\\/purecosmetics-shop.com\\\/accueil\\\/#website\",\"url\":\"https:\\\/\\\/purecosmetics-shop.com\\\/accueil\\\/\",\"name\":\"Pure Cosmetics\",\"description\":\"Skincare cor\u00e9enne et japonais\",\"publisher\":{\"@id\":\"https:\\\/\\\/purecosmetics-shop.com\\\/accueil\\\/#organization\"},\"potentialAction\":[{\"@type\":\"SearchAction\",\"target\":{\"@type\":\"EntryPoint\",\"urlTemplate\":\"https:\\\/\\\/purecosmetics-shop.com\\\/accueil\\\/?s={search_term_string}\"},\"query-input\":{\"@type\":\"PropertyValueSpecification\",\"valueRequired\":true,\"valueName\":\"search_term_string\"}}],\"inLanguage\":\"fr-FR\"},{\"@type\":\"Organization\",\"@id\":\"https:\\\/\\\/purecosmetics-shop.com\\\/accueil\\\/#organization\",\"name\":\"Pure Cosmetics\",\"url\":\"https:\\\/\\\/purecosmetics-shop.com\\\/accueil\\\/\",\"logo\":{\"@type\":\"ImageObject\",\"inLanguage\":\"fr-FR\",\"@id\":\"https:\\\/\\\/purecosmetics-shop.com\\\/accueil\\\/#\\\/schema\\\/logo\\\/image\\\/\",\"url\":\"https:\\\/\\\/purecosmetics-shop.com\\\/wp-content\\\/uploads\\\/2025\\\/04\\\/cropped-Pure-Cosmetics-black-2.png\",\"contentUrl\":\"https:\\\/\\\/purecosmetics-shop.com\\\/wp-content\\\/uploads\\\/2025\\\/04\\\/cropped-Pure-Cosmetics-black-2.png\",\"width\":2362,\"height\":2324,\"caption\":\"Pure Cosmetics\"},\"image\":{\"@id\":\"https:\\\/\\\/purecosmetics-shop.com\\\/accueil\\\/#\\\/schema\\\/logo\\\/image\\\/\"}}]}<\/script>\n<!-- \/ Yoast SEO plugin. -->","yoast_head_json":{"title":"VT Reedle shot 300 - Pure Cosmetics","robots":{"index":"index","follow":"follow","max-snippet":"max-snippet:-1","max-image-preview":"max-image-preview:large","max-video-preview":"max-video-preview:-1"},"canonical":"https:\/\/purecosmetics-shop.com\/accueil\/produit\/vt-cosmetics-vt-reedle-shot-300\/","og_locale":"fr_FR","og_type":"article","og_title":"VT Reedle shot 300 - Pure Cosmetics","og_description":"REEDLE SHOT d\u00e9livre efficacement des ingr\u00e9dients actifs pour am\u00e9liorer la texture de la peau.  REEDLE SHOT 300 contient une concentration plus \u00e9lev\u00e9e de CICA REEEDLE, d\u00e9livrant les ingr\u00e9dients actifs du produit \u00e0 un niveau plus \u00e9lev\u00e9.","og_url":"https:\/\/purecosmetics-shop.com\/accueil\/produit\/vt-cosmetics-vt-reedle-shot-300\/","og_site_name":"Pure Cosmetics","article_modified_time":"2026-04-16T09:04:48+00:00","og_image":[{"width":1200,"height":1200,"url":"https:\/\/purecosmetics-shop.com\/wp-content\/uploads\/2024\/10\/VT-REEDLE-SHOT-300.jpg","type":"image\/jpeg"}],"twitter_card":"summary_large_image","twitter_misc":{"Dur\u00e9e de lecture estim\u00e9e":"2 minutes"},"schema":{"@context":"https:\/\/schema.org","@graph":[{"@type":"WebPage","@id":"https:\/\/purecosmetics-shop.com\/accueil\/produit\/vt-cosmetics-vt-reedle-shot-300\/","url":"https:\/\/purecosmetics-shop.com\/accueil\/produit\/vt-cosmetics-vt-reedle-shot-300\/","name":"VT Reedle shot 300 - Pure Cosmetics","isPartOf":{"@id":"https:\/\/purecosmetics-shop.com\/accueil\/#website"},"primaryImageOfPage":{"@id":"https:\/\/purecosmetics-shop.com\/accueil\/produit\/vt-cosmetics-vt-reedle-shot-300\/#primaryimage"},"image":{"@id":"https:\/\/purecosmetics-shop.com\/accueil\/produit\/vt-cosmetics-vt-reedle-shot-300\/#primaryimage"},"thumbnailUrl":"https:\/\/purecosmetics-shop.com\/wp-content\/uploads\/2024\/10\/VT-REEDLE-SHOT-300.jpg","datePublished":"2024-10-16T17:12:46+00:00","dateModified":"2026-04-16T09:04:48+00:00","breadcrumb":{"@id":"https:\/\/purecosmetics-shop.com\/accueil\/produit\/vt-cosmetics-vt-reedle-shot-300\/#breadcrumb"},"inLanguage":"fr-FR","potentialAction":[{"@type":"ReadAction","target":["https:\/\/purecosmetics-shop.com\/accueil\/produit\/vt-cosmetics-vt-reedle-shot-300\/"]}]},{"@type":"ImageObject","inLanguage":"fr-FR","@id":"https:\/\/purecosmetics-shop.com\/accueil\/produit\/vt-cosmetics-vt-reedle-shot-300\/#primaryimage","url":"https:\/\/purecosmetics-shop.com\/wp-content\/uploads\/2024\/10\/VT-REEDLE-SHOT-300.jpg","contentUrl":"https:\/\/purecosmetics-shop.com\/wp-content\/uploads\/2024\/10\/VT-REEDLE-SHOT-300.jpg","width":1200,"height":1200},{"@type":"BreadcrumbList","@id":"https:\/\/purecosmetics-shop.com\/accueil\/produit\/vt-cosmetics-vt-reedle-shot-300\/#breadcrumb","itemListElement":[{"@type":"ListItem","position":1,"name":"Accueil","item":"https:\/\/purecosmetics-shop.com\/accueil\/"},{"@type":"ListItem","position":2,"name":"NOUVEAUT\u00c9S","item":"https:\/\/purecosmetics-shop.com\/accueil\/nouveautes\/"},{"@type":"ListItem","position":3,"name":"VT Reedle shot 300"}]},{"@type":"WebSite","@id":"https:\/\/purecosmetics-shop.com\/accueil\/#website","url":"https:\/\/purecosmetics-shop.com\/accueil\/","name":"Pure Cosmetics","description":"Skincare cor\u00e9enne et japonais","publisher":{"@id":"https:\/\/purecosmetics-shop.com\/accueil\/#organization"},"potentialAction":[{"@type":"SearchAction","target":{"@type":"EntryPoint","urlTemplate":"https:\/\/purecosmetics-shop.com\/accueil\/?s={search_term_string}"},"query-input":{"@type":"PropertyValueSpecification","valueRequired":true,"valueName":"search_term_string"}}],"inLanguage":"fr-FR"},{"@type":"Organization","@id":"https:\/\/purecosmetics-shop.com\/accueil\/#organization","name":"Pure Cosmetics","url":"https:\/\/purecosmetics-shop.com\/accueil\/","logo":{"@type":"ImageObject","inLanguage":"fr-FR","@id":"https:\/\/purecosmetics-shop.com\/accueil\/#\/schema\/logo\/image\/","url":"https:\/\/purecosmetics-shop.com\/wp-content\/uploads\/2025\/04\/cropped-Pure-Cosmetics-black-2.png","contentUrl":"https:\/\/purecosmetics-shop.com\/wp-content\/uploads\/2025\/04\/cropped-Pure-Cosmetics-black-2.png","width":2362,"height":2324,"caption":"Pure Cosmetics"},"image":{"@id":"https:\/\/purecosmetics-shop.com\/accueil\/#\/schema\/logo\/image\/"}}]}},"jetpack_sharing_enabled":true,"_links":{"self":[{"href":"https:\/\/purecosmetics-shop.com\/accueil\/wp-json\/wp\/v2\/product\/1299","targetHints":{"allow":["GET"]}}],"collection":[{"href":"https:\/\/purecosmetics-shop.com\/accueil\/wp-json\/wp\/v2\/product"}],"about":[{"href":"https:\/\/purecosmetics-shop.com\/accueil\/wp-json\/wp\/v2\/types\/product"}],"replies":[{"embeddable":true,"href":"https:\/\/purecosmetics-shop.com\/accueil\/wp-json\/wp\/v2\/comments?post=1299"}],"version-history":[{"count":3,"href":"https:\/\/purecosmetics-shop.com\/accueil\/wp-json\/wp\/v2\/product\/1299\/revisions"}],"predecessor-version":[{"id":1955,"href":"https:\/\/purecosmetics-shop.com\/accueil\/wp-json\/wp\/v2\/product\/1299\/revisions\/1955"}],"wp:featuredmedia":[{"embeddable":true,"href":"https:\/\/purecosmetics-shop.com\/accueil\/wp-json\/wp\/v2\/media\/1953"}],"wp:attachment":[{"href":"https:\/\/purecosmetics-shop.com\/accueil\/wp-json\/wp\/v2\/media?parent=1299"}],"wp:term":[{"taxonomy":"product_brand","embeddable":true,"href":"https:\/\/purecosmetics-shop.com\/accueil\/wp-json\/wp\/v2\/product_brand?post=1299"},{"taxonomy":"product_cat","embeddable":true,"href":"https:\/\/purecosmetics-shop.com\/accueil\/wp-json\/wp\/v2\/product_cat?post=1299"},{"taxonomy":"product_tag","embeddable":true,"href":"https:\/\/purecosmetics-shop.com\/accueil\/wp-json\/wp\/v2\/product_tag?post=1299"}],"curies":[{"name":"wp","href":"https:\/\/api.w.org\/{rel}","templated":true}]}}